{"id":9701,"date":"2021-01-08T09:52:04","date_gmt":"2021-01-08T08:52:04","guid":{"rendered":"https:\/\/www.austriacult.roma.it\/?post_type=tribe_events&#038;p=9701"},"modified":"2021-02-11T16:04:18","modified_gmt":"2021-02-11T15:04:18","slug":"il-campo-di-concentramento-di-mauthausen-e-i-suoi-prigionieri-italiani-intervista-al-presidente-dario-venegoni-associazione-nazionale-ex-deportati-nei-campi-nazisti","status":"publish","type":"tribe_events","link":"https:\/\/www.austriacult.roma.it\/de\/veranstaltung\/il-campo-di-concentramento-di-mauthausen-e-i-suoi-prigionieri-italiani-intervista-al-presidente-dario-venegoni-associazione-nazionale-ex-deportati-nei-campi-nazisti\/","title":{"rendered":"Das KZ Mauthausen und die italienischen H\u00e4ftlinge Interview mit Dario Venegoni (ANED)"},"content":{"rendered":"<p><\/p>\n<p>Mauthausen war das gr\u00f6\u00dfte NS-Konzentrationslager auf dem Boden des heutigen \u00d6sterreich. Von den etwa 190.000 Gefangenen in Mauthausen und seinen \u00fcber 40 Nebenlagern kamen zwischen 1938 und 1945 mindestens 90.000 ums Leben. Unter ihnen waren viele Italiener. Im Gedenken an die Opfer der NS-Vernichtungsindustrie beleuchtet ANED-Pr\u00e4sident <strong>Dario Venegoni<\/strong> im Gespr\u00e4ch mit \u00d6KF-Direktor <strong>Georg Schnetzer<\/strong> dieses grauenvolle Kapitel der Geschichte des Nationalsozialismus.<\/p>\n<p><iframe loading=\"lazy\" title=\"IL CAMPO DI CONCENTRAMENTO MAUTHAUSEN - Intervista a Dario Venegoni (ANED)\" width=\"1170\" height=\"658\" src=\"https:\/\/www.youtube.com\/embed\/A9rbLEgREIE?feature=oembed\" frameborder=\"0\" allow=\"accelerometer; autoplay; clipboard-write; encrypted-media; gyroscope; picture-in-picture\" allowfullscreen><\/iframe><\/p>\n<p>&nbsp;<\/p>\n<p>&nbsp;<\/p>\n<p>&nbsp;<\/p>\n<p><\/p>","protected":false},"excerpt":{"rendered":"<\/p>\n<p>Mauthausen war das gr\u00f6\u00dfte NS-Konzentrationslager auf dem Boden des heutigen \u00d6sterreich. Von den etwa 190.000 Gefangenen in Mauthausen und seinen \u00fcber 40 Nebenlagern kamen zwischen 1938 und 1945 mindestens 90.000 ums Leben. Unter ihnen waren viele Italiener. Im Gedenken an die Opfer der NS-Vernichtungsindustrie beleuchtet ANED-Pr\u00e4sident Dario Venegoni im Gespr\u00e4ch mit \u00d6KF-Direktor Georg Schnetzer dieses grauenvolle Kapitel der Geschichte des Nationalsozialismus.<\/p>\n<\/p>\n<p>&nbsp;<\/p>\n<p>&nbsp;<\/p>\n<p>&nbsp;<\/p><\/p>\n","protected":false},"author":2,"featured_media":9713,"comment_status":"closed","ping_status":"closed","template":"","meta":{"footnotes":""},"tags":[],"tribe_events_cat":[],"class_list":["post-9701","tribe_events","type-tribe_events","status-publish","has-post-thumbnail","hentry"],"_links":{"self":[{"href":"https:\/\/www.austriacult.roma.it\/de\/wp-json\/wp\/v2\/tribe_events\/9701","targetHints":{"allow":["GET"]}}],"collection":[{"href":"https:\/\/www.austriacult.roma.it\/de\/wp-json\/wp\/v2\/tribe_events"}],"about":[{"href":"https:\/\/www.austriacult.roma.it\/de\/wp-json\/wp\/v2\/types\/tribe_events"}],"author":[{"embeddable":true,"href":"https:\/\/www.austriacult.roma.it\/de\/wp-json\/wp\/v2\/users\/2"}],"replies":[{"embeddable":true,"href":"https:\/\/www.austriacult.roma.it\/de\/wp-json\/wp\/v2\/comments?post=9701"}],"version-history":[{"count":0,"href":"https:\/\/www.austriacult.roma.it\/de\/wp-json\/wp\/v2\/tribe_events\/9701\/revisions"}],"wp:featuredmedia":[{"embeddable":true,"href":"https:\/\/www.austriacult.roma.it\/de\/wp-json\/wp\/v2\/media\/9713"}],"wp:attachment":[{"href":"https:\/\/www.austriacult.roma.it\/de\/wp-json\/wp\/v2\/media?parent=9701"}],"wp:term":[{"taxonomy":"post_tag","embeddable":true,"href":"https:\/\/www.austriacult.roma.it\/de\/wp-json\/wp\/v2\/tags?post=9701"},{"taxonomy":"tribe_events_cat","embeddable":true,"href":"https:\/\/www.austriacult.roma.it\/de\/wp-json\/wp\/v2\/tribe_events_cat?post=9701"}],"curies":[{"name":"wp","href":"https:\/\/api.w.org\/{rel}","templated":true}]}}

Das KZ Mauthausen und die italienischen Häftlinge Interview mit Dario Venegoni (ANED)

<p></p>
<p>Mauthausen war das größte NS-Konzentrationslager auf dem Boden des heutigen Österreich. Von den etwa 190.000 Gefangenen in Mauthausen und seinen über 40 Nebenlagern kamen zwischen 1938 und 1945 mindestens 90.000 ums Leben. Unter ihnen waren viele Italiener. Im Gedenken an die Opfer der NS-Vernichtungsindustrie beleuchtet ANED-Präsident <strong>Dario Venegoni</strong> im Gespräch mit ÖKF-Direktor <strong>Georg Schnetzer</strong> dieses grauenvolle Kapitel der Geschichte des Nationalsozialismus.</p>
<p><iframe loading="lazy" title="IL CAMPO DI CONCENTRAMENTO MAUTHAUSEN - Intervista a Dario Venegoni (ANED)" width="1170" height="658" src="https://www.youtube.com/embed/A9rbLEgREIE?feature=oembed" frameborder="0" allow="accelerometer; autoplay; clipboard-write; encrypted-media; gyroscope; picture-in-picture" allowfullscreen></iframe></p>
<p>&nbsp;</p>
<p>&nbsp;</p>
<p>&nbsp;</p>
<p></p>

</p>
<p>Mauthausen war das größte NS-Konzentrationslager auf dem Boden des heutigen Österreich. Von den etwa 190.000 Gefangenen in Mauthausen und seinen über 40 Nebenlagern kamen zwischen 1938 und 1945 mindestens 90.000 ums Leben. Unter ihnen waren viele Italiener. Im Gedenken an die Opfer der NS-Vernichtungsindustrie beleuchtet ANED-Präsident Dario Venegoni im Gespräch mit ÖKF-Direktor Georg Schnetzer dieses grauenvolle Kapitel der Geschichte des Nationalsozialismus.</p>
</p>
<p>&nbsp;</p>
<p>&nbsp;</p>
<p>&nbsp;</p></p>
