{"id":860,"date":"2014-02-21T15:56:32","date_gmt":"2014-02-21T14:56:32","guid":{"rendered":"http:\/\/web.austriacult.roma.it\/de\/?post_type=tribe_events&#038;p=860"},"modified":"2019-09-04T12:44:18","modified_gmt":"2019-09-04T10:44:18","slug":"una-serata-di-lieder-con-la-pianista-austriaca-katharina-landl-e-il-soprano-tedesco-sarah-behrendt","status":"publish","type":"tribe_events","link":"https:\/\/www.austriacult.roma.it\/de\/veranstaltung\/una-serata-di-lieder-con-la-pianista-austriaca-katharina-landl-e-il-soprano-tedesco-sarah-behrendt\/","title":{"rendered":"Una serata di Lieder con la pianista austriaca Katharina Landl e il soprano tedesco Sarah Behrendt"},"content":{"rendered":"<p><\/p>\n<p>Con l\u2019evento <strong>Conosci il paese\u2026 un viaggio dalla Germania verso l\u2019Italia la pianista austriaca Katharina Landl si esibir\u00e0 insieme al soprano tedesco Sarah Behrendt <\/strong>per una serata dedicata al dialogo tra <strong>tradizione liederistica italiana e tedesca<\/strong>.<\/p>\n<p>Cosa definisce un Lied e in cosa si distingue da un\u2019aria? Esistono esempi d\u2019ibridazione tra i due generi? Queste le riflessioni alla base del programma che presenter\u00e0, tra gli altri, <strong>opere di J.Brahms, R.Schumann, R.Strauss, G.Rossini, G.Verdi e V.Bellini<\/strong>.<br \/>\n\u00a0<br \/>\n<strong>Per maggiori informazioni:<\/strong><br \/>\n<a href=\"http:\/\/new.austriacult.roma.it\/wp-content\/uploads\/2014\/02\/flyer.pdf\">cliccare qui<\/a><br \/>\n\u00a0<br \/>\n<strong>Katharina Landl<\/strong><br \/>\nNata a Reith im Alpbachtal, Austria, Katharina Landl ha ricevuto la sua prima lezione di pianoforte all\u2018et\u00e0 di cinque anni. La pianista ha cominciato a studiare presso il Conservatorio del Tirolo con Muriel Chemin e Shao-Yin Huang per continuare presso l\u2019Universit\u00e0 della Musica di Friburgo con Gilead Mishory.<br \/>\nBen presto la Landl scopre la passione per il Lied e nel 2004 prende parte al 1\u00b0 Liedforum Berlinese continuando ad approfondire la tecnica con masterclass di Wolfram Rieger, Thomas Quasthoff, Justus Zeyen, Charles Spencer e Irwin Gage.<br \/>\nNell\u2019estate 2005 vince con il mezzosoprano Carolina Bruck-Santos il premio per il miglior duo liederistico \u201cJuventudes musicales de Espa\u00f1a\u201d. La pianista si \u00e8 esibita in Germania, Austria, Polonia, Svizzera, Liechtenstein, Francia, Italia e Spagna ed \u00e8 stata invitata al \u201cPalacio de Bellas Artes\u201d di Citt\u00e0 del Messico.<br \/>\nNel 2012 la Landl ha vinto con il mezzosoprano Diana Haller il primo premio del concorso internazionale Hugo Wolf di Stoccarda.<br \/>\nTra le altre cose la pianista si \u00e8 esibita per televisione e radio con SWR, Deutschlandradio Kultur, 3sat, RAI, Radio Cl\u00e1sica de Espa\u00f1a, Radio Cl\u00e1sica Mexico ed altre ancora.<\/p>\n<p><strong>Sarah Behrendt<\/strong><br \/>\nIl soprano Sarah Behrendt vive dal 2002 a Berlino, dove ha studiato musicologia.<br \/>\nNel 2004 ha iniziato lo studio del canto e della musica per teatro presso l\u2019Universit\u00e0 delle Arti di Berlino, concludendo con successo gli studi nel 2010. La cantante ha studiato con Anna Korondi, Robert Gambill, Axel Bauni, Sayali Dadas e Wolfram Rieger.<br \/>\nLa Behrendt si \u00e8 esibita in diversi ruoli, recentemente ha collaborato con il Santa Cecilia Opera Studio di Roma con Renata Scotto, con lo Staatstheater di Cottbus nell\u2019opera \u201cF\u00fcrst P\u00fccklers Utopia\u201c di Christoph Klimke (regia: Johann Kresnik), e nella produzione \u201cJohannes Passion\u201c presso il duomo di Berlino (regia: Christoph Hagel).<br \/>\nIl soprano si \u00e8 esibita, inoltre, in Cina, Germania, Francia, Italia, Austria e Polonia. Tra le pi\u00f9 prestigiose sale da concerto che l\u2019hanno accolta ricordiamo la Concert Hall di Pechino, la Cattedrale di Aix-en-Provence, la Cattedrale di Lione, il Parco della Musica di Roma, il Teatro Poliziano di Montepulciano, la Laeiszhalle di Amburgo e il Duomo Francese di Berlino.<br \/>\nAl momento Sarah Behrendt pu\u00f2 essere vista nell\u2019opera \u201cVilla Verdi\u201d (regia: Johann Kresnik) presso la Volksb\u00fchne di Berlino.<\/p>\n<p><\/p>","protected":false},"excerpt":{"rendered":"<\/p>\n<p>Con l\u2019evento Conosci il paese\u2026 un viaggio dalla Germania verso l\u2019Italia la pianista austriaca Katharina Landl si esibir\u00e0 insieme al soprano tedesco Sarah Behrendt per una serata dedicata al dialogo tra tradizione liederistica italiana e tedesca.<\/p>\n<p>Cosa definisce un Lied e in cosa si distingue da un\u2019aria? Esistono esempi d\u2019ibridazione tra i due generi? Queste le riflessioni alla base del programma che presenter\u00e0, tra gli altri, opere di J.Brahms, R.Schumann, R.Strauss, G.Rossini, G.Verdi e V.Bellini.<br \/>\n\u00a0<br \/>\nPer maggiori informazioni:<br \/>\n<a href=\"http:\/\/new.austriacult.roma.it\/wp-content\/uploads\/2014\/02\/flyer.pdf\">cliccare [&#8230;]<\/p>\n","protected":false},"author":2,"featured_media":861,"comment_status":"closed","ping_status":"closed","template":"","meta":{"footnotes":""},"tags":[42],"tribe_events_cat":[3],"class_list":["post-860","tribe_events","type-tribe_events","status-publish","has-post-thumbnail","hentry","tag-concerto","tribe_events_cat-musik","cat_musik"],"_links":{"self":[{"href":"https:\/\/www.austriacult.roma.it\/de\/wp-json\/wp\/v2\/tribe_events\/860","targetHints":{"allow":["GET"]}}],"collection":[{"href":"https:\/\/www.austriacult.roma.it\/de\/wp-json\/wp\/v2\/tribe_events"}],"about":[{"href":"https:\/\/www.austriacult.roma.it\/de\/wp-json\/wp\/v2\/types\/tribe_events"}],"author":[{"embeddable":true,"href":"https:\/\/www.austriacult.roma.it\/de\/wp-json\/wp\/v2\/users\/2"}],"replies":[{"embeddable":true,"href":"https:\/\/www.austriacult.roma.it\/de\/wp-json\/wp\/v2\/comments?post=860"}],"version-history":[{"count":0,"href":"https:\/\/www.austriacult.roma.it\/de\/wp-json\/wp\/v2\/tribe_events\/860\/revisions"}],"wp:featuredmedia":[{"embeddable":true,"href":"https:\/\/www.austriacult.roma.it\/de\/wp-json\/wp\/v2\/media\/861"}],"wp:attachment":[{"href":"https:\/\/www.austriacult.roma.it\/de\/wp-json\/wp\/v2\/media?parent=860"}],"wp:term":[{"taxonomy":"post_tag","embeddable":true,"href":"https:\/\/www.austriacult.roma.it\/de\/wp-json\/wp\/v2\/tags?post=860"},{"taxonomy":"tribe_events_cat","embeddable":true,"href":"https:\/\/www.austriacult.roma.it\/de\/wp-json\/wp\/v2\/tribe_events_cat?post=860"}],"curies":[{"name":"wp","href":"https:\/\/api.w.org\/{rel}","templated":true}]}}

<p></p>
<p>Con l’evento <strong>Conosci il paese… un viaggio dalla Germania verso l’Italia la pianista austriaca Katharina Landl si esibirà insieme al soprano tedesco Sarah Behrendt </strong>per una serata dedicata al dialogo tra <strong>tradizione liederistica italiana e tedesca</strong>.</p>
<p>Cosa definisce un Lied e in cosa si distingue da un’aria? Esistono esempi d’ibridazione tra i due generi? Queste le riflessioni alla base del programma che presenterà, tra gli altri, <strong>opere di J.Brahms, R.Schumann, R.Strauss, G.Rossini, G.Verdi e V.Bellini</strong>.<br />
 <br />
<strong>Per maggiori informazioni:</strong><br />
<a href="http://new.austriacult.roma.it/wp-content/uploads/2014/02/flyer.pdf">cliccare qui</a><br />
 <br />
<strong>Katharina Landl</strong><br />
Nata a Reith im Alpbachtal, Austria, Katharina Landl ha ricevuto la sua prima lezione di pianoforte all‘età di cinque anni. La pianista ha cominciato a studiare presso il Conservatorio del Tirolo con Muriel Chemin e Shao-Yin Huang per continuare presso l’Università della Musica di Friburgo con Gilead Mishory.<br />
Ben presto la Landl scopre la passione per il Lied e nel 2004 prende parte al 1° Liedforum Berlinese continuando ad approfondire la tecnica con masterclass di Wolfram Rieger, Thomas Quasthoff, Justus Zeyen, Charles Spencer e Irwin Gage.<br />
Nell’estate 2005 vince con il mezzosoprano Carolina Bruck-Santos il premio per il miglior duo liederistico “Juventudes musicales de España”. La pianista si è esibita in Germania, Austria, Polonia, Svizzera, Liechtenstein, Francia, Italia e Spagna ed è stata invitata al “Palacio de Bellas Artes” di Città del Messico.<br />
Nel 2012 la Landl ha vinto con il mezzosoprano Diana Haller il primo premio del concorso internazionale Hugo Wolf di Stoccarda.<br />
Tra le altre cose la pianista si è esibita per televisione e radio con SWR, Deutschlandradio Kultur, 3sat, RAI, Radio Clásica de España, Radio Clásica Mexico ed altre ancora.</p>
<p><strong>Sarah Behrendt</strong><br />
Il soprano Sarah Behrendt vive dal 2002 a Berlino, dove ha studiato musicologia.<br />
Nel 2004 ha iniziato lo studio del canto e della musica per teatro presso l’Università delle Arti di Berlino, concludendo con successo gli studi nel 2010. La cantante ha studiato con Anna Korondi, Robert Gambill, Axel Bauni, Sayali Dadas e Wolfram Rieger.<br />
La Behrendt si è esibita in diversi ruoli, recentemente ha collaborato con il Santa Cecilia Opera Studio di Roma con Renata Scotto, con lo Staatstheater di Cottbus nell’opera “Fürst Pücklers Utopia“ di Christoph Klimke (regia: Johann Kresnik), e nella produzione “Johannes Passion“ presso il duomo di Berlino (regia: Christoph Hagel).<br />
Il soprano si è esibita, inoltre, in Cina, Germania, Francia, Italia, Austria e Polonia. Tra le più prestigiose sale da concerto che l’hanno accolta ricordiamo la Concert Hall di Pechino, la Cattedrale di Aix-en-Provence, la Cattedrale di Lione, il Parco della Musica di Roma, il Teatro Poliziano di Montepulciano, la Laeiszhalle di Amburgo e il Duomo Francese di Berlino.<br />
Al momento Sarah Behrendt può essere vista nell’opera “Villa Verdi” (regia: Johann Kresnik) presso la Volksbühne di Berlino.</p>
<p></p>

</p>
<p>Con l’evento Conosci il paese… un viaggio dalla Germania verso l’Italia la pianista austriaca Katharina Landl si esibirà insieme al soprano tedesco Sarah Behrendt per una serata dedicata al dialogo tra tradizione liederistica italiana e tedesca.</p>
<p>Cosa definisce un Lied e in cosa si distingue da un’aria? Esistono esempi d’ibridazione tra i due generi? Queste le riflessioni alla base del programma che presenterà, tra gli altri, opere di J.Brahms, R.Schumann, R.Strauss, G.Rossini, G.Verdi e V.Bellini.<br />
 <br />
Per maggiori informazioni:<br />
<a href="http://new.austriacult.roma.it/wp-content/uploads/2014/02/flyer.pdf">cliccare [&#8230;]</p>
