{"id":8292,"date":"2020-04-09T15:25:17","date_gmt":"2020-04-09T13:25:17","guid":{"rendered":"https:\/\/www.austriacult.roma.it\/?post_type=tribe_events&#038;p=8292"},"modified":"2020-04-17T10:51:22","modified_gmt":"2020-04-17T08:51:22","slug":"sinfonia-de-carnaval","status":"publish","type":"tribe_events","link":"https:\/\/www.austriacult.roma.it\/de\/veranstaltung\/sinfonia-de-carnaval\/","title":{"rendered":"SINFONIA DE CARNAVAL"},"content":{"rendered":"<p><\/p>\n<p>Sinfonia De Carnaval \u2013 das sind Anna Lang und Alois Eberl an Cello, Posaune, Akkordeon, Percussion, Elektronik und Stimmen. Inspiriert durch die expressive Klangrede des Jazz, Rock und Funk lotet das Duo sowohl elektronische Sounduniversen als auch das volle Klangspektrum klassischer Spieltechniken aus. <\/p>\n<p>In Werken aus eigener Feder wie Sweeping Dragon oder Der W\u00e4chter des Drachen werden die inneren Seelen von h\u00e4sslichen, sch\u00f6nen, gespenstischen, furchterregenden, l\u00e4rmenden, zarten, liebenden, grollenden, gef\u00e4hrlichen, rasenden, guten, schlechten, zaubernden, wilden oder tragischen Figuren entfacht. In klingenden Momentaufnahmen wie der Totalen Nebelfinsternis, dem Windespfeifen in der D\u00e4mmerung, Bazar oder der African Suite begeistert das virtuose Duogespann mit weiten Improvisationsfeldern, rasanten Grooves und sch\u00f6n-schauriger Dramatik!<\/p>\n<p><a href=\"https:\/\/www.austriacult.roma.it\/wp-content\/uploads\/2020\/04\/Programma-SDC-Concerti-sul-sofa.pdf\"><span style=\"text-decoration: underline;\">Programm<\/span><\/a><\/p>\n<p><iframe loading=\"lazy\" title=\"Sinfonia de Carnaval -  #ConcertiSulSof\u00e0\" width=\"1170\" height=\"658\" src=\"https:\/\/www.youtube.com\/embed\/xsNUg-xXa3A?start=2285&#038;feature=oembed\" frameborder=\"0\" allow=\"accelerometer; autoplay; encrypted-media; gyroscope; picture-in-picture\" allowfullscreen><\/iframe><\/p>\n<p style=\"text-align: right;\"><span style=\"color: #000000;\">(42:48 min.)<\/span><\/p>\n<p><strong>SINFONIA DE CARNAVAL<\/strong><\/p>\n<p>Mit Sinfonia De Carnaval pr\u00e4sentieren Anna Lang und Alois Eberl ein weiteres Highlight ihrer zahlreichen und vielf\u00e4ltigen Programme. F\u00fcr den BAWAG P.S.K. Next Generation Award 2015 nominiert, als eine der besten f\u00fcnf Bands der Kategorie Jazz vom \u00f6sterreichischen Bundesministerium f\u00fcr das \u201eNew Austrian Sound Of Music Programm 2018\/19\u201c ausgew\u00e4hlt und eine von sieben Bands s\u00e4mtlicher zeitgen\u00f6ssischer Genres mit der Spitzenf\u00f6rderung des \u00f6sterreichischen Bundeskanzleramtes, dem internationalen Sprungbrett FOCUS ACT 2019 ausgezeichnet, ist Sinfonia De Carnaval international in der Schweiz, England, dem Iran, Kasachstan, Tadschikistan, Kroatien, Frankreich, Italien, Israel, Pal\u00e4stina oder Deutschland zu Gast.<\/p>\n<p><a href=\"http:\/\/www.sinfoniadecarnaval.com\/de\/\">http:\/\/www.sinfoniadecarnaval.com\/de\/<\/a><\/p>\n<p><strong>Anna Lang (Cello, Klavier)<br \/>\n<\/strong>Die in Salzburg geborene Anna Lang wuchs in einer K\u00fcnstlerfamilie in Altm\u00fcnster am Traunsee auf. Sie begann mit 15 Jahren ihr Musikstudium und ist Absolventin der Universit\u00e4t Mozarteum in Salzburg (Klavierp\u00e4dagogik), der Musikuniversit\u00e4t Wien (Konzertfach Cello\/ magistra artium) und der A. Bruckner Privatuniversit\u00e4t (B. A. Jazz- u. improvisierte Musik mit Auszeichnung). Zu ihren Lehrern z\u00e4hlen Prof. Tobias K\u00fchne (Cello) und Andy Schreiber (Improvisation).<br \/>\nAnna Lang lebt als freischaffende Cellistin, Pianistin, Komponistin und Instrumentalp\u00e4dagogin des O\u00d6-LMW in Wien und Ober\u00f6sterreich.<br \/>\nZu ihren k\u00fcnstlerischen T\u00e4tigkeiten z\u00e4hlen Auftritte als Solistin verschiedener Orchester, Rundfunkaufnahmen bei \u00d61 oder WDR, Engagements als Komponistin und Interpretin bei Produktionen des neuen Linzer Musiktheaters und Konzertabende auf international renommierten B\u00fchnen.<br \/>\nZu h\u00f6ren sind Anna Langs Kompositionen auch auf den Alben The Dancing Gams und Mondgeister mit dem Pianofortebrass\u2013Chamberjazzquartett. Sowie jeweils das Deb\u00fct Album Figuras de baile mit Sinfonia De Carnaval und La Fol\u00eda \u2013 l\u00e4rmende Lustbarkeit mit dem WoodAirQuartet. Das Chamberjazzquartett Pianofortebrass sowie auch das WoodAirQuartet sind auserw\u00e4hltes Ensemble der Jeunesse \u00d6sterreich.<strong><br \/>\n<\/strong><\/p>\n<p><strong>Alois Eberl (Akkordeon, Posaune)<\/strong><br \/>\nDer Posaunist und Akkordeonist wurde 1986 in Kitzb\u00fchel geboren, wo er im Alter von sechs Jahren mit dem Akkordeon zu musizieren begann. Im Alter von zehn folgte das Posaunenspiel. Er studierte Jazzposaune an der Anton Bruckner Privatuniversit\u00e4t in Linz mit Klassischem Akkordeon als Schwerpunktfach. Darauf studierte er am Mozarteum Salzburg Konzertfach Posaune und schloss ein zweites Bachelorstudium sowie ein Masterstudium ab.<br \/>\nZusammen mit der Cellistin und Pianistin Anna Lang gr\u00fcndete er das WoodAirQuartet sowie die Duoformation Sinfonia De Carnaval, mit der er f\u00fcr das vom Bundesministerium f\u00fcr Europa, Integration und \u00c4u\u00dferes eingerichtete NASOM Programm (New Austrian Sound of Music) ausgew\u00e4hlt wurde. Zu weiteren K\u00fcnstlern, mit denen er zusammenarbeitete, z\u00e4hlen Christoph Cech, Thomas Gansch, Martin Grubinger, Manu Delago, Ray Anderson, James Morrison, Mark Turner, Wycliffe Gordon, Bob Mintzer, Daniel Hope, Paul Gulda, Michel Camilo, Dave Liebman, Lorenz Raab, Ed Partyka, Mamatou Diabate und Luis Ribeiro.<br \/>\nEr konzertierte unter anderem auf internationalen B\u00fchnen wie der Elbphilharmonie Hamburg, Konzerthaus Wien, Porgy&amp;Bess Wien, B-Flat Berlin, \u00d6KF Teheran, \u00d6KF London, Jazzfestival Saalfelden, Jazzfestival Burghausen, Kathedrale Reims, Jazzit Salzburg, Philharmonie Berlin, Philharmonie M\u00fcnchen.<br \/>\nAlois Eberl lebt als vielbesch\u00e4ftigter Musiker, Komponist und Dozent in Wien.<\/p>\n<p>&nbsp;<\/p>\n<p><\/p>","protected":false},"excerpt":{"rendered":"<\/p>\n<p>Sinfonia De Carnaval \u2013 das sind Anna Lang und Alois Eberl an Cello, Posaune, Akkordeon, Percussion, Elektronik und Stimmen. Inspiriert durch die expressive Klangrede des Jazz, Rock und Funk lotet das Duo sowohl elektronische Sounduniversen als auch das volle Klangspektrum klassischer Spieltechniken aus. <\/p>\n<p>In Werken aus eigener Feder wie Sweeping Dragon oder Der W\u00e4chter des Drachen werden die inneren Seelen von h\u00e4sslichen, sch\u00f6nen, gespenstischen, furchterregenden, l\u00e4rmenden, zarten, liebenden, grollenden, gef\u00e4hrlichen, rasenden, guten, schlechten, zaubernden, wilden oder tragischen Figuren entfacht. In [&#8230;]<\/p>\n","protected":false},"author":2,"featured_media":8294,"comment_status":"closed","ping_status":"closed","template":"","meta":{"footnotes":""},"tags":[],"tribe_events_cat":[3],"class_list":["post-8292","tribe_events","type-tribe_events","status-publish","has-post-thumbnail","hentry","tribe_events_cat-musik","cat_musik"],"_links":{"self":[{"href":"https:\/\/www.austriacult.roma.it\/de\/wp-json\/wp\/v2\/tribe_events\/8292","targetHints":{"allow":["GET"]}}],"collection":[{"href":"https:\/\/www.austriacult.roma.it\/de\/wp-json\/wp\/v2\/tribe_events"}],"about":[{"href":"https:\/\/www.austriacult.roma.it\/de\/wp-json\/wp\/v2\/types\/tribe_events"}],"author":[{"embeddable":true,"href":"https:\/\/www.austriacult.roma.it\/de\/wp-json\/wp\/v2\/users\/2"}],"replies":[{"embeddable":true,"href":"https:\/\/www.austriacult.roma.it\/de\/wp-json\/wp\/v2\/comments?post=8292"}],"version-history":[{"count":0,"href":"https:\/\/www.austriacult.roma.it\/de\/wp-json\/wp\/v2\/tribe_events\/8292\/revisions"}],"wp:featuredmedia":[{"embeddable":true,"href":"https:\/\/www.austriacult.roma.it\/de\/wp-json\/wp\/v2\/media\/8294"}],"wp:attachment":[{"href":"https:\/\/www.austriacult.roma.it\/de\/wp-json\/wp\/v2\/media?parent=8292"}],"wp:term":[{"taxonomy":"post_tag","embeddable":true,"href":"https:\/\/www.austriacult.roma.it\/de\/wp-json\/wp\/v2\/tags?post=8292"},{"taxonomy":"tribe_events_cat","embeddable":true,"href":"https:\/\/www.austriacult.roma.it\/de\/wp-json\/wp\/v2\/tribe_events_cat?post=8292"}],"curies":[{"name":"wp","href":"https:\/\/api.w.org\/{rel}","templated":true}]}}

<p></p>
<p>Sinfonia De Carnaval – das sind Anna Lang und Alois Eberl an Cello, Posaune, Akkordeon, Percussion, Elektronik und Stimmen. Inspiriert durch die expressive Klangrede des Jazz, Rock und Funk lotet das Duo sowohl elektronische Sounduniversen als auch das volle Klangspektrum klassischer Spieltechniken aus. </p>
<p>In Werken aus eigener Feder wie Sweeping Dragon oder Der Wächter des Drachen werden die inneren Seelen von hässlichen, schönen, gespenstischen, furchterregenden, lärmenden, zarten, liebenden, grollenden, gefährlichen, rasenden, guten, schlechten, zaubernden, wilden oder tragischen Figuren entfacht. In klingenden Momentaufnahmen wie der Totalen Nebelfinsternis, dem Windespfeifen in der Dämmerung, Bazar oder der African Suite begeistert das virtuose Duogespann mit weiten Improvisationsfeldern, rasanten Grooves und schön-schauriger Dramatik!</p>
<p><a href="https://www.austriacult.roma.it/wp-content/uploads/2020/04/Programma-SDC-Concerti-sul-sofa.pdf"><span style="text-decoration: underline;">Programm</span></a></p>
<p><iframe loading="lazy" title="Sinfonia de Carnaval -  #ConcertiSulSofà" width="1170" height="658" src="https://www.youtube.com/embed/xsNUg-xXa3A?start=2285&#038;feature=oembed" frameborder="0" allow="accelerometer; autoplay; encrypted-media; gyroscope; picture-in-picture" allowfullscreen></iframe></p>
<p style="text-align: right;"><span style="color: #000000;">(42:48 min.)</span></p>
<p><strong>SINFONIA DE CARNAVAL</strong></p>
<p>Mit Sinfonia De Carnaval präsentieren Anna Lang und Alois Eberl ein weiteres Highlight ihrer zahlreichen und vielfältigen Programme. Für den BAWAG P.S.K. Next Generation Award 2015 nominiert, als eine der besten fünf Bands der Kategorie Jazz vom österreichischen Bundesministerium für das „New Austrian Sound Of Music Programm 2018/19“ ausgewählt und eine von sieben Bands sämtlicher zeitgenössischer Genres mit der Spitzenförderung des österreichischen Bundeskanzleramtes, dem internationalen Sprungbrett FOCUS ACT 2019 ausgezeichnet, ist Sinfonia De Carnaval international in der Schweiz, England, dem Iran, Kasachstan, Tadschikistan, Kroatien, Frankreich, Italien, Israel, Palästina oder Deutschland zu Gast.</p>
<p><a href="http://www.sinfoniadecarnaval.com/de/">http://www.sinfoniadecarnaval.com/de/</a></p>
<p><strong>Anna Lang (Cello, Klavier)<br />
</strong>Die in Salzburg geborene Anna Lang wuchs in einer Künstlerfamilie in Altmünster am Traunsee auf. Sie begann mit 15 Jahren ihr Musikstudium und ist Absolventin der Universität Mozarteum in Salzburg (Klavierpädagogik), der Musikuniversität Wien (Konzertfach Cello/ magistra artium) und der A. Bruckner Privatuniversität (B. A. Jazz- u. improvisierte Musik mit Auszeichnung). Zu ihren Lehrern zählen Prof. Tobias Kühne (Cello) und Andy Schreiber (Improvisation).<br />
Anna Lang lebt als freischaffende Cellistin, Pianistin, Komponistin und Instrumentalpädagogin des OÖ-LMW in Wien und Oberösterreich.<br />
Zu ihren künstlerischen Tätigkeiten zählen Auftritte als Solistin verschiedener Orchester, Rundfunkaufnahmen bei Ö1 oder WDR, Engagements als Komponistin und Interpretin bei Produktionen des neuen Linzer Musiktheaters und Konzertabende auf international renommierten Bühnen.<br />
Zu hören sind Anna Langs Kompositionen auch auf den Alben The Dancing Gams und Mondgeister mit dem Pianofortebrass–Chamberjazzquartett. Sowie jeweils das Debüt Album Figuras de baile mit Sinfonia De Carnaval und La Folía – lärmende Lustbarkeit mit dem WoodAirQuartet. Das Chamberjazzquartett Pianofortebrass sowie auch das WoodAirQuartet sind auserwähltes Ensemble der Jeunesse Österreich.<strong><br />
</strong></p>
<p><strong>Alois Eberl (Akkordeon, Posaune)</strong><br />
Der Posaunist und Akkordeonist wurde 1986 in Kitzbühel geboren, wo er im Alter von sechs Jahren mit dem Akkordeon zu musizieren begann. Im Alter von zehn folgte das Posaunenspiel. Er studierte Jazzposaune an der Anton Bruckner Privatuniversität in Linz mit Klassischem Akkordeon als Schwerpunktfach. Darauf studierte er am Mozarteum Salzburg Konzertfach Posaune und schloss ein zweites Bachelorstudium sowie ein Masterstudium ab.<br />
Zusammen mit der Cellistin und Pianistin Anna Lang gründete er das WoodAirQuartet sowie die Duoformation Sinfonia De Carnaval, mit der er für das vom Bundesministerium für Europa, Integration und Äußeres eingerichtete NASOM Programm (New Austrian Sound of Music) ausgewählt wurde. Zu weiteren Künstlern, mit denen er zusammenarbeitete, zählen Christoph Cech, Thomas Gansch, Martin Grubinger, Manu Delago, Ray Anderson, James Morrison, Mark Turner, Wycliffe Gordon, Bob Mintzer, Daniel Hope, Paul Gulda, Michel Camilo, Dave Liebman, Lorenz Raab, Ed Partyka, Mamatou Diabate und Luis Ribeiro.<br />
Er konzertierte unter anderem auf internationalen Bühnen wie der Elbphilharmonie Hamburg, Konzerthaus Wien, Porgy&amp;Bess Wien, B-Flat Berlin, ÖKF Teheran, ÖKF London, Jazzfestival Saalfelden, Jazzfestival Burghausen, Kathedrale Reims, Jazzit Salzburg, Philharmonie Berlin, Philharmonie München.<br />
Alois Eberl lebt als vielbeschäftigter Musiker, Komponist und Dozent in Wien.</p>
<p>&nbsp;</p>
<p></p>

</p>
<p>Sinfonia De Carnaval – das sind Anna Lang und Alois Eberl an Cello, Posaune, Akkordeon, Percussion, Elektronik und Stimmen. Inspiriert durch die expressive Klangrede des Jazz, Rock und Funk lotet das Duo sowohl elektronische Sounduniversen als auch das volle Klangspektrum klassischer Spieltechniken aus. </p>
<p>In Werken aus eigener Feder wie Sweeping Dragon oder Der Wächter des Drachen werden die inneren Seelen von hässlichen, schönen, gespenstischen, furchterregenden, lärmenden, zarten, liebenden, grollenden, gefährlichen, rasenden, guten, schlechten, zaubernden, wilden oder tragischen Figuren entfacht. In [&#8230;]</p>
