{"id":8136,"date":"2020-04-07T13:40:17","date_gmt":"2020-04-07T11:40:17","guid":{"rendered":"https:\/\/www.austriacult.roma.it\/?post_type=tribe_events&#038;p=8136"},"modified":"2020-04-18T20:41:36","modified_gmt":"2020-04-18T18:41:36","slug":"aspettando-nava-ebrahimi","status":"publish","type":"tribe_events","link":"https:\/\/www.austriacult.roma.it\/de\/veranstaltung\/warten-auf-nava-ebrahimi\/","title":{"rendered":"SECHZEHN W\u00d6RTER | Nava Ebrahimi"},"content":{"rendered":"<p><\/p>\n<p style=\"text-align: justify;\">Die Schriftstellerin Nava Ebrahimi h\u00e4tte dieser Tage in Rom aus ihrem Buch \u201cSechzehn W\u00f6rter\u201d (btb Verlag, 2017) lesen sollen. Leider kam das Corona-Virus dazwischen und die Lesung wird im Herbst nachgeholt. Doch in der Zwischenzeit gibt sie uns per Video einen Vorgeschmack auf ihr preisgekr\u00f6ntes Buch.<\/p>\n<p><iframe loading=\"lazy\" title=\"Nava Ebrahimi legge da \u201cSechzehn W\u00f6rter\u201d (Sedici parole)\" width=\"1170\" height=\"658\" src=\"https:\/\/www.youtube.com\/embed\/XfweNuzz9lQ?start=11&#038;feature=oembed\" frameborder=\"0\" allow=\"accelerometer; autoplay; encrypted-media; gyroscope; picture-in-picture\" allowfullscreen><\/iframe><\/p>\n<p style=\"text-align: justify;\"><span style=\"color: #ff0000;\"><span style=\"color: #000000;\">13:46 min., deutsch mit italienischen Untertiteln<br \/>\n<span style=\"color: #ff0000;\">Zum Aktivieren der Untertitel auf den Button\u00a0 <a href=\"https:\/\/www.austriacult.roma.it\/wp-content\/uploads\/2020\/04\/icon-youtube.jpg\"><img loading=\"lazy\" decoding=\"async\" class=\"alignnone size-full wp-image-8445\" src=\"https:\/\/www.austriacult.roma.it\/wp-content\/uploads\/2020\/04\/icon-youtube.jpg\" alt=\"\" width=\"26\" height=\"31\" \/><\/a>rechts unten am Video klicken.<\/span><\/span><\/span><\/p>\n<p style=\"text-align: justify;\">Es gibt W\u00f6rter, die wir nicht kennen. Deren Bedeutung wir aber erahnen. Als h\u00e4tten sie schon immer in uns gewohnt. Und manchmal wollen sie endlich ausgesprochen werden. Als ihre Gro\u00dfmutter stirbt, diese eigenwillige Frau, die stets einen unpassenden Witz auf den Lippen hatte, beschlie\u00dft Mona, ein letztes Mal in den Iran zu fliegen. Gemeinsam mit ihrer Mutter wagt sie die Reise in die tr\u00fcgerische Heimat. Der R\u00fcckflug in ihr K\u00f6lner Leben ist schon gebucht. Doch dann \u00fcberredet sie ihr iranischer Langzeitliebhaber Ramin zu einem Abschiedstrip nach Bam, in jene Stadt, die f\u00fcnf Jahre zuvor von einem Erdbeben komplett zerst\u00f6rt wurde. Die Fahrt wird f\u00fcr Mona zu einer Konfrontation mit ihrer eigenen Identit\u00e4t und ihrer Herkunft, \u00fcber die so vieles im Ungewissen ist.<\/p>\n<p style=\"text-align: justify;\"><em>\u201eDie Erinnerungen sind eher eine Art Ferienh\u00e4uschen, das man jedes Mal, wenn man dort ankommt, l\u00fcften und von der Staubschicht befreien muss, bevor man sich wieder zu Hause f\u00fchlt\u201c<\/em> (Nava Ebrahimi)<\/p>\n<p style=\"text-align: justify;\"><strong>Biografie<\/strong><\/p>\n<p style=\"text-align: justify;\"><strong>Nava Ebrahimi<\/strong>, 1978 in Teheran geboren, z\u00e4hlt zu den aufregendsten Stimmen der deutschsprachigen Literatur. F\u00fcr ihren ersten Roman &#8222;Sechzehn W\u00f6rter&#8220; &#8211; erschienen 2019 &#8211; wurde sie mit dem \u00d6sterreichischen Buchpreis, Kategorie Deb\u00fct, sowie dem Morgenstern-Preis ausgezeichnet. Nava Ebrahimi studierte Journalismus und Volkswirtschaftslehre in K\u00f6ln und arbeitete als Redakteurin bei der Financial Times Deutschland sowie der K\u00f6lner Stadtrevue. Sie war Finalistin des Open Mike und Teilnehmerin an der Bayerischen Akademie des Schreibens. Nava Ebrahimi lebt mit ihrer Familie in Graz.<\/p>\n<p><\/p>","protected":false},"excerpt":{"rendered":"<\/p>\n<p style=\"text-align: justify;\">Die Schriftstellerin Nava Ebrahimi h\u00e4tte dieser Tage in Rom aus ihrem Buch \u201cSechzehn W\u00f6rter\u201d (btb Verlag, 2017) lesen sollen. Leider kam das Corona-Virus dazwischen und die Lesung wird im Herbst nachgeholt. Doch in der Zwischenzeit gibt sie uns per Video einen Vorgeschmack auf ihr preisgekr\u00f6ntes Buch.<\/p>\n<\/p>\n<p style=\"text-align: justify;\">13:46 min., deutsch mit italienischen Untertiteln<br \/>\nZum Aktivieren der Untertitel auf den Button\u00a0 <a href=\"https:\/\/www.austriacult.roma.it\/wp-content\/uploads\/2020\/04\/icon-youtube.jpg\"><\/a>rechts unten am Video klicken.<\/p>\n<p style=\"text-align: justify;\">Es gibt W\u00f6rter, die wir nicht kennen. Deren Bedeutung wir aber [&#8230;]<\/p>\n","protected":false},"author":2,"featured_media":8137,"comment_status":"closed","ping_status":"closed","template":"","meta":{"footnotes":""},"tags":[],"tribe_events_cat":[4],"class_list":["post-8136","tribe_events","type-tribe_events","status-publish","has-post-thumbnail","hentry","tribe_events_cat-literatur","cat_literatur"],"_links":{"self":[{"href":"https:\/\/www.austriacult.roma.it\/de\/wp-json\/wp\/v2\/tribe_events\/8136","targetHints":{"allow":["GET"]}}],"collection":[{"href":"https:\/\/www.austriacult.roma.it\/de\/wp-json\/wp\/v2\/tribe_events"}],"about":[{"href":"https:\/\/www.austriacult.roma.it\/de\/wp-json\/wp\/v2\/types\/tribe_events"}],"author":[{"embeddable":true,"href":"https:\/\/www.austriacult.roma.it\/de\/wp-json\/wp\/v2\/users\/2"}],"replies":[{"embeddable":true,"href":"https:\/\/www.austriacult.roma.it\/de\/wp-json\/wp\/v2\/comments?post=8136"}],"version-history":[{"count":0,"href":"https:\/\/www.austriacult.roma.it\/de\/wp-json\/wp\/v2\/tribe_events\/8136\/revisions"}],"wp:featuredmedia":[{"embeddable":true,"href":"https:\/\/www.austriacult.roma.it\/de\/wp-json\/wp\/v2\/media\/8137"}],"wp:attachment":[{"href":"https:\/\/www.austriacult.roma.it\/de\/wp-json\/wp\/v2\/media?parent=8136"}],"wp:term":[{"taxonomy":"post_tag","embeddable":true,"href":"https:\/\/www.austriacult.roma.it\/de\/wp-json\/wp\/v2\/tags?post=8136"},{"taxonomy":"tribe_events_cat","embeddable":true,"href":"https:\/\/www.austriacult.roma.it\/de\/wp-json\/wp\/v2\/tribe_events_cat?post=8136"}],"curies":[{"name":"wp","href":"https:\/\/api.w.org\/{rel}","templated":true}]}}

SECHZEHN WÖRTER | Nava Ebrahimi

<p></p>
<p style="text-align: justify;">Die Schriftstellerin Nava Ebrahimi hätte dieser Tage in Rom aus ihrem Buch “Sechzehn Wörter” (btb Verlag, 2017) lesen sollen. Leider kam das Corona-Virus dazwischen und die Lesung wird im Herbst nachgeholt. Doch in der Zwischenzeit gibt sie uns per Video einen Vorgeschmack auf ihr preisgekröntes Buch.</p>
<p><iframe loading="lazy" title="Nava Ebrahimi legge da “Sechzehn Wörter” (Sedici parole)" width="1170" height="658" src="https://www.youtube.com/embed/XfweNuzz9lQ?start=11&#038;feature=oembed" frameborder="0" allow="accelerometer; autoplay; encrypted-media; gyroscope; picture-in-picture" allowfullscreen></iframe></p>
<p style="text-align: justify;"><span style="color: #ff0000;"><span style="color: #000000;">13:46 min., deutsch mit italienischen Untertiteln<br />
<span style="color: #ff0000;">Zum Aktivieren der Untertitel auf den Button  <a href="https://www.austriacult.roma.it/wp-content/uploads/2020/04/icon-youtube.jpg"><img loading="lazy" decoding="async" class="alignnone size-full wp-image-8445" src="https://www.austriacult.roma.it/wp-content/uploads/2020/04/icon-youtube.jpg" alt="" width="26" height="31" /></a>rechts unten am Video klicken.</span></span></span></p>
<p style="text-align: justify;">Es gibt Wörter, die wir nicht kennen. Deren Bedeutung wir aber erahnen. Als hätten sie schon immer in uns gewohnt. Und manchmal wollen sie endlich ausgesprochen werden. Als ihre Großmutter stirbt, diese eigenwillige Frau, die stets einen unpassenden Witz auf den Lippen hatte, beschließt Mona, ein letztes Mal in den Iran zu fliegen. Gemeinsam mit ihrer Mutter wagt sie die Reise in die trügerische Heimat. Der Rückflug in ihr Kölner Leben ist schon gebucht. Doch dann überredet sie ihr iranischer Langzeitliebhaber Ramin zu einem Abschiedstrip nach Bam, in jene Stadt, die fünf Jahre zuvor von einem Erdbeben komplett zerstört wurde. Die Fahrt wird für Mona zu einer Konfrontation mit ihrer eigenen Identität und ihrer Herkunft, über die so vieles im Ungewissen ist.</p>
<p style="text-align: justify;"><em>„Die Erinnerungen sind eher eine Art Ferienhäuschen, das man jedes Mal, wenn man dort ankommt, lüften und von der Staubschicht befreien muss, bevor man sich wieder zu Hause fühlt“</em> (Nava Ebrahimi)</p>
<p style="text-align: justify;"><strong>Biografie</strong></p>
<p style="text-align: justify;"><strong>Nava Ebrahimi</strong>, 1978 in Teheran geboren, zählt zu den aufregendsten Stimmen der deutschsprachigen Literatur. Für ihren ersten Roman &#8222;Sechzehn Wörter&#8220; &#8211; erschienen 2019 &#8211; wurde sie mit dem Österreichischen Buchpreis, Kategorie Debüt, sowie dem Morgenstern-Preis ausgezeichnet. Nava Ebrahimi studierte Journalismus und Volkswirtschaftslehre in Köln und arbeitete als Redakteurin bei der Financial Times Deutschland sowie der Kölner Stadtrevue. Sie war Finalistin des Open Mike und Teilnehmerin an der Bayerischen Akademie des Schreibens. Nava Ebrahimi lebt mit ihrer Familie in Graz.</p>
<p></p>

</p>
<p style="text-align: justify;">Die Schriftstellerin Nava Ebrahimi hätte dieser Tage in Rom aus ihrem Buch “Sechzehn Wörter” (btb Verlag, 2017) lesen sollen. Leider kam das Corona-Virus dazwischen und die Lesung wird im Herbst nachgeholt. Doch in der Zwischenzeit gibt sie uns per Video einen Vorgeschmack auf ihr preisgekröntes Buch.</p>
</p>
<p style="text-align: justify;">13:46 min., deutsch mit italienischen Untertiteln<br />
Zum Aktivieren der Untertitel auf den Button  <a href="https://www.austriacult.roma.it/wp-content/uploads/2020/04/icon-youtube.jpg"></a>rechts unten am Video klicken.</p>
<p style="text-align: justify;">Es gibt Wörter, die wir nicht kennen. Deren Bedeutung wir aber [&#8230;]</p>
