{"id":737,"date":"2014-02-11T18:14:48","date_gmt":"2014-02-11T17:14:48","guid":{"rendered":"http:\/\/web.austriacult.roma.it\/de\/?post_type=tribe_events&#038;p=737"},"modified":"2014-04-02T15:39:22","modified_gmt":"2014-04-02T13:39:22","slug":"concerto-per-violoncello-e-pianoforte-con-yvonne-timoianu-e-alexander-preda","status":"publish","type":"tribe_events","link":"https:\/\/www.austriacult.roma.it\/de\/veranstaltung\/concerto-per-violoncello-e-pianoforte-con-yvonne-timoianu-e-alexander-preda\/","title":{"rendered":"Duo de Salzburg in concerto: Concerto per violoncello e pianoforte con Yvonne Timoianu e Alexander Preda"},"content":{"rendered":"<p><em>10 aprile 2014 \/ gioved\u00ec \/ ore 20.00<br \/>\nDuo de Salzburg in concerto: Concerto per violoncello e pianoforte con Yvonne Timoianu e Alexander Preda<br \/>\nViale Bruno Buozzi, 113 &#8211; 00197 Roma<\/em><\/p>\n<p><strong>Formato dalla violoncellista Yvonne Timoianu e dal pianista Alexander Pred<\/strong>a, il <strong><a href=\"http:\/\/timoianu.com\/duodesalzburg\/\" title=\"Duo de Salzburg\" target=\"_blank\">Duo de Salzburg <\/a><\/strong>\u00e8 considerato uno degli ensemble pi\u00f9 rappresentativi dell\u2019eccellente tradizione musicale della citt\u00e0 di Salisburgo. Con una vivace carriera musicale alle spalle, il duo, fondato nel 1985, conta oltre 1.500 esibizioni in tutta Europa, Asia, America e Sudafrica.<\/p>\n<p>In occasione del <strong>120\u00b0 anniversario della nascita di Erwin Schulhoff<\/strong>, il <strong>programma <\/strong>messo a punto per il concerto al Forum Austriaco di Cultura Roma ruota intorno alla <strong>monumentale sonata per violoncello e pianoforte op. 17 <\/strong>scritta dal compositore praghese nel 1914. Il programma prevede, inoltre, un\u2019originale selezione di lavori di Joseph <strong>Haydn, Franz Schubert, Wolfgang Amadeus Mozart e \u201cCello\u2026UP\u201d<\/strong>, un\u2019opera dai ritmi jazzati della <strong>giovane compositrice austriaca Katharina Schirk <\/strong>dedicata alla violoncellista Yvonne Timoianu.<\/p>\n<p><strong>Yvonne TIMOIANU<\/strong><br \/>\nYvonne Timoianu ha studiato presso il Mozarteum di Salisburgo diplomandosi con lode. Contemporaneamente ha vinto il premio di riconoscimento del Ministero federale austriaco per la scienza e la ricerca. I suoi insegnanti pi\u00f9 importanti sono stati Stefan Popov, Mstislaw Rostropowitsch e Serafim Antropov. La sua brillante carriera concertistica l\u2019ha portata da Tokio a Quito, da Citt\u00e0 del Capo a Citt\u00e0 del Messico, da Nuova Delhi a Seul. Il suo talento \u00e8 stato riconosciuto da numerosi premi internazionali, tra cui il primo premio del concorso internazionale di violoncello di Vina del Mar\/Chile (1986) e la medaglia d\u2019oro dell\u2019International String Competition dell\u2019Universit\u00e0 di Pretoria\/Sudafrica (1988). Nel 2008 la violoncellista \u00e8 stata invitata da Arvo P\u00e4rt a esibirsi a Tallinn con il ciclo schubertiano \u201cWinterreise\u201d, che nello stesso anno ha interpretato anche a Castel Gandolfo per Papa Benedetto XVI.<br \/>\nYvonne Timoianu suona su un violoncello di Giovanni Grancino del 1721.<\/p>\n<p><strong>Alexander PREDA<\/strong><br \/>\nNato a Bucarest nel 1953, Alexander Preda comincia a studiare pianoforte all\u2018et\u00e0 di cinque anni, proseguendo gli studi presso uno dei conservatori musicali pi\u00f9 rinomati dell\u2019Europa dell\u2019est, l\u2019accademia musicale &#8222;Ciprian Porumbesu&#8220; dove si diploma con lode. Trasferitosi a Salisburgo Alexander Preda continua gli studi con Carlo Zecchi. Il pianista ha vinto numerosi concorsi internazionali, tra cui il \u201cJ.S.Bach\u201d di Lipsia e \u201cl\u2019Arthur Rubinstein Piano Master Competition\u201d di Gerusalemme. Il suo vasto repertorio comprende Bach, Mozart, Beethoven, Bart\u00f3k, Skriabin e Messiaen con il quale si \u00e8 esibito in tutt\u2019Europa, nei paesi dell\u2019ex-Unione Sovietica, in Sudafrica e in America Latina.<br \/>\nAccanto all\u2019attivit\u00e0 concertistica Preda \u00e8 stato invitato a esibirsi in radio, a tenere concerti e workshop e a registrare CD.<br \/>\nDal 1984 Preda insegna presso il Mozarteum di Salisburgo. Al contempo ha offerto master class a Granada, Zaragoza e in Lussemburgo.<\/p>\n<p>*Ingresso a partire dalle ore 19:30. Vi preghiamo di presentarvi in anticipo, poich\u00e9 non \u00e8 possibile accettare prenotazioni!<\/p>\n<p><strong>Organizzazione &#038; Info: <\/strong><br \/>\nForum Austriaco di Cultura Roma<br \/>\nTel: 06 3608371<\/p>\n","protected":false},"excerpt":{"rendered":"<p>10 aprile 2014 \/ gioved\u00ec \/ ore 20.00<br \/>\nDuo de Salzburg in concerto: Concerto per violoncello e pianoforte con Yvonne Timoianu e Alexander Preda<br \/>\nViale Bruno Buozzi, 113 &#8211; 00197 Roma<\/p>\n<p>Formato dalla violoncellista Yvonne Timoianu e dal pianista Alexander Preda, il <a href=\"http:\/\/timoianu.com\/duodesalzburg\/\" title=\"Duo de Salzburg\" target=\"_blank\">Duo de Salzburg <\/a>\u00e8 considerato uno degli ensemble pi\u00f9 rappresentativi dell\u2019eccellente tradizione musicale della citt\u00e0 di Salisburgo. Con una vivace carriera musicale alle spalle, il duo, fondato nel 1985, conta oltre 1.500 esibizioni in [&#8230;]<\/p>\n","protected":false},"author":2,"featured_media":738,"comment_status":"closed","ping_status":"closed","template":"","meta":{"footnotes":""},"tags":[42],"tribe_events_cat":[32,3],"class_list":["post-737","tribe_events","type-tribe_events","status-publish","has-post-thumbnail","hentry","tag-concerto","tribe_events_cat-programm","tribe_events_cat-musik","cat_programm","cat_musik"],"_links":{"self":[{"href":"https:\/\/www.austriacult.roma.it\/de\/wp-json\/wp\/v2\/tribe_events\/737","targetHints":{"allow":["GET"]}}],"collection":[{"href":"https:\/\/www.austriacult.roma.it\/de\/wp-json\/wp\/v2\/tribe_events"}],"about":[{"href":"https:\/\/www.austriacult.roma.it\/de\/wp-json\/wp\/v2\/types\/tribe_events"}],"author":[{"embeddable":true,"href":"https:\/\/www.austriacult.roma.it\/de\/wp-json\/wp\/v2\/users\/2"}],"replies":[{"embeddable":true,"href":"https:\/\/www.austriacult.roma.it\/de\/wp-json\/wp\/v2\/comments?post=737"}],"version-history":[{"count":0,"href":"https:\/\/www.austriacult.roma.it\/de\/wp-json\/wp\/v2\/tribe_events\/737\/revisions"}],"wp:featuredmedia":[{"embeddable":true,"href":"https:\/\/www.austriacult.roma.it\/de\/wp-json\/wp\/v2\/media\/738"}],"wp:attachment":[{"href":"https:\/\/www.austriacult.roma.it\/de\/wp-json\/wp\/v2\/media?parent=737"}],"wp:term":[{"taxonomy":"post_tag","embeddable":true,"href":"https:\/\/www.austriacult.roma.it\/de\/wp-json\/wp\/v2\/tags?post=737"},{"taxonomy":"tribe_events_cat","embeddable":true,"href":"https:\/\/www.austriacult.roma.it\/de\/wp-json\/wp\/v2\/tribe_events_cat?post=737"}],"curies":[{"name":"wp","href":"https:\/\/api.w.org\/{rel}","templated":true}]}}

<p><em>10 aprile 2014 / giovedì / ore 20.00<br />
Duo de Salzburg in concerto: Concerto per violoncello e pianoforte con Yvonne Timoianu e Alexander Preda<br />
Viale Bruno Buozzi, 113 &#8211; 00197 Roma</em></p>
<p><strong>Formato dalla violoncellista Yvonne Timoianu e dal pianista Alexander Pred</strong>a, il <strong><a href="http://timoianu.com/duodesalzburg/" title="Duo de Salzburg" target="_blank">Duo de Salzburg </a></strong>è considerato uno degli ensemble più rappresentativi dell’eccellente tradizione musicale della città di Salisburgo. Con una vivace carriera musicale alle spalle, il duo, fondato nel 1985, conta oltre 1.500 esibizioni in tutta Europa, Asia, America e Sudafrica.</p>
<p>In occasione del <strong>120° anniversario della nascita di Erwin Schulhoff</strong>, il <strong>programma </strong>messo a punto per il concerto al Forum Austriaco di Cultura Roma ruota intorno alla <strong>monumentale sonata per violoncello e pianoforte op. 17 </strong>scritta dal compositore praghese nel 1914. Il programma prevede, inoltre, un’originale selezione di lavori di Joseph <strong>Haydn, Franz Schubert, Wolfgang Amadeus Mozart e “Cello…UP”</strong>, un’opera dai ritmi jazzati della <strong>giovane compositrice austriaca Katharina Schirk </strong>dedicata alla violoncellista Yvonne Timoianu.</p>
<p><strong>Yvonne TIMOIANU</strong><br />
Yvonne Timoianu ha studiato presso il Mozarteum di Salisburgo diplomandosi con lode. Contemporaneamente ha vinto il premio di riconoscimento del Ministero federale austriaco per la scienza e la ricerca. I suoi insegnanti più importanti sono stati Stefan Popov, Mstislaw Rostropowitsch e Serafim Antropov. La sua brillante carriera concertistica l’ha portata da Tokio a Quito, da Città del Capo a Città del Messico, da Nuova Delhi a Seul. Il suo talento è stato riconosciuto da numerosi premi internazionali, tra cui il primo premio del concorso internazionale di violoncello di Vina del Mar/Chile (1986) e la medaglia d’oro dell’International String Competition dell’Università di Pretoria/Sudafrica (1988). Nel 2008 la violoncellista è stata invitata da Arvo Pärt a esibirsi a Tallinn con il ciclo schubertiano “Winterreise”, che nello stesso anno ha interpretato anche a Castel Gandolfo per Papa Benedetto XVI.<br />
Yvonne Timoianu suona su un violoncello di Giovanni Grancino del 1721.</p>
<p><strong>Alexander PREDA</strong><br />
Nato a Bucarest nel 1953, Alexander Preda comincia a studiare pianoforte all‘età di cinque anni, proseguendo gli studi presso uno dei conservatori musicali più rinomati dell’Europa dell’est, l’accademia musicale &#8222;Ciprian Porumbesu&#8220; dove si diploma con lode. Trasferitosi a Salisburgo Alexander Preda continua gli studi con Carlo Zecchi. Il pianista ha vinto numerosi concorsi internazionali, tra cui il “J.S.Bach” di Lipsia e “l’Arthur Rubinstein Piano Master Competition” di Gerusalemme. Il suo vasto repertorio comprende Bach, Mozart, Beethoven, Bartók, Skriabin e Messiaen con il quale si è esibito in tutt’Europa, nei paesi dell’ex-Unione Sovietica, in Sudafrica e in America Latina.<br />
Accanto all’attività concertistica Preda è stato invitato a esibirsi in radio, a tenere concerti e workshop e a registrare CD.<br />
Dal 1984 Preda insegna presso il Mozarteum di Salisburgo. Al contempo ha offerto master class a Granada, Zaragoza e in Lussemburgo.</p>
<p>*Ingresso a partire dalle ore 19:30. Vi preghiamo di presentarvi in anticipo, poiché non è possibile accettare prenotazioni!</p>
<p><strong>Organizzazione &#038; Info: </strong><br />
Forum Austriaco di Cultura Roma<br />
Tel: 06 3608371</p>

<p>10 aprile 2014 / giovedì / ore 20.00<br />
Duo de Salzburg in concerto: Concerto per violoncello e pianoforte con Yvonne Timoianu e Alexander Preda<br />
Viale Bruno Buozzi, 113 &#8211; 00197 Roma</p>
<p>Formato dalla violoncellista Yvonne Timoianu e dal pianista Alexander Preda, il <a href="http://timoianu.com/duodesalzburg/" title="Duo de Salzburg" target="_blank">Duo de Salzburg </a>è considerato uno degli ensemble più rappresentativi dell’eccellente tradizione musicale della città di Salisburgo. Con una vivace carriera musicale alle spalle, il duo, fondato nel 1985, conta oltre 1.500 esibizioni in [&#8230;]</p>
