{"id":7325,"date":"2019-10-28T09:39:47","date_gmt":"2019-10-28T08:39:47","guid":{"rendered":"https:\/\/www.austriacult.roma.it\/?post_type=tribe_events&#038;p=7325"},"modified":"2019-10-28T09:53:48","modified_gmt":"2019-10-28T08:53:48","slug":"concerto-per-organo-wolfgang-capek","status":"publish","type":"tribe_events","link":"https:\/\/www.austriacult.roma.it\/de\/veranstaltung\/orgelkonzert-wolfgang-capek\/","title":{"rendered":"WOLFGANG CAPEK &#8211; Orgelkonzert"},"content":{"rendered":"<p><\/p>\n<p>Der Wiener Organist Wolfgang Capek spielt in der Kirche Santa Maria degli Angeli in Rom Werke von Bach, Lefebure-Wely, Saint-Saens, Reuchsel, Dupr\u00e9 und Hakim.<\/p>\n<p><strong>Programm:<\/strong><\/p>\n<p><strong>J.S.BACH<\/strong>\u00a0 \u00a0 \u00a0 \u00a0 \u00a0 \u00a0 \u00a0 \u00a0 \u00a0 \u00a0 \u00a0 \u00a0 \u00a0 \u00a0 \u00a0 \u00a0 \u00a0 \u00a0 \u00a0 \u00a0 \u00a0 \u00a0Sinfonia dalla Cantata BWV 29<br \/>\n(1685-1750)\u00a0 \u00a0 \u00a0 \u00a0 \u00a0 \u00a0 \u00a0 \u00a0 \u00a0 \u00a0 \u00a0 \u00a0 \u00a0 \u00a0 \u00a0 \u00a0 \u00a0 \u00a0 \u00a0 \u00a0 \u201cWir danken dir Gott, wir danken dir\u201d (trascr.di Wolfram Gehring)<\/p>\n<p>\u00a0 \u00a0 \u00a0 \u00a0 \u00a0 \u00a0 \u00a0 \u00a0 \u00a0 \u00a0 \u00a0 \u00a0 \u00a0 \u00a0 \u00a0 \u00a0 \u00a0 \u00a0 \u00a0 \u00a0 \u00a0 \u00a0 \u00a0 \u00a0 \u00a0 \u00a0 \u00a0 \u00a0 \u00a0 \u00a0 Choralvorspiel<br \/>\n\u00a0 \u00a0 \u00a0 \u00a0 \u00a0 \u00a0 \u00a0 \u00a0 \u00a0 \u00a0 \u00a0 \u00a0 \u00a0 \u00a0 \u00a0 \u00a0 \u00a0 \u00a0 \u00a0 \u00a0 \u00a0 \u00a0 \u00a0 \u00a0 \u00a0 \u00a0 \u00a0 \u00a0 \u00a0 \u00a0 \u201eLiebster Jesu wir sind hier\u201c, BWV 731<\/p>\n<p>\u00a0 \u00a0 \u00a0 \u00a0 \u00a0 \u00a0 \u00a0 \u00a0 \u00a0 \u00a0 \u00a0 \u00a0 \u00a0 \u00a0 \u00a0 \u00a0 \u00a0 \u00a0 \u00a0 \u00a0 \u00a0 \u00a0 \u00a0 \u00a0 \u00a0 \u00a0 \u00a0 \u00a0 \u00a0 \u00a0 Toccata, Adagio und Fuge C-Dur, BWV 564<\/p>\n<p>&nbsp;<\/p>\n<p><strong>Louis J.A.LEFEBURE-WELY<\/strong> \u00a0\u00a0\u00a0\u00a0\u00a0\u00a0\u00a0\u00a0\u00a0 Verset\u00a0 fa-magg.<br \/>\n(1817-1869)\u00a0 \u00a0 \u00a0 \u00a0 \u00a0 \u00a0 \u00a0 \u00a0 \u00a0 \u00a0 \u00a0 \u00a0 \u00a0 \u00a0 \u00a0 \u00a0 \u00a0 \u00a0 \u00a0 \u00a0Offertoire do-magg.<\/p>\n<p>&nbsp;<\/p>\n<p><strong>Camille SAINT-SAENS<\/strong>\u00a0 \u00a0 \u00a0 \u00a0 \u00a0 \u00a0 \u00a0 \u00a0 \u00a0 \u00a0 \u00a0Fantaisie mi-b\u00e9mol magg.<br \/>\n(1835-1921)<\/p>\n<p>&nbsp;<\/p>\n<p><strong>Eug\u00e8ne REUCHSEL \u00a0<\/strong>\u00a0 \u00a0 \u00a0 \u00a0 \u00a0 \u00a0 \u00a0 \u00a0 \u00a0 \u00a0 \u00a0 \u00a0Dalle \u00ab Promenades en Provence \u00bb<br \/>\n(1900-1988\u00a0 \u00a0 \u00a0 \u00a0 \u00a0 \u00a0 \u00a0 \u00a0 \u00a0 \u00a0 \u00a0 \u00a0 \u00a0 \u00a0 \u00a0 \u00a0 \u00a0 \u00a0 \u00a0 \u00a0 \u2018Tambourinaires sur la place de Vieux salins\u2019<br \/>\n\u00a0 \u00a0 \u00a0 \u00a0 \u00a0 \u00a0 \u00a0 \u00a0 \u00a0 \u00a0 \u00a0 \u00a0 \u00a0 \u00a0 \u00a0 \u00a0 \u00a0 \u00a0 \u00a0 \u00a0 \u00a0 \u00a0 \u00a0 \u00a0 \u00a0 \u00a0 \u00a0 \u00a0 \u00a0 \u00a0\u2018Nuages ensoleill\u00e9s au Cap N\u00e8gre\u2019<\/p>\n<p>&nbsp;<\/p>\n<p><strong>Marcel DUPR\u00c9\u00a0<\/strong>\u00a0\u00a0\u00a0\u00a0\u00a0\u00a0\u00a0\u00a0\u00a0\u00a0\u00a0\u00a0\u00a0\u00a0\u00a0\u00a0\u00a0\u00a0\u00a0\u00a0\u00a0\u00a0\u00a0\u00a0\u00a0\u00a0\u00a0\u00a0\u00a0\u00a0\u00a0\u00a0 Magnificat-Antiphon op.18\/3<br \/>\n(1886-1971)\u00a0 \u00a0 \u00a0 \u00a0 \u00a0 \u00a0 \u00a0 \u00a0 \u00a0 \u00a0 \u00a0 \u00a0 \u00a0 \u00a0 \u00a0 \u00a0 \u00a0 \u00a0 \u00a0 \u00a0(Tr\u00e8s lent et sans rigueur)<\/p>\n<p>&nbsp;<\/p>\n<p><strong>Naji HAKIM<\/strong> \u00a0\u00a0\u00a0\u00a0\u00a0\u00a0\u00a0\u00a0\u00a0\u00a0\u00a0\u00a0\u00a0\u00a0\u00a0\u00a0\u00a0\u00a0\u00a0\u00a0\u00a0\u00a0\u00a0\u00a0\u00a0\u00a0\u00a0\u00a0\u00a0\u00a0\u00a0\u00a0\u00a0\u00a0\u00a0\u00a0\u00a0 \u2018I love the colourful world\u2019<br \/>\n(*1955)\u00a0 \u00a0 \u00a0 \u00a0 \u00a0 \u00a0 \u00a0 \u00a0 \u00a0 \u00a0 \u00a0 \u00a0 \u00a0 \u00a0 \u00a0 \u00a0 \u00a0 \u00a0 \u00a0 \u00a0 \u00a0 \u00a0 \u00a0 Toccata<\/p>\n<p>&nbsp;<\/p>\n<p><strong>Biografie:<\/strong><\/p>\n<p><strong>Wolfgang CAPEK<\/strong> absolvierte seine Studien in Orgel (bei Herbert Tachezi), Klavier (Hans Kann, Hilde Langer-R\u00fchl), Komposition und Kirchenmusik an der Hochschule f\u00fcr Musik und darstellende Kunst in Wien sowie in Frankreich (bei Louis Robillard) und ist seither als Konzertorganist wie Pianist t\u00e4tig.<br \/>\nZahlreiche Konzertreisen, Aufnahmen und Meisterkurse f\u00fchrten ihn in die Musikzentren nahezu aller L\u00e4nder Europas, in die USA, nach Russland, Fernost und Australien. Als Solist wie auch kammermusikalisch arbeitet er st\u00e4ndig mit diversen bedeutenden in- und ausl\u00e4ndischen Ensembles unter namhaften Dirigenten zusammen.\u00a0<br \/>\nLangj\u00e4hrig Organist und Leiter der Chor- und Orchestergemeinschaft an der Marienkirche in Wien-Hernals, ist er seit 2009 auch Hauptorganist an der Augustinerkirche, dem kirchenmusikalischen Zentrum Wiens und k\u00fcnstlerischer Leiter des internationalen \u201eSommer-Orgelfestivals St.Augustin\u201c.<br \/>\nWolfgang Capek ist a.o.Professor an der Universit\u00e4t f\u00fcr Musik und darstellende Kunst in Wien f\u00fcr Orgel und Klavier.<br \/>\nSeine vielf\u00e4ltige musikalische T\u00e4tigkeit umfasst Kompositionen f\u00fcr Klavier, Orgel und Chor wie Arrangements von Klavier- und Orchesterwerken f\u00fcr Orgel solo. Aufnahmen f\u00fcr Rundfunk und Schallplatte bzw.CD.<br \/>\nSein breitgef\u00e4chertes, virtuoses Repertoire umfasst alle Stilrichtungen mit einem Schwerpunkt bei der gro\u00dfdimensionierten Orgelliteratur des sp\u00e4ten 19.und fr\u00fchen 20. Jhdts.<\/p>\n<p><\/p>","protected":false},"excerpt":{"rendered":"<\/p>\n<p>Der Wiener Organist Wolfgang Capek spielt in der Kirche Santa Maria degli Angeli in Rom Werke von Bach, Lefebure-Wely, Saint-Saens, Reuchsel, Dupr\u00e9 und Hakim.<\/p>\n<p>Programm:<\/p>\n<p>J.S.BACH\u00a0 \u00a0 \u00a0 \u00a0 \u00a0 \u00a0 \u00a0 \u00a0 \u00a0 \u00a0 \u00a0 \u00a0 \u00a0 \u00a0 \u00a0 \u00a0 \u00a0 \u00a0 \u00a0 \u00a0 \u00a0 \u00a0Sinfonia dalla Cantata BWV 29<br \/>\n(1685-1750)\u00a0 \u00a0 \u00a0 \u00a0 \u00a0 \u00a0 \u00a0 \u00a0 \u00a0 \u00a0 \u00a0 \u00a0 \u00a0 \u00a0 \u00a0 \u00a0 \u00a0 \u00a0 \u00a0 \u00a0 \u201cWir danken dir Gott, wir danken dir\u201d (trascr.di Wolfram Gehring)<\/p>\n<p>\u00a0 \u00a0 [&#8230;]<\/p>\n","protected":false},"author":2,"featured_media":7332,"comment_status":"closed","ping_status":"closed","template":"","meta":{"footnotes":""},"tags":[],"tribe_events_cat":[3],"class_list":["post-7325","tribe_events","type-tribe_events","status-publish","has-post-thumbnail","hentry","tribe_events_cat-musik","cat_musik"],"_links":{"self":[{"href":"https:\/\/www.austriacult.roma.it\/de\/wp-json\/wp\/v2\/tribe_events\/7325","targetHints":{"allow":["GET"]}}],"collection":[{"href":"https:\/\/www.austriacult.roma.it\/de\/wp-json\/wp\/v2\/tribe_events"}],"about":[{"href":"https:\/\/www.austriacult.roma.it\/de\/wp-json\/wp\/v2\/types\/tribe_events"}],"author":[{"embeddable":true,"href":"https:\/\/www.austriacult.roma.it\/de\/wp-json\/wp\/v2\/users\/2"}],"replies":[{"embeddable":true,"href":"https:\/\/www.austriacult.roma.it\/de\/wp-json\/wp\/v2\/comments?post=7325"}],"version-history":[{"count":0,"href":"https:\/\/www.austriacult.roma.it\/de\/wp-json\/wp\/v2\/tribe_events\/7325\/revisions"}],"wp:featuredmedia":[{"embeddable":true,"href":"https:\/\/www.austriacult.roma.it\/de\/wp-json\/wp\/v2\/media\/7332"}],"wp:attachment":[{"href":"https:\/\/www.austriacult.roma.it\/de\/wp-json\/wp\/v2\/media?parent=7325"}],"wp:term":[{"taxonomy":"post_tag","embeddable":true,"href":"https:\/\/www.austriacult.roma.it\/de\/wp-json\/wp\/v2\/tags?post=7325"},{"taxonomy":"tribe_events_cat","embeddable":true,"href":"https:\/\/www.austriacult.roma.it\/de\/wp-json\/wp\/v2\/tribe_events_cat?post=7325"}],"curies":[{"name":"wp","href":"https:\/\/api.w.org\/{rel}","templated":true}]}}

<p></p>
<p>Der Wiener Organist Wolfgang Capek spielt in der Kirche Santa Maria degli Angeli in Rom Werke von Bach, Lefebure-Wely, Saint-Saens, Reuchsel, Dupré und Hakim.</p>
<p><strong>Programm:</strong></p>
<p><strong>J.S.BACH</strong>                                           Sinfonia dalla Cantata BWV 29<br />
(1685-1750)                                        “Wir danken dir Gott, wir danken dir” (trascr.di Wolfram Gehring)</p>
<p>                                                            Choralvorspiel<br />
                                                            „Liebster Jesu wir sind hier“, BWV 731</p>
<p>                                                            Toccata, Adagio und Fuge C-Dur, BWV 564</p>
<p>&nbsp;</p>
<p><strong>Louis J.A.LEFEBURE-WELY</strong>           Verset  fa-magg.<br />
(1817-1869)                                       Offertoire do-magg.</p>
<p>&nbsp;</p>
<p><strong>Camille SAINT-SAENS</strong>                     Fantaisie mi-bémol magg.<br />
(1835-1921)</p>
<p>&nbsp;</p>
<p><strong>Eugène REUCHSEL  </strong>                       Dalle « Promenades en Provence »<br />
(1900-1988                                        ‘Tambourinaires sur la place de Vieux salins’<br />
                                                           ‘Nuages ensoleillés au Cap Nègre’</p>
<p>&nbsp;</p>
<p><strong>Marcel DUPRÉ </strong>                                 Magnificat-Antiphon op.18/3<br />
(1886-1971)                                       (Très lent et sans rigueur)</p>
<p>&nbsp;</p>
<p><strong>Naji HAKIM</strong>                                       ‘I love the colourful world’<br />
(*1955)                                              Toccata</p>
<p>&nbsp;</p>
<p><strong>Biografie:</strong></p>
<p><strong>Wolfgang CAPEK</strong> absolvierte seine Studien in Orgel (bei Herbert Tachezi), Klavier (Hans Kann, Hilde Langer-Rühl), Komposition und Kirchenmusik an der Hochschule für Musik und darstellende Kunst in Wien sowie in Frankreich (bei Louis Robillard) und ist seither als Konzertorganist wie Pianist tätig.<br />
Zahlreiche Konzertreisen, Aufnahmen und Meisterkurse führten ihn in die Musikzentren nahezu aller Länder Europas, in die USA, nach Russland, Fernost und Australien. Als Solist wie auch kammermusikalisch arbeitet er ständig mit diversen bedeutenden in- und ausländischen Ensembles unter namhaften Dirigenten zusammen. <br />
Langjährig Organist und Leiter der Chor- und Orchestergemeinschaft an der Marienkirche in Wien-Hernals, ist er seit 2009 auch Hauptorganist an der Augustinerkirche, dem kirchenmusikalischen Zentrum Wiens und künstlerischer Leiter des internationalen „Sommer-Orgelfestivals St.Augustin“.<br />
Wolfgang Capek ist a.o.Professor an der Universität für Musik und darstellende Kunst in Wien für Orgel und Klavier.<br />
Seine vielfältige musikalische Tätigkeit umfasst Kompositionen für Klavier, Orgel und Chor wie Arrangements von Klavier- und Orchesterwerken für Orgel solo. Aufnahmen für Rundfunk und Schallplatte bzw.CD.<br />
Sein breitgefächertes, virtuoses Repertoire umfasst alle Stilrichtungen mit einem Schwerpunkt bei der großdimensionierten Orgelliteratur des späten 19.und frühen 20. Jhdts.</p>
<p></p>

</p>
<p>Der Wiener Organist Wolfgang Capek spielt in der Kirche Santa Maria degli Angeli in Rom Werke von Bach, Lefebure-Wely, Saint-Saens, Reuchsel, Dupré und Hakim.</p>
<p>Programm:</p>
<p>J.S.BACH                                           Sinfonia dalla Cantata BWV 29<br />
(1685-1750)                                        “Wir danken dir Gott, wir danken dir” (trascr.di Wolfram Gehring)</p>
<p>    [&#8230;]</p>
