{"id":7288,"date":"2019-10-22T14:26:24","date_gmt":"2019-10-22T12:26:24","guid":{"rendered":"https:\/\/www.austriacult.roma.it\/?post_type=tribe_events&#038;p=7288"},"modified":"2019-10-22T14:59:47","modified_gmt":"2019-10-22T12:59:47","slug":"wittenstein-e-la-grande-guerra","status":"publish","type":"tribe_events","link":"https:\/\/www.austriacult.roma.it\/de\/veranstaltung\/wittenstein-e-la-grande-guerra\/","title":{"rendered":"Wittgenstein und der Erste Weltkrieg"},"content":{"rendered":"<p><\/p>\n<p>Der gro\u00dfe \u00f6sterreichische Philosoph Ludwig Wittgenstein steht im Zentrum einer Tagung an der Universit\u00e4t Cassino.<\/p>\n<p><a href=\"https:\/\/www.austriacult.roma.it\/wp-content\/uploads\/2019\/10\/Programma.pdf\"><u>Programm<\/u><\/a><\/p>\n<p><\/p>","protected":false},"excerpt":{"rendered":"<\/p>\n<p>Der gro\u00dfe \u00f6sterreichische Philosoph Ludwig Wittgenstein steht im Zentrum einer Tagung an der Universit\u00e4t Cassino.<\/p>\n<p><a href=\"https:\/\/www.austriacult.roma.it\/wp-content\/uploads\/2019\/10\/Programma.pdf\">Programm<\/a><\/p><\/p>\n","protected":false},"author":2,"featured_media":7295,"comment_status":"closed","ping_status":"closed","template":"","meta":{"footnotes":""},"tags":[],"tribe_events_cat":[],"class_list":["post-7288","tribe_events","type-tribe_events","status-publish","has-post-thumbnail","hentry"],"_links":{"self":[{"href":"https:\/\/www.austriacult.roma.it\/de\/wp-json\/wp\/v2\/tribe_events\/7288","targetHints":{"allow":["GET"]}}],"collection":[{"href":"https:\/\/www.austriacult.roma.it\/de\/wp-json\/wp\/v2\/tribe_events"}],"about":[{"href":"https:\/\/www.austriacult.roma.it\/de\/wp-json\/wp\/v2\/types\/tribe_events"}],"author":[{"embeddable":true,"href":"https:\/\/www.austriacult.roma.it\/de\/wp-json\/wp\/v2\/users\/2"}],"replies":[{"embeddable":true,"href":"https:\/\/www.austriacult.roma.it\/de\/wp-json\/wp\/v2\/comments?post=7288"}],"version-history":[{"count":0,"href":"https:\/\/www.austriacult.roma.it\/de\/wp-json\/wp\/v2\/tribe_events\/7288\/revisions"}],"wp:featuredmedia":[{"embeddable":true,"href":"https:\/\/www.austriacult.roma.it\/de\/wp-json\/wp\/v2\/media\/7295"}],"wp:attachment":[{"href":"https:\/\/www.austriacult.roma.it\/de\/wp-json\/wp\/v2\/media?parent=7288"}],"wp:term":[{"taxonomy":"post_tag","embeddable":true,"href":"https:\/\/www.austriacult.roma.it\/de\/wp-json\/wp\/v2\/tags?post=7288"},{"taxonomy":"tribe_events_cat","embeddable":true,"href":"https:\/\/www.austriacult.roma.it\/de\/wp-json\/wp\/v2\/tribe_events_cat?post=7288"}],"curies":[{"name":"wp","href":"https:\/\/api.w.org\/{rel}","templated":true}]}}

<p></p>
<p>Der große österreichische Philosoph Ludwig Wittgenstein steht im Zentrum einer Tagung an der Universität Cassino.</p>
<p><a href="https://www.austriacult.roma.it/wp-content/uploads/2019/10/Programma.pdf"><u>Programm</u></a></p>
<p></p>

</p>
<p>Der große österreichische Philosoph Ludwig Wittgenstein steht im Zentrum einer Tagung an der Universität Cassino.</p>
<p><a href="https://www.austriacult.roma.it/wp-content/uploads/2019/10/Programma.pdf">Programm</a></p></p>
