{"id":7205,"date":"2019-10-15T16:37:01","date_gmt":"2019-10-15T14:37:01","guid":{"rendered":"https:\/\/www.austriacult.roma.it\/?post_type=tribe_events&#038;p=7205"},"modified":"2019-10-15T16:57:57","modified_gmt":"2019-10-15T14:57:57","slug":"sigmund-freud-in-italia","status":"publish","type":"tribe_events","link":"https:\/\/www.austriacult.roma.it\/de\/veranstaltung\/sigmund-freud-in-italien\/","title":{"rendered":"J\u00f6rg-Dieter Kogel: Im Land der Tr\u00e4ume. Mit Sigmund Freud in Italien"},"content":{"rendered":"<p><\/p>\n<p><span lang=\"DE\"><strong>J\u00d6RG-DIETER KOGEL<\/strong><br \/>\n<em><strong>Im Land der Tr\u00e4ume &#8211; Mit Sigmund Freud in Italien<\/strong><\/em><\/span><\/p>\n<p><span lang=\"DE\">\u00a0\u201eVon den Herrlichkeiten der Erde naschen\u201c, so nannte Sigmund Freud die zahlreichen Reisen, die er nach Rom, in die Toskana und Umbrien oder quer durch Sizilien unternahm, das er f\u00fcr dass &#8222;sch\u00f6nste St\u00fccks Italiens&#8220; hielt. Kaum in Sorrent angekommen, schrieb er im August 1902\u00a0 an die Daheimgebliebenen: &#8222;Endlich hier ist das Schlaraffenland.&#8220; Italien galt Freud schlechthin als das &#8222;gelobte Land&#8220;. &#8222;Soviel an Farbenglanz, Wohlger\u00fcchen, Aussichten und Wohlbefinden habe ich noch nicht beisammen gehabt&#8220;, meldete er der Familie nach Wien. Insbesondere die Hauptstadt Rom, wohin er allein siebenmal aufbrach, versetzten den Begr\u00fcnder der Psychoanalyse in Verz\u00fccken. Die Reisen in die r\u00f6mische Kapitale galten ihm als die Erf\u00fcllung eines Kindheitstraums und als ein &#8222;H\u00f6hepunkt des Lebens&#8220;. Freud und Italien: das ist eine Liebesgeschichte der besonderen Art, die J\u00f6rg-Dieter Kogel in dem Buch &#8222;<em>Im Land der Tr\u00e4ume &#8211; Mit Sigmund Freud in Italien<\/em>&#8220; erz\u00e4hlt.<\/span><\/p>\n<p><span lang=\"DE\"><strong><a href=\"https:\/\/www.austriacult.roma.it\/wp-content\/uploads\/2019\/10\/kogel-kein-copyright.jpg\"><img loading=\"lazy\" decoding=\"async\" class=\"wp-image-7212 alignleft\" src=\"https:\/\/www.austriacult.roma.it\/wp-content\/uploads\/2019\/10\/kogel-kein-copyright.jpg\" alt=\"\" width=\"106\" height=\"147\" \/><\/a>J\u00f6rg-Dieter Kogel<\/strong>, Journalist und Rundfunkredakteur, war lange Jahre Programmleiter des Nordwestradios von Radio Bremen und dem NDR. Herausgeber der &#8222;<em>R\u00f6mischen Reportagen<\/em>&#8220; von Ingeborg Bachmann, f\u00fcr die er als Stipendiat der Casa di Goethe einige Zeit in Rom verbrachte. Ferner Herausgeber der H\u00f6rb\u00fccher mit s\u00e4mtlichen Lesungen von G\u00fcnter Grass sowie Mitbegr\u00fcnder und Vorstandsmitglied der Bremer Grass-Stiftung.\u00a0<\/span><\/p>\n<p><span lang=\"DE\">In Zusammenarbeit mit der <a href=\"https:\/\/www.casadigoethe.it\/de\/veranstaltungen-2\"><strong>Casa di Goethe<\/strong><\/a><\/span><\/p>\n<p><\/p>","protected":false},"excerpt":{"rendered":"<\/p>\n<p>J\u00d6RG-DIETER KOGEL<br \/>\nIm Land der Tr\u00e4ume &#8211; Mit Sigmund Freud in Italien<\/p>\n<p>\u00a0\u201eVon den Herrlichkeiten der Erde naschen\u201c, so nannte Sigmund Freud die zahlreichen Reisen, die er nach Rom, in die Toskana und Umbrien oder quer durch Sizilien unternahm, das er f\u00fcr dass &#8222;sch\u00f6nste St\u00fccks Italiens&#8220; hielt. Kaum in Sorrent angekommen, schrieb er im August 1902\u00a0 an die Daheimgebliebenen: &#8222;Endlich hier ist das Schlaraffenland.&#8220; Italien galt Freud schlechthin als das &#8222;gelobte Land&#8220;. &#8222;Soviel an Farbenglanz, Wohlger\u00fcchen, Aussichten und Wohlbefinden habe ich [&#8230;]<\/p>\n","protected":false},"author":2,"featured_media":7211,"comment_status":"closed","ping_status":"closed","template":"","meta":{"footnotes":""},"tags":[],"tribe_events_cat":[],"class_list":["post-7205","tribe_events","type-tribe_events","status-publish","has-post-thumbnail","hentry"],"_links":{"self":[{"href":"https:\/\/www.austriacult.roma.it\/de\/wp-json\/wp\/v2\/tribe_events\/7205","targetHints":{"allow":["GET"]}}],"collection":[{"href":"https:\/\/www.austriacult.roma.it\/de\/wp-json\/wp\/v2\/tribe_events"}],"about":[{"href":"https:\/\/www.austriacult.roma.it\/de\/wp-json\/wp\/v2\/types\/tribe_events"}],"author":[{"embeddable":true,"href":"https:\/\/www.austriacult.roma.it\/de\/wp-json\/wp\/v2\/users\/2"}],"replies":[{"embeddable":true,"href":"https:\/\/www.austriacult.roma.it\/de\/wp-json\/wp\/v2\/comments?post=7205"}],"version-history":[{"count":0,"href":"https:\/\/www.austriacult.roma.it\/de\/wp-json\/wp\/v2\/tribe_events\/7205\/revisions"}],"wp:featuredmedia":[{"embeddable":true,"href":"https:\/\/www.austriacult.roma.it\/de\/wp-json\/wp\/v2\/media\/7211"}],"wp:attachment":[{"href":"https:\/\/www.austriacult.roma.it\/de\/wp-json\/wp\/v2\/media?parent=7205"}],"wp:term":[{"taxonomy":"post_tag","embeddable":true,"href":"https:\/\/www.austriacult.roma.it\/de\/wp-json\/wp\/v2\/tags?post=7205"},{"taxonomy":"tribe_events_cat","embeddable":true,"href":"https:\/\/www.austriacult.roma.it\/de\/wp-json\/wp\/v2\/tribe_events_cat?post=7205"}],"curies":[{"name":"wp","href":"https:\/\/api.w.org\/{rel}","templated":true}]}}

Jörg-Dieter Kogel: Im Land der Träume. Mit Sigmund Freud in Italien

<p></p>
<p><span lang="DE"><strong>JÖRG-DIETER KOGEL</strong><br />
<em><strong>Im Land der Träume &#8211; Mit Sigmund Freud in Italien</strong></em></span></p>
<p><span lang="DE"> „Von den Herrlichkeiten der Erde naschen“, so nannte Sigmund Freud die zahlreichen Reisen, die er nach Rom, in die Toskana und Umbrien oder quer durch Sizilien unternahm, das er für dass &#8222;schönste Stücks Italiens&#8220; hielt. Kaum in Sorrent angekommen, schrieb er im August 1902  an die Daheimgebliebenen: &#8222;Endlich hier ist das Schlaraffenland.&#8220; Italien galt Freud schlechthin als das &#8222;gelobte Land&#8220;. &#8222;Soviel an Farbenglanz, Wohlgerüchen, Aussichten und Wohlbefinden habe ich noch nicht beisammen gehabt&#8220;, meldete er der Familie nach Wien. Insbesondere die Hauptstadt Rom, wohin er allein siebenmal aufbrach, versetzten den Begründer der Psychoanalyse in Verzücken. Die Reisen in die römische Kapitale galten ihm als die Erfüllung eines Kindheitstraums und als ein &#8222;Höhepunkt des Lebens&#8220;. Freud und Italien: das ist eine Liebesgeschichte der besonderen Art, die Jörg-Dieter Kogel in dem Buch &#8222;<em>Im Land der Träume &#8211; Mit Sigmund Freud in Italien</em>&#8220; erzählt.</span></p>
<p><span lang="DE"><strong><a href="https://www.austriacult.roma.it/wp-content/uploads/2019/10/kogel-kein-copyright.jpg"><img loading="lazy" decoding="async" class="wp-image-7212 alignleft" src="https://www.austriacult.roma.it/wp-content/uploads/2019/10/kogel-kein-copyright.jpg" alt="" width="106" height="147" /></a>Jörg-Dieter Kogel</strong>, Journalist und Rundfunkredakteur, war lange Jahre Programmleiter des Nordwestradios von Radio Bremen und dem NDR. Herausgeber der &#8222;<em>Römischen Reportagen</em>&#8220; von Ingeborg Bachmann, für die er als Stipendiat der Casa di Goethe einige Zeit in Rom verbrachte. Ferner Herausgeber der Hörbücher mit sämtlichen Lesungen von Günter Grass sowie Mitbegründer und Vorstandsmitglied der Bremer Grass-Stiftung. </span></p>
<p><span lang="DE">In Zusammenarbeit mit der <a href="https://www.casadigoethe.it/de/veranstaltungen-2"><strong>Casa di Goethe</strong></a></span></p>
<p></p>

</p>
<p>JÖRG-DIETER KOGEL<br />
Im Land der Träume &#8211; Mit Sigmund Freud in Italien</p>
<p> „Von den Herrlichkeiten der Erde naschen“, so nannte Sigmund Freud die zahlreichen Reisen, die er nach Rom, in die Toskana und Umbrien oder quer durch Sizilien unternahm, das er für dass &#8222;schönste Stücks Italiens&#8220; hielt. Kaum in Sorrent angekommen, schrieb er im August 1902  an die Daheimgebliebenen: &#8222;Endlich hier ist das Schlaraffenland.&#8220; Italien galt Freud schlechthin als das &#8222;gelobte Land&#8220;. &#8222;Soviel an Farbenglanz, Wohlgerüchen, Aussichten und Wohlbefinden habe ich [&#8230;]</p>
