{"id":715,"date":"2014-02-10T19:47:35","date_gmt":"2014-02-10T18:47:35","guid":{"rendered":"http:\/\/web.austriacult.roma.it\/de\/?post_type=tribe_events&#038;p=715"},"modified":"2014-02-10T19:48:32","modified_gmt":"2014-02-10T18:48:32","slug":"concerto-per-violino-e-violoncello-con-edua-zadory-e-ana-topalovic","status":"publish","type":"tribe_events","link":"https:\/\/www.austriacult.roma.it\/de\/veranstaltung\/concerto-per-violino-e-violoncello-con-edua-zadory-e-ana-topalovic\/","title":{"rendered":"Concerto per violino e violoncello con \u00c9dua Z\u00e1dory e Ana Topalovi\u0107"},"content":{"rendered":"<p>Il duo Z\u00e1dory-Topalovi\u0107 rappresenta una delle formazioni pi\u00f9 innovative e interessanti di Vienna, capace di portare una nuova vitalit\u00e0 alla musica classica e facendosi allo stesso tempo promotore del repertorio contemporaneo per violino e violoncello. Il duo coniuga la ricchezza della musica da camera con l\u2019intimit\u00e0 delle performance soliste, lo straordinario virtuosismo su strumenti della famiglia Gagliano (Napoli, 1800) con un universo sonoro del tutto moderno.<\/p>\n<p>Il programma \u201cKlassische Moderne \u2013 Moderne Klassik\u201d propone un suggestivo viaggio attraverso la musica del 20\u00b0 e 21\u00b0 secolo, passando da melodie appassionate e profonde a sonorit\u00e0 briose e allegre.<\/p>\n<p><strong><a href=\"www.eduazadory.net\">\u00c9dua Amarilla Z\u00e1dory<\/a><\/strong><br \/>\nIl cui nome, tradotto in italiano, significa \u201cluminoso sorgere della luna\u201d, \u00e8 nata nella citt\u00e0 ungherese di Kecskem\u00e9t nel 1974. A sette anni comincia a studiare violino ed \u00e8 ammessa \u201cper straordinario talento\u201c al conservatorio Franz Liszt di Szeged, vince il concorso di violino della citt\u00e0 e riceve una prestigiosa borsa di studio. Dal 1992 \u00c9dua Z\u00e1dory studia sotto la guida dei maestri Habib Kayaleh e Tibor Varga. Successivamente Yehudi Menuhin, uno dei pi\u00f9 grandi violinisti del Ventesimo secolo, riconosce il potenziale di Z\u00e1dory e invita la studentessa a frequentare una sua masterclass a Gstaad. Nel 1997 elegge Vienna, la capitale della musica, a sua patria d\u2019adozione. Allo studio presso l\u2019Universit\u00e0 della Musica con G\u00fcnter Pichler, il primo violino del quartetto Alban Berg, e con Ernst Kovacic, seguono masterclass di Istv\u00e1n Ruha, P\u00e9ter Koml\u00f3s e con il trio Altenberg di Vienna. Esibizioni presso festival europei e d\u2019oltreoceano hanno contribuito alla sua fama internazionale. In Austria Z\u00e1dory si esibisce come solista, con l\u2019Hungaria Piano Trio, e anche come primo violino della Wiener Kammerorchester soprattutto presso la Konzerthaus di Vienna.<br \/>\n\u00c9dua Amarilla Z\u00e1dory suona un violino di Giuseppe e Antonio Gagliano del 1801.<\/p>\n<p><strong><a href=\"www.anatopalovic.com\">Ana Topalovi\u0107<\/a><\/strong><br \/>\nAna Topalovic \u00e8 nata nel 1981 a Belgrado e dal 1999 vive a Vienna. In quanto \u201cvioloncellista allaround\u201d la Topalovi\u0107 rappresenta un\u2019attiva partecipante della scena musicale viennese. La musicista inizia i suoi studi presso il conservatorio di Vienna sotto la guida dei M\u00b0 Jontscho Bayrov, Lilia Schulz-Bayrova e Martin Hornstein. Prosegue gli studi presso l\u2019Universit\u00e0 della Musica di Colonia seguendo la rinomata violoncellista Maria Kliegel. Successivamente \u00e8 stata formata da masterclass con il violoncellista solista dei Wiener Philharmoniker, Robert Nagy, e con il violoncellista solista dei Berliner Philarmoniker Martin L\u00f6hr. La Topalovik ha vinto numerosi premi tra cui il primo premio del 20. IBLA Grand Prize di Ragusa nel 2011, il premio speciale per l\u2019interpretazione di P. Vasks \u201cDas Buch\u201d e nel 2012 \u00e8 stata invitata ad esibirsi in tournee negli Stati Uniti dove ha debuttato nella Carnegie Hall. La musicista ha avuto la possibilit\u00e0 di confrontarsi con grandi direttori e artisti tra cui Daniel Barenboim, Yakov Kreizberg, Maxim Vengerov ed altri ancora. Il suo interesse per la \u201cNeue Musik\u201d l\u2019ha portata a collaborare con illustri compositori tra cui Friedrich Cerha, Johanna Doderer, Rene Clemencic ed altri ancora.<br \/>\nAna Topalovic suona un violoncello di R. e C. Gagliano del 1815.<\/p>\n<p><em>Ingresso libero fino a esaurimento posti<br \/>\nIngresso a partire dalle ore 19:30. Vi preghiamo di presentarvi in anticipo, poich\u00e9 non \u00e8 possibile accettare prenotazioni!<\/em><\/p>\n","protected":false},"excerpt":{"rendered":"<p>Il duo Z\u00e1dory-Topalovi\u0107 rappresenta una delle formazioni pi\u00f9 innovative e interessanti di Vienna, capace di portare una nuova vitalit\u00e0 alla musica classica e facendosi allo stesso tempo promotore del repertorio contemporaneo per violino e violoncello. Il duo coniuga la ricchezza della musica da camera con l\u2019intimit\u00e0 delle performance soliste, lo straordinario virtuosismo su strumenti della famiglia Gagliano (Napoli, 1800) con un universo sonoro del tutto moderno.<\/p>\n<p>Il programma \u201cKlassische Moderne \u2013 Moderne Klassik\u201d propone un suggestivo viaggio attraverso la musica del [&#8230;]<\/p>\n","protected":false},"author":2,"featured_media":716,"comment_status":"closed","ping_status":"closed","template":"","meta":{"footnotes":""},"tags":[42],"tribe_events_cat":[32,3],"class_list":["post-715","tribe_events","type-tribe_events","status-publish","has-post-thumbnail","hentry","tag-concerto","tribe_events_cat-programm","tribe_events_cat-musik","cat_programm","cat_musik"],"_links":{"self":[{"href":"https:\/\/www.austriacult.roma.it\/de\/wp-json\/wp\/v2\/tribe_events\/715","targetHints":{"allow":["GET"]}}],"collection":[{"href":"https:\/\/www.austriacult.roma.it\/de\/wp-json\/wp\/v2\/tribe_events"}],"about":[{"href":"https:\/\/www.austriacult.roma.it\/de\/wp-json\/wp\/v2\/types\/tribe_events"}],"author":[{"embeddable":true,"href":"https:\/\/www.austriacult.roma.it\/de\/wp-json\/wp\/v2\/users\/2"}],"replies":[{"embeddable":true,"href":"https:\/\/www.austriacult.roma.it\/de\/wp-json\/wp\/v2\/comments?post=715"}],"version-history":[{"count":0,"href":"https:\/\/www.austriacult.roma.it\/de\/wp-json\/wp\/v2\/tribe_events\/715\/revisions"}],"wp:featuredmedia":[{"embeddable":true,"href":"https:\/\/www.austriacult.roma.it\/de\/wp-json\/wp\/v2\/media\/716"}],"wp:attachment":[{"href":"https:\/\/www.austriacult.roma.it\/de\/wp-json\/wp\/v2\/media?parent=715"}],"wp:term":[{"taxonomy":"post_tag","embeddable":true,"href":"https:\/\/www.austriacult.roma.it\/de\/wp-json\/wp\/v2\/tags?post=715"},{"taxonomy":"tribe_events_cat","embeddable":true,"href":"https:\/\/www.austriacult.roma.it\/de\/wp-json\/wp\/v2\/tribe_events_cat?post=715"}],"curies":[{"name":"wp","href":"https:\/\/api.w.org\/{rel}","templated":true}]}}

Concerto per violino e violoncello con Édua Zádory e Ana Topalović

<p>Il duo Zádory-Topalović rappresenta una delle formazioni più innovative e interessanti di Vienna, capace di portare una nuova vitalità alla musica classica e facendosi allo stesso tempo promotore del repertorio contemporaneo per violino e violoncello. Il duo coniuga la ricchezza della musica da camera con l’intimità delle performance soliste, lo straordinario virtuosismo su strumenti della famiglia Gagliano (Napoli, 1800) con un universo sonoro del tutto moderno.</p>
<p>Il programma “Klassische Moderne – Moderne Klassik” propone un suggestivo viaggio attraverso la musica del 20° e 21° secolo, passando da melodie appassionate e profonde a sonorità briose e allegre.</p>
<p><strong><a href="www.eduazadory.net">Édua Amarilla Zádory</a></strong><br />
Il cui nome, tradotto in italiano, significa “luminoso sorgere della luna”, è nata nella città ungherese di Kecskemét nel 1974. A sette anni comincia a studiare violino ed è ammessa “per straordinario talento“ al conservatorio Franz Liszt di Szeged, vince il concorso di violino della città e riceve una prestigiosa borsa di studio. Dal 1992 Édua Zádory studia sotto la guida dei maestri Habib Kayaleh e Tibor Varga. Successivamente Yehudi Menuhin, uno dei più grandi violinisti del Ventesimo secolo, riconosce il potenziale di Zádory e invita la studentessa a frequentare una sua masterclass a Gstaad. Nel 1997 elegge Vienna, la capitale della musica, a sua patria d’adozione. Allo studio presso l’Università della Musica con Günter Pichler, il primo violino del quartetto Alban Berg, e con Ernst Kovacic, seguono masterclass di István Ruha, Péter Komlós e con il trio Altenberg di Vienna. Esibizioni presso festival europei e d’oltreoceano hanno contribuito alla sua fama internazionale. In Austria Zádory si esibisce come solista, con l’Hungaria Piano Trio, e anche come primo violino della Wiener Kammerorchester soprattutto presso la Konzerthaus di Vienna.<br />
Édua Amarilla Zádory suona un violino di Giuseppe e Antonio Gagliano del 1801.</p>
<p><strong><a href="www.anatopalovic.com">Ana Topalović</a></strong><br />
Ana Topalovic è nata nel 1981 a Belgrado e dal 1999 vive a Vienna. In quanto “violoncellista allaround” la Topalović rappresenta un’attiva partecipante della scena musicale viennese. La musicista inizia i suoi studi presso il conservatorio di Vienna sotto la guida dei M° Jontscho Bayrov, Lilia Schulz-Bayrova e Martin Hornstein. Prosegue gli studi presso l’Università della Musica di Colonia seguendo la rinomata violoncellista Maria Kliegel. Successivamente è stata formata da masterclass con il violoncellista solista dei Wiener Philharmoniker, Robert Nagy, e con il violoncellista solista dei Berliner Philarmoniker Martin Löhr. La Topalovik ha vinto numerosi premi tra cui il primo premio del 20. IBLA Grand Prize di Ragusa nel 2011, il premio speciale per l’interpretazione di P. Vasks “Das Buch” e nel 2012 è stata invitata ad esibirsi in tournee negli Stati Uniti dove ha debuttato nella Carnegie Hall. La musicista ha avuto la possibilità di confrontarsi con grandi direttori e artisti tra cui Daniel Barenboim, Yakov Kreizberg, Maxim Vengerov ed altri ancora. Il suo interesse per la “Neue Musik” l’ha portata a collaborare con illustri compositori tra cui Friedrich Cerha, Johanna Doderer, Rene Clemencic ed altri ancora.<br />
Ana Topalovic suona un violoncello di R. e C. Gagliano del 1815.</p>
<p><em>Ingresso libero fino a esaurimento posti<br />
Ingresso a partire dalle ore 19:30. Vi preghiamo di presentarvi in anticipo, poiché non è possibile accettare prenotazioni!</em></p>

<p>Il duo Zádory-Topalović rappresenta una delle formazioni più innovative e interessanti di Vienna, capace di portare una nuova vitalità alla musica classica e facendosi allo stesso tempo promotore del repertorio contemporaneo per violino e violoncello. Il duo coniuga la ricchezza della musica da camera con l’intimità delle performance soliste, lo straordinario virtuosismo su strumenti della famiglia Gagliano (Napoli, 1800) con un universo sonoro del tutto moderno.</p>
<p>Il programma “Klassische Moderne – Moderne Klassik” propone un suggestivo viaggio attraverso la musica del [&#8230;]</p>
