{"id":713,"date":"2014-02-10T19:38:40","date_gmt":"2014-02-10T18:38:40","guid":{"rendered":"http:\/\/web.austriacult.roma.it\/de\/?post_type=tribe_events&#038;p=713"},"modified":"2019-09-04T12:43:37","modified_gmt":"2019-09-04T10:43:37","slug":"carnet-forum-austriaco-j-c-f-bach-mozart-j-s-bach-haendel-3","status":"publish","type":"tribe_events","link":"https:\/\/www.austriacult.roma.it\/de\/veranstaltung\/carnet-forum-austriaco-j-c-f-bach-mozart-j-s-bach-handel\/","title":{"rendered":"*Carnet Forum Austriaco: J.C.F. Bach, Mozart, J.S. Bach, H\u00e4ndel"},"content":{"rendered":"<p><\/p>\n<p><b>18 marzo 2014 \/ marted\u00ec \/ ore 19.30<\/b><\/p>\n<p><b>Carnet Forum Austriaco: <\/b><\/p>\n<p><b>Orchestra dell\u2019Accademia Nazionale di Santa Cecilia<\/b><\/p>\n<p><b>Ton Koopman, <\/b>direttore<\/p>\n<p><b>Musiche di J.C. Bach, W.A. Mozart, J.S. Bach, G.F. H\u00e4ndel<\/b><\/p>\n<p>&nbsp;<\/p>\n<p><b>SPECIALE FORUM AUSTRIACO: presentando questa <\/b><a href=\"http:\/\/new.austriacult.roma.it\/files\/NL%20Carnet%20VII.pdf\"><b>newsletter<\/b><\/a><b> al botteghino potrai richiedere una riduzione del 10% sui singoli biglietti!<\/b><\/p>\n<p>&nbsp;<\/p>\n<p>Il re Giorgio I amava particolarmente gli spostamenti sul Tamigi in barca e utilizzava volentieri questo mezzo di trasporto anche per piccoli tragitti. Il 17 luglio del 1717 la passeggiata del re, che rientrava a Saint James Palace, fu allietata dall&#8217;esecuzione di una delle tre Suite composte da H\u00e4ndel per l&#8217;occasione. <b>Water Music<\/b>, nel vero senso della parola, visto che 50 musicisti seguivano la chiatta reale suonando ininterrottamente per la gioia del sovrano che apprezz\u00f2 a tal punto da far ripetere l&#8217;esecuzione per ben tre volte di seguito. <b>Organista e clavicembalista Ton Koopman<\/b> \u00e8 uno dei <b>pionieri della rinascita della musica antica<\/b> e uno degli attuali punti di riferimento per gli appassionati di questo genere. L&#8217;attenzione alla prassi musicale del passato e l&#8217;esecuzione con copie di strumenti storici sono una caratteristica dell&#8217;approccio della scuola olandese e anglosassone a cui Koopman appartiene e sono state un punto di riferimento per generazioni di musicisti. Il programma del concerto mette in luce la <b>versatilit\u00e0 e le qualit\u00e0 timbriche degli strumenti a fiato con le musiche di Johann Christian e Johann Sebastian Bach, la bellissima Sinfonia Concertante di Mozart. Nei ruoli solistici le eccellenti prime parti dell&#8217;Orchestra di Santa Cecilia<\/b>.<\/p>\n<p>&nbsp;<\/p>\n<p>Francesco Di Rosa, oboe<\/p>\n<p>Oboe solista dell&#8217;Orchestra dell&#8217;Accademia Nazionale di Santa Cecilia, ha ricoperto lo stesso ruolo nell&#8217;Orchestra del Teatro alla Scala dal 1995 al 2008. Avviato giovanissimo allo studio della musica ha ottenuto riconoscimenti internazionali che hanno contribuito allo sviluppo della sua carriera nel corso della quale ha collaborato e collabora con i maggiori direttori contemporanei, quali Daniel Barenboim, Daniele Gatti, Pierre Boulez, Riccardo Muti, Lorin Maazel, Antonio Pappano. L&#8217;impegno di Francesco Di Rosa si espleta anche nell&#8217;insegnamento a cui ha dedicato con passione molto del suo tempo insegnando presso il Conservatorio Frescobaldi di Ferrara e San Pietro a Majella di Napoli.<\/p>\n<p>&nbsp;<\/p>\n<p>Alessandro Carbonare, clarinetto<\/p>\n<p>Dal 2003 Primo clarinetto dell&#8217;Orchestra dell&#8217;Accademia di Santa Cecilia ha vissuto per quindici anni in Francia dove ha ricoperto il ruolo di primo clarinetto nell&#8217;Orchestre National de l&#8217;Op\u00e9ra de Lyon e nell&#8217;Orchestre National de France.<\/p>\n<p>Carbonare \u00e8 il clarinettista pi\u00f9 premiato a livello mondiale e vincitore di innumerevoli premi. Parallelamente all&#8217;attivit\u00e0 in orchestra gran parte della sua attivit\u00e0 \u00e8 dedicata ai concerti e nel ruolo di primo clarinetto ha avuto importanti collaborazioni con la Symphonieorchester des Bayerischen Rundfunks di Monaco, con i Berliner Philharmoniker e l&#8217;Orchestra Mozart. Si \u00e8 esibito in tutto il mondo, ma particolarmente degni di nota sono i debutti alla Suntory Hall di Tokyo e alla Carnegie Hall di New York.<\/p>\n<p>&nbsp;<\/p>\n<p>Francesco Bossone, fagotto<\/p>\n<p>Primo fagotto solista dell&#8217;Orchestra di Santa Cecilia dal 1985 ha collaborato nello stesso ruolo con il maestro Claudio Abbado nell&#8217;Orchestra Mozart. Svolge un&#8217;intensa attivit\u00e0 concertistica in ogni parte del mondo, sia da solista che con formazioni da camera. Ha partecipato al concerto che la New York Philharmonic Orchestra organizz\u00f2 nel 1991 alla Carnegie Hall di New York in memoria di Leonard Bernstein. Le sue collaborazioni internazionali lo hanno visto partecipe di prestigiose produzioni concertistiche e discografiche alla Royal Albert Hall, al Barbican Center e ai BBC Proms di Londra. La sua attivit\u00e0 didattica lo vede impegnato in numerosi corsi e masterclasses. \u00c8 docente del Corso Annuale di Perfezionamento di Fagotto presso l&#8217;Accademia di Santa Cecilia.<\/p>\n<p>&nbsp;<\/p>\n<p>Alessio Allegrini, corno<\/p>\n<p>Il percorso artistico di Alessio Allegrini inizia a 23 anni quando viene scelto da Riccardo Muti come Primo corno solista presso il Teatro alla Scala di Milano. Da allora ha svolto il ruolo di Primo corno ospite in prestigiose orchestre quali i Berliner Philharmoniker e l&#8217;Orchestra Mozart fondata da Claudio Abbado. Vincitore di importanti riconoscimenti e premi internazionali questo eccellente musicista si distingue per il suo impegno nel coniugare professione e stile di vita tanto da aver ricevuto nel 2006, dalla Fondazione Exodus il &#8222;Premio Nazionale la casa delle Arti&#8220;. Allegrini ha inciso per la Deutsche Grammophon i Concerti per corno e orchestra, la Sinfonia Concertante di Mozart e i Concerti Brandeburghesi di J.S. Bach (Orchestra Mozart diretta da Claudio Abbado).<\/p>\n<p>&nbsp;<\/p>\n<p>&nbsp;<\/p>\n<p><b>Programma<\/b><\/p>\n<p>JC Bach\u00a0\u00a0\u00a0\u00a0\u00a0\u00a0\u00a0\u00a0\u00a0\u00a0\u00a0\u00a0\u00a0\u00a0\u00a0\u00a0\u00a0\u00a0\u00a0\u00a0\u00a0\u00a0 Sinfonia in si bemolle maggiore op. 3 n. 4<\/p>\n<p>WA Mozart\u00a0\u00a0\u00a0\u00a0\u00a0\u00a0\u00a0\u00a0\u00a0\u00a0\u00a0\u00a0\u00a0\u00a0\u00a0\u00a0\u00a0\u00a0 Sinfonia Concertante K 297b<\/p>\n<p>JS Bach\u00a0\u00a0\u00a0\u00a0\u00a0\u00a0\u00a0\u00a0\u00a0\u00a0\u00a0\u00a0\u00a0\u00a0\u00a0\u00a0\u00a0\u00a0\u00a0\u00a0\u00a0\u00a0 Sinfonia dalla Cantata n. 42<\/p>\n<p>GF Haendel\u00a0\u00a0\u00a0\u00a0\u00a0\u00a0\u00a0\u00a0\u00a0\u00a0\u00a0\u00a0\u00a0\u00a0\u00a0\u00a0\u00a0 Water Music: suite I<\/p>\n<p>&nbsp;<\/p>\n<p><\/p>","protected":false},"excerpt":{"rendered":"<\/p>\n<p>18 marzo 2014 \/ marted\u00ec \/ ore 19.30<\/p>\n<p>Carnet Forum Austriaco: <\/p>\n<p>Orchestra dell\u2019Accademia Nazionale di Santa Cecilia<\/p>\n<p>Ton Koopman, direttore<\/p>\n<p>Musiche di J.C. Bach, W.A. Mozart, J.S. Bach, G.F. H\u00e4ndel<\/p>\n<p>&nbsp;<\/p>\n<p>SPECIALE FORUM AUSTRIACO: presentando questa <a href=\"http:\/\/new.austriacult.roma.it\/files\/NL%20Carnet%20VII.pdf\">newsletter<\/a> al botteghino potrai richiedere una riduzione del 10% sui singoli biglietti!<\/p>\n<p>&nbsp;<\/p>\n<p>Il re Giorgio I amava particolarmente gli spostamenti sul Tamigi in barca e utilizzava volentieri questo mezzo di trasporto anche per piccoli tragitti. Il 17 luglio del 1717 la passeggiata del re, che rientrava a Saint James [&#8230;]<\/p>\n","protected":false},"author":2,"featured_media":714,"comment_status":"closed","ping_status":"closed","template":"","meta":{"footnotes":""},"tags":[38],"tribe_events_cat":[3],"class_list":["post-713","tribe_events","type-tribe_events","status-publish","has-post-thumbnail","hentry","tag-carnet","tribe_events_cat-musik","cat_musik"],"_links":{"self":[{"href":"https:\/\/www.austriacult.roma.it\/de\/wp-json\/wp\/v2\/tribe_events\/713","targetHints":{"allow":["GET"]}}],"collection":[{"href":"https:\/\/www.austriacult.roma.it\/de\/wp-json\/wp\/v2\/tribe_events"}],"about":[{"href":"https:\/\/www.austriacult.roma.it\/de\/wp-json\/wp\/v2\/types\/tribe_events"}],"author":[{"embeddable":true,"href":"https:\/\/www.austriacult.roma.it\/de\/wp-json\/wp\/v2\/users\/2"}],"replies":[{"embeddable":true,"href":"https:\/\/www.austriacult.roma.it\/de\/wp-json\/wp\/v2\/comments?post=713"}],"version-history":[{"count":0,"href":"https:\/\/www.austriacult.roma.it\/de\/wp-json\/wp\/v2\/tribe_events\/713\/revisions"}],"wp:featuredmedia":[{"embeddable":true,"href":"https:\/\/www.austriacult.roma.it\/de\/wp-json\/wp\/v2\/media\/714"}],"wp:attachment":[{"href":"https:\/\/www.austriacult.roma.it\/de\/wp-json\/wp\/v2\/media?parent=713"}],"wp:term":[{"taxonomy":"post_tag","embeddable":true,"href":"https:\/\/www.austriacult.roma.it\/de\/wp-json\/wp\/v2\/tags?post=713"},{"taxonomy":"tribe_events_cat","embeddable":true,"href":"https:\/\/www.austriacult.roma.it\/de\/wp-json\/wp\/v2\/tribe_events_cat?post=713"}],"curies":[{"name":"wp","href":"https:\/\/api.w.org\/{rel}","templated":true}]}}

*Carnet Forum Austriaco: J.C.F. Bach, Mozart, J.S. Bach, Händel

<p></p>
<p><b>18 marzo 2014 / martedì / ore 19.30</b></p>
<p><b>Carnet Forum Austriaco: </b></p>
<p><b>Orchestra dell’Accademia Nazionale di Santa Cecilia</b></p>
<p><b>Ton Koopman, </b>direttore</p>
<p><b>Musiche di J.C. Bach, W.A. Mozart, J.S. Bach, G.F. Händel</b></p>
<p>&nbsp;</p>
<p><b>SPECIALE FORUM AUSTRIACO: presentando questa </b><a href="http://new.austriacult.roma.it/files/NL%20Carnet%20VII.pdf"><b>newsletter</b></a><b> al botteghino potrai richiedere una riduzione del 10% sui singoli biglietti!</b></p>
<p>&nbsp;</p>
<p>Il re Giorgio I amava particolarmente gli spostamenti sul Tamigi in barca e utilizzava volentieri questo mezzo di trasporto anche per piccoli tragitti. Il 17 luglio del 1717 la passeggiata del re, che rientrava a Saint James Palace, fu allietata dall&#8217;esecuzione di una delle tre Suite composte da Händel per l&#8217;occasione. <b>Water Music</b>, nel vero senso della parola, visto che 50 musicisti seguivano la chiatta reale suonando ininterrottamente per la gioia del sovrano che apprezzò a tal punto da far ripetere l&#8217;esecuzione per ben tre volte di seguito. <b>Organista e clavicembalista Ton Koopman</b> è uno dei <b>pionieri della rinascita della musica antica</b> e uno degli attuali punti di riferimento per gli appassionati di questo genere. L&#8217;attenzione alla prassi musicale del passato e l&#8217;esecuzione con copie di strumenti storici sono una caratteristica dell&#8217;approccio della scuola olandese e anglosassone a cui Koopman appartiene e sono state un punto di riferimento per generazioni di musicisti. Il programma del concerto mette in luce la <b>versatilità e le qualità timbriche degli strumenti a fiato con le musiche di Johann Christian e Johann Sebastian Bach, la bellissima Sinfonia Concertante di Mozart. Nei ruoli solistici le eccellenti prime parti dell&#8217;Orchestra di Santa Cecilia</b>.</p>
<p>&nbsp;</p>
<p>Francesco Di Rosa, oboe</p>
<p>Oboe solista dell&#8217;Orchestra dell&#8217;Accademia Nazionale di Santa Cecilia, ha ricoperto lo stesso ruolo nell&#8217;Orchestra del Teatro alla Scala dal 1995 al 2008. Avviato giovanissimo allo studio della musica ha ottenuto riconoscimenti internazionali che hanno contribuito allo sviluppo della sua carriera nel corso della quale ha collaborato e collabora con i maggiori direttori contemporanei, quali Daniel Barenboim, Daniele Gatti, Pierre Boulez, Riccardo Muti, Lorin Maazel, Antonio Pappano. L&#8217;impegno di Francesco Di Rosa si espleta anche nell&#8217;insegnamento a cui ha dedicato con passione molto del suo tempo insegnando presso il Conservatorio Frescobaldi di Ferrara e San Pietro a Majella di Napoli.</p>
<p>&nbsp;</p>
<p>Alessandro Carbonare, clarinetto</p>
<p>Dal 2003 Primo clarinetto dell&#8217;Orchestra dell&#8217;Accademia di Santa Cecilia ha vissuto per quindici anni in Francia dove ha ricoperto il ruolo di primo clarinetto nell&#8217;Orchestre National de l&#8217;Opéra de Lyon e nell&#8217;Orchestre National de France.</p>
<p>Carbonare è il clarinettista più premiato a livello mondiale e vincitore di innumerevoli premi. Parallelamente all&#8217;attività in orchestra gran parte della sua attività è dedicata ai concerti e nel ruolo di primo clarinetto ha avuto importanti collaborazioni con la Symphonieorchester des Bayerischen Rundfunks di Monaco, con i Berliner Philharmoniker e l&#8217;Orchestra Mozart. Si è esibito in tutto il mondo, ma particolarmente degni di nota sono i debutti alla Suntory Hall di Tokyo e alla Carnegie Hall di New York.</p>
<p>&nbsp;</p>
<p>Francesco Bossone, fagotto</p>
<p>Primo fagotto solista dell&#8217;Orchestra di Santa Cecilia dal 1985 ha collaborato nello stesso ruolo con il maestro Claudio Abbado nell&#8217;Orchestra Mozart. Svolge un&#8217;intensa attività concertistica in ogni parte del mondo, sia da solista che con formazioni da camera. Ha partecipato al concerto che la New York Philharmonic Orchestra organizzò nel 1991 alla Carnegie Hall di New York in memoria di Leonard Bernstein. Le sue collaborazioni internazionali lo hanno visto partecipe di prestigiose produzioni concertistiche e discografiche alla Royal Albert Hall, al Barbican Center e ai BBC Proms di Londra. La sua attività didattica lo vede impegnato in numerosi corsi e masterclasses. È docente del Corso Annuale di Perfezionamento di Fagotto presso l&#8217;Accademia di Santa Cecilia.</p>
<p>&nbsp;</p>
<p>Alessio Allegrini, corno</p>
<p>Il percorso artistico di Alessio Allegrini inizia a 23 anni quando viene scelto da Riccardo Muti come Primo corno solista presso il Teatro alla Scala di Milano. Da allora ha svolto il ruolo di Primo corno ospite in prestigiose orchestre quali i Berliner Philharmoniker e l&#8217;Orchestra Mozart fondata da Claudio Abbado. Vincitore di importanti riconoscimenti e premi internazionali questo eccellente musicista si distingue per il suo impegno nel coniugare professione e stile di vita tanto da aver ricevuto nel 2006, dalla Fondazione Exodus il &#8222;Premio Nazionale la casa delle Arti&#8220;. Allegrini ha inciso per la Deutsche Grammophon i Concerti per corno e orchestra, la Sinfonia Concertante di Mozart e i Concerti Brandeburghesi di J.S. Bach (Orchestra Mozart diretta da Claudio Abbado).</p>
<p>&nbsp;</p>
<p>&nbsp;</p>
<p><b>Programma</b></p>
<p>JC Bach                       Sinfonia in si bemolle maggiore op. 3 n. 4</p>
<p>WA Mozart                   Sinfonia Concertante K 297b</p>
<p>JS Bach                       Sinfonia dalla Cantata n. 42</p>
<p>GF Haendel                  Water Music: suite I</p>
<p>&nbsp;</p>
<p></p>

</p>
<p>18 marzo 2014 / martedì / ore 19.30</p>
<p>Carnet Forum Austriaco: </p>
<p>Orchestra dell’Accademia Nazionale di Santa Cecilia</p>
<p>Ton Koopman, direttore</p>
<p>Musiche di J.C. Bach, W.A. Mozart, J.S. Bach, G.F. Händel</p>
<p>&nbsp;</p>
<p>SPECIALE FORUM AUSTRIACO: presentando questa <a href="http://new.austriacult.roma.it/files/NL%20Carnet%20VII.pdf">newsletter</a> al botteghino potrai richiedere una riduzione del 10% sui singoli biglietti!</p>
<p>&nbsp;</p>
<p>Il re Giorgio I amava particolarmente gli spostamenti sul Tamigi in barca e utilizzava volentieri questo mezzo di trasporto anche per piccoli tragitti. Il 17 luglio del 1717 la passeggiata del re, che rientrava a Saint James [&#8230;]</p>
