{"id":7123,"date":"2019-09-30T18:27:32","date_gmt":"2019-09-30T16:27:32","guid":{"rendered":"https:\/\/www.austriacult.roma.it\/?post_type=tribe_events&#038;p=7123"},"modified":"2019-09-30T18:43:52","modified_gmt":"2019-09-30T16:43:52","slug":"roma-guida-allarchitettura","status":"publish","type":"tribe_events","link":"https:\/\/www.austriacult.roma.it\/de\/veranstaltung\/architekturfuhrer-rom\/","title":{"rendered":"ARCHITEKTURF\u00dcHRER ROM"},"content":{"rendered":"<p><\/p>\n<p>Die \u00f6sterreichische Architektin Marina Kavalirek pr\u00e4sentiert ihren Architekturf\u00fchrer durch das moderne Rom, erschienen bei DOM publisher.\u00a0<\/p>\n<p>Begr\u00fc\u00dfung: <strong>Margherita Guccione<\/strong> (Direktorin MAXXI Architettura)<br \/>\nEs sprechen: <strong>Mos\u00e8 Ricci<\/strong> (Universit\u00e0 di Trento) und <strong>Giuseppe Pullara<\/strong> (Corriere della Sera)<br \/>\nModeration: <strong>Alessandro Franchetti Pardo<\/strong> (architetto)<\/p>\n<p><a href=\"https:\/\/www.maxxi.art\/events\/guida-all-architettura-roma-di-marina-kavalirek\/\">https:\/\/www.maxxi.art\/events\/guida-all-architettura-roma-di-marina-kavalirek\/<\/a><\/p>\n<p><a href=\"https:\/\/www.austriacult.roma.it\/wp-content\/uploads\/2019\/09\/INVITO_Libri-al-MAXXI_Marina-Kavalirek.jpg\">Flyer<\/a><\/p>\n<p><\/p>","protected":false},"excerpt":{"rendered":"<\/p>\n<p>Die \u00f6sterreichische Architektin Marina Kavalirek pr\u00e4sentiert ihren Architekturf\u00fchrer durch das moderne Rom, erschienen bei DOM publisher.\u00a0<\/p>\n<p>Begr\u00fc\u00dfung: Margherita Guccione (Direktorin MAXXI Architettura)<br \/>\nEs sprechen: Mos\u00e8 Ricci (Universit\u00e0 di Trento) und Giuseppe Pullara (Corriere della Sera)<br \/>\nModeration: Alessandro Franchetti Pardo (architetto)<\/p>\n<p><a href=\"https:\/\/www.maxxi.art\/events\/guida-all-architettura-roma-di-marina-kavalirek\/\">https:\/\/www.maxxi.art\/events\/guida-all-architettura-roma-di-marina-kavalirek\/<\/a><\/p>\n<p><a href=\"https:\/\/www.austriacult.roma.it\/wp-content\/uploads\/2019\/09\/INVITO_Libri-al-MAXXI_Marina-Kavalirek.jpg\">Flyer<\/a><\/p><\/p>\n","protected":false},"author":2,"featured_media":7128,"comment_status":"closed","ping_status":"closed","template":"","meta":{"footnotes":""},"tags":[],"tribe_events_cat":[],"class_list":["post-7123","tribe_events","type-tribe_events","status-publish","has-post-thumbnail","hentry"],"_links":{"self":[{"href":"https:\/\/www.austriacult.roma.it\/de\/wp-json\/wp\/v2\/tribe_events\/7123","targetHints":{"allow":["GET"]}}],"collection":[{"href":"https:\/\/www.austriacult.roma.it\/de\/wp-json\/wp\/v2\/tribe_events"}],"about":[{"href":"https:\/\/www.austriacult.roma.it\/de\/wp-json\/wp\/v2\/types\/tribe_events"}],"author":[{"embeddable":true,"href":"https:\/\/www.austriacult.roma.it\/de\/wp-json\/wp\/v2\/users\/2"}],"replies":[{"embeddable":true,"href":"https:\/\/www.austriacult.roma.it\/de\/wp-json\/wp\/v2\/comments?post=7123"}],"version-history":[{"count":0,"href":"https:\/\/www.austriacult.roma.it\/de\/wp-json\/wp\/v2\/tribe_events\/7123\/revisions"}],"wp:featuredmedia":[{"embeddable":true,"href":"https:\/\/www.austriacult.roma.it\/de\/wp-json\/wp\/v2\/media\/7128"}],"wp:attachment":[{"href":"https:\/\/www.austriacult.roma.it\/de\/wp-json\/wp\/v2\/media?parent=7123"}],"wp:term":[{"taxonomy":"post_tag","embeddable":true,"href":"https:\/\/www.austriacult.roma.it\/de\/wp-json\/wp\/v2\/tags?post=7123"},{"taxonomy":"tribe_events_cat","embeddable":true,"href":"https:\/\/www.austriacult.roma.it\/de\/wp-json\/wp\/v2\/tribe_events_cat?post=7123"}],"curies":[{"name":"wp","href":"https:\/\/api.w.org\/{rel}","templated":true}]}}

ARCHITEKTURFÜHRER ROM

<p></p>
<p>Die österreichische Architektin Marina Kavalirek präsentiert ihren Architekturführer durch das moderne Rom, erschienen bei DOM publisher. </p>
<p>Begrüßung: <strong>Margherita Guccione</strong> (Direktorin MAXXI Architettura)<br />
Es sprechen: <strong>Mosè Ricci</strong> (Università di Trento) und <strong>Giuseppe Pullara</strong> (Corriere della Sera)<br />
Moderation: <strong>Alessandro Franchetti Pardo</strong> (architetto)</p>
<p><a href="https://www.maxxi.art/events/guida-all-architettura-roma-di-marina-kavalirek/">https://www.maxxi.art/events/guida-all-architettura-roma-di-marina-kavalirek/</a></p>
<p><a href="https://www.austriacult.roma.it/wp-content/uploads/2019/09/INVITO_Libri-al-MAXXI_Marina-Kavalirek.jpg">Flyer</a></p>
<p></p>

</p>
<p>Die österreichische Architektin Marina Kavalirek präsentiert ihren Architekturführer durch das moderne Rom, erschienen bei DOM publisher. </p>
<p>Begrüßung: Margherita Guccione (Direktorin MAXXI Architettura)<br />
Es sprechen: Mosè Ricci (Università di Trento) und Giuseppe Pullara (Corriere della Sera)<br />
Moderation: Alessandro Franchetti Pardo (architetto)</p>
<p><a href="https://www.maxxi.art/events/guida-all-architettura-roma-di-marina-kavalirek/">https://www.maxxi.art/events/guida-all-architettura-roma-di-marina-kavalirek/</a></p>
<p><a href="https://www.austriacult.roma.it/wp-content/uploads/2019/09/INVITO_Libri-al-MAXXI_Marina-Kavalirek.jpg">Flyer</a></p></p>
