{"id":7108,"date":"2019-09-30T15:49:44","date_gmt":"2019-09-30T13:49:44","guid":{"rendered":"https:\/\/www.austriacult.roma.it\/?post_type=tribe_events&#038;p=7108"},"modified":"2019-09-30T16:00:45","modified_gmt":"2019-09-30T14:00:45","slug":"wie-wien","status":"publish","type":"tribe_events","link":"https:\/\/www.austriacult.roma.it\/de\/veranstaltung\/wie-wien\/","title":{"rendered":"WIE WIEN"},"content":{"rendered":"<p><\/p>\n<p>Ein fotografischer Rundgang durch Wien &#8211; unternommen von f\u00fcnf FotografInnen mit einem neugierigen Blick auf Pl\u00e4tze, Menschen und Architektur der \u00f6stereichischen Hauptstadt.\u00a0<br \/>\nInfos auf: <a href=\"https:\/\/roma.us4.list-manage.com\/track\/click?u=e5140004cdf3e8a82ec2bf655&amp;id=11bf5c97a0&amp;e=ed0fbc02f4\">http:\/\/fuorifuoco.altervista.org<\/a><\/p>\n<p><span style=\"color: #ff0000;\"><strong>Ge\u00f6ffnet t\u00e4glich von 16.00 bis 20.00 Uhr.<\/strong>\u00a0<\/span><\/p>\n<p><a href=\"https:\/\/www.austriacult.roma.it\/wp-content\/uploads\/2019\/09\/comunicato-stampa.pdf\"><span style=\"text-decoration: underline;\">Pressemitteilung (italienisch)<\/span><\/a><\/p>\n<p><span style=\"text-decoration: underline;\"><a href=\"https:\/\/www.austriacult.roma.it\/wp-content\/uploads\/2019\/09\/Locandina-1280X914.jpg\">Flyer<\/a><\/span><\/p>\n<p><\/p>","protected":false},"excerpt":{"rendered":"<\/p>\n<p>Ein fotografischer Rundgang durch Wien &#8211; unternommen von f\u00fcnf FotografInnen mit einem neugierigen Blick auf Pl\u00e4tze, Menschen und Architektur der \u00f6stereichischen Hauptstadt.\u00a0<br \/>\nInfos auf: <a href=\"https:\/\/roma.us4.list-manage.com\/track\/click?u=e5140004cdf3e8a82ec2bf655&amp;id=11bf5c97a0&amp;e=ed0fbc02f4\">http:\/\/fuorifuoco.altervista.org<\/a><\/p>\n<p>Ge\u00f6ffnet t\u00e4glich von 16.00 bis 20.00 Uhr.\u00a0<\/p>\n<p><a href=\"https:\/\/www.austriacult.roma.it\/wp-content\/uploads\/2019\/09\/comunicato-stampa.pdf\">Pressemitteilung (italienisch)<\/a><\/p>\n<p><a href=\"https:\/\/www.austriacult.roma.it\/wp-content\/uploads\/2019\/09\/Locandina-1280X914.jpg\">Flyer<\/a><\/p><\/p>\n","protected":false},"author":2,"featured_media":7115,"comment_status":"closed","ping_status":"closed","template":"","meta":{"footnotes":""},"tags":[],"tribe_events_cat":[20],"class_list":["post-7108","tribe_events","type-tribe_events","status-publish","has-post-thumbnail","hentry","tribe_events_cat-mostre","cat_mostre"],"_links":{"self":[{"href":"https:\/\/www.austriacult.roma.it\/de\/wp-json\/wp\/v2\/tribe_events\/7108","targetHints":{"allow":["GET"]}}],"collection":[{"href":"https:\/\/www.austriacult.roma.it\/de\/wp-json\/wp\/v2\/tribe_events"}],"about":[{"href":"https:\/\/www.austriacult.roma.it\/de\/wp-json\/wp\/v2\/types\/tribe_events"}],"author":[{"embeddable":true,"href":"https:\/\/www.austriacult.roma.it\/de\/wp-json\/wp\/v2\/users\/2"}],"replies":[{"embeddable":true,"href":"https:\/\/www.austriacult.roma.it\/de\/wp-json\/wp\/v2\/comments?post=7108"}],"version-history":[{"count":0,"href":"https:\/\/www.austriacult.roma.it\/de\/wp-json\/wp\/v2\/tribe_events\/7108\/revisions"}],"wp:featuredmedia":[{"embeddable":true,"href":"https:\/\/www.austriacult.roma.it\/de\/wp-json\/wp\/v2\/media\/7115"}],"wp:attachment":[{"href":"https:\/\/www.austriacult.roma.it\/de\/wp-json\/wp\/v2\/media?parent=7108"}],"wp:term":[{"taxonomy":"post_tag","embeddable":true,"href":"https:\/\/www.austriacult.roma.it\/de\/wp-json\/wp\/v2\/tags?post=7108"},{"taxonomy":"tribe_events_cat","embeddable":true,"href":"https:\/\/www.austriacult.roma.it\/de\/wp-json\/wp\/v2\/tribe_events_cat?post=7108"}],"curies":[{"name":"wp","href":"https:\/\/api.w.org\/{rel}","templated":true}]}}

<p></p>
<p>Ein fotografischer Rundgang durch Wien &#8211; unternommen von fünf FotografInnen mit einem neugierigen Blick auf Plätze, Menschen und Architektur der östereichischen Hauptstadt. <br />
Infos auf: <a href="https://roma.us4.list-manage.com/track/click?u=e5140004cdf3e8a82ec2bf655&amp;id=11bf5c97a0&amp;e=ed0fbc02f4">http://fuorifuoco.altervista.org</a></p>
<p><span style="color: #ff0000;"><strong>Geöffnet täglich von 16.00 bis 20.00 Uhr.</strong> </span></p>
<p><a href="https://www.austriacult.roma.it/wp-content/uploads/2019/09/comunicato-stampa.pdf"><span style="text-decoration: underline;">Pressemitteilung (italienisch)</span></a></p>
<p><span style="text-decoration: underline;"><a href="https://www.austriacult.roma.it/wp-content/uploads/2019/09/Locandina-1280X914.jpg">Flyer</a></span></p>
<p></p>

</p>
<p>Ein fotografischer Rundgang durch Wien &#8211; unternommen von fünf FotografInnen mit einem neugierigen Blick auf Plätze, Menschen und Architektur der östereichischen Hauptstadt. <br />
Infos auf: <a href="https://roma.us4.list-manage.com/track/click?u=e5140004cdf3e8a82ec2bf655&amp;id=11bf5c97a0&amp;e=ed0fbc02f4">http://fuorifuoco.altervista.org</a></p>
<p>Geöffnet täglich von 16.00 bis 20.00 Uhr. </p>
<p><a href="https://www.austriacult.roma.it/wp-content/uploads/2019/09/comunicato-stampa.pdf">Pressemitteilung (italienisch)</a></p>
<p><a href="https://www.austriacult.roma.it/wp-content/uploads/2019/09/Locandina-1280X914.jpg">Flyer</a></p></p>
