{"id":7047,"date":"2019-09-26T08:23:12","date_gmt":"2019-09-26T06:23:12","guid":{"rendered":"https:\/\/www.austriacult.roma.it\/?post_type=tribe_events&#038;p=7047"},"modified":"2019-09-26T08:26:05","modified_gmt":"2019-09-26T06:26:05","slug":"7047","status":"publish","type":"tribe_events","link":"https:\/\/www.austriacult.roma.it\/de\/veranstaltung\/7047\/","title":{"rendered":"OBIETTIVO PACE \u2013 Alfred Fried Photography Award"},"content":{"rendered":"<p><\/p>\n<div class=\"tribe-events-single-event-description tribe-events-content\">\n<p>Mit der Ausstellung WIE SIEHT FRIEDEN AUS? bringt das \u00d6sterreichische Kulturforum die besten Fotos zum Thema Frieden, die der internationale\u00a0<strong>Alfred Fried Photography Award<\/strong> jedes Jahr auszeichnet, nach Rom. Die Fotos sind bisi 18. Oktober im Au\u00dfenbereich des Kulturforums zu sehen.\u00a0<\/p>\n<p>2013 riefen\u00a0<strong>Edition Lammerhuber<\/strong>\u00a0und\u00a0<strong>Photographische Gesellschaft<\/strong>\u00a0den Alfred Fried Photography Award f\u00fcr das weltbeste Foto zum Thema Frieden ins Leben. Der Award wird in Kooperation mit der Photographischen Gesellschaft, der Edition Lammerhuber, der UNESCO, dem \u00d6sterreichischen Parlament, der Vereinigung der ParlamentsredakteurInnen, des International Press Institute (IPI), des Deutschen Jugendfotopreises und mit Unterst\u00fctzung von World Press Photo vergeben.<\/p>\n<p>Namensgeber ist\u00a0<strong>Alfred Hermann Fried<\/strong>, ein \u00f6sterreichischer Pazifist und Schriftsteller, der 1911 mit dem Friedensnobelpreis ausgezeichnet wurde.<\/p>\n<p>Ziel des Alfred Fried Photography Awards ist es, mit dem weltweit k\u00fcnstlerisch, journalistisch oder inhaltlich besten Foto zum Thema Frieden ein Zeichen zu setzen, Frieden als wichtigstes Gut wahrzunehmen. Der Alfred Fried Photography Award w\u00fcrdigt jene Fotografie als beste zum Thema Frieden, die am eindrucksvollsten die Frage beantwortet: \u201eWie sieht Frieden aus? \u2013 What does peace look like?\u201c<\/p>\n<p>Der Alfred Fried Photography Award wird weltweit ausgeschrieben. Die Jury wertet anonym und ermittelt \u00fcber ein Punktesystem eine Shortlist von 21 Arbeiten. Aus diesen w\u00e4hlt die Jury in offener Diskussion f\u00fcnf Gewinner, die alle mit der Alfred Fried Medaille geehrt werden.\u00a0 Ein Bild aus einer der f\u00fcnf Arbeiten k\u00fcrt die Jury dann zum Friedensbild des Jahres. Dar\u00fcber hinaus gibt es auch eine Kinder- und Jugendkategorie.<\/p>\n<p>Zum Alfred Fried Photography Award 2018 wurden 16.610 Bilder aus 137 L\u00e4ndern eingereicht.<\/p>\n<p>&nbsp;<\/p>\n<p><strong>Die besten Fotos 2018 (in alphabetischer Reihenfolge):<\/strong><\/p>\n<p>\u201e\u00c1ngeles\u201c,\u00a0von\u00a0<strong>Constanza Portnoy<\/strong>\u00a0(Argentinien)<\/p>\n<p>\u201cFinding Freedom in the Water\u201d, von\u00a0<strong>Anna Boyiazis<\/strong>\u00a0(USA)<\/p>\n<p>\u201cLucky\u201d, von\u00a0<strong>Selma van der Bijl<\/strong>\u00a0(Niederlande)<\/p>\n<p>\u201cMilaya \u2013 Patterns of Home\u201d, von\u00a0<strong>Nora Lorek<\/strong>\u00a0(Schweden)<\/p>\n<p>\u201cReading for Tehran Streets\u201d, von\u00a0<strong>Maryam Firuzi<\/strong>\u00a0(Iran)<\/p>\n<p>&nbsp;<\/p>\n<p>\u201c<strong>Bestes Einzelfoto<\/strong>\u201d 2018:\u00a0<br \/>\n\u201cPikin and Appolinaire\u201d, von\u00a0<strong>Jo-Anne McArthur<\/strong>\u00a0(Kanada)<\/p>\n<p>&nbsp;<\/p>\n<p>\u201c<strong>Children Peace Image of the Year<\/strong>\u201d 2018:<\/p>\n<p>\u201cDaydreaming\u201d, von\u00a0<strong>Kaja Tasevska<\/strong>\u00a0(Mazedonien)<\/p>\n<p>&nbsp;<\/p>\n<p>Weitere Informationen:\u00a0<a class=\"external external_icon\" href=\"http:\/\/www.friedaward.com\/index.php\" target=\"_blank\" rel=\"nofollow noopener noreferrer\">http:\/\/www.friedaward.com\/index.php<\/a><\/p>\n<p>&nbsp;<\/p>\n<p><strong>Alfred Hermann Fried\u00a0<\/strong>(1864-1921) war ein \u00f6sterreichischer Pazifist und Schriftsteller. Als Gr\u00fcnder der Zeitschrift \u201eDie Waffen nieder!\u201c und weiterer Aktivit\u00e4ten f\u00fcr den Frieden erhielt Fried 1911 den Friedensnobelpreis. Ab 1892 gab er gemeinsam mit Bertha von Suttner die pazifistische Zeitschrift \u201eDie Waffen nieder!\u201c heraus. In ihr und der ab 1899 erscheinenden Zeitschrift \u201eDie Friedens-Warte\u201c artikulierte er seine pazifistischen Ideen. Dar\u00fcber hinaus war er Initiator zahlreicher Aktivit\u00e4ten gegen den Krieg. Fried war auch ein engagiertes Mitglied der Esperantobewegung. W\u00e4hrend des Ersten Weltkrieges suchte Fried mit der \u201eFriedenswarte\u201c Zuflucht in der Schweiz und trat hier f\u00fcr die Bildung des V\u00f6lkerbundes ein.<\/p>\n<p>Die<strong>\u00a0Photographische Gesellschaft<\/strong>, am 22. M\u00e4rz 1861 von Anton Georg Martin in Wien gegr\u00fcndet, ist die traditionsreichste und \u00e4lteste Gesellschaft f\u00fcr Fotografie im deutschsprachigen Raum. Die PHG vereint Pers\u00f6nlichkeiten aus Kunst und Wissenschaft und f\u00f6rdert vor allem die Jugend und die neuesten Entwicklungen im Bereich der professionellen Fotografie.\u00a0<a class=\"external external_icon\" href=\"http:\/\/www.photographische-gesellschaft.at\/\" target=\"_blank\" rel=\"nofollow noopener noreferrer\">http:\/\/www.photographische-gesellschaft.at\/<\/a><\/p>\n<p>Der \u00f6sterreichische Verlag\u00a0<strong>Edition Lammerhuber<\/strong>\u00a0mit Sitz in Baden bei Wien ist auf hochwertige Fotob\u00e4nde und Buchprojekte zu Themen aus Wissenschaft und Kunst spezialisiert. 2013 und 2015 wurde Edition Lammerhuber von der Federation of European Professional Photographers zum besten Fotobuch-Verlag Europas gew\u00e4hlt.\u00a0<a class=\"external external_icon\" href=\"http:\/\/edition.lammerhuber.at\/\" target=\"_blank\" rel=\"nofollow noopener noreferrer\">http:\/\/edition.lammerhuber.at\/<\/a><\/p>\n<div class=\"shared-counts-wrap after_content style-buttons\">\u00a0<\/div>\n<\/div>\n<p><\/p>","protected":false},"excerpt":{"rendered":"<\/p>\n<p>Mit der Ausstellung WIE SIEHT FRIEDEN AUS? bringt das \u00d6sterreichische Kulturforum die besten Fotos zum Thema Frieden, die der internationale\u00a0Alfred Fried Photography Award jedes Jahr auszeichnet, nach Rom. Die Fotos sind bisi 18. Oktober im Au\u00dfenbereich des Kulturforums zu sehen.\u00a0<\/p>\n<p>2013 riefen\u00a0Edition Lammerhuber\u00a0und\u00a0Photographische Gesellschaft\u00a0den Alfred Fried Photography Award f\u00fcr das weltbeste Foto zum Thema Frieden ins Leben. Der Award wird in Kooperation mit der Photographischen Gesellschaft, der Edition Lammerhuber, der UNESCO, dem \u00d6sterreichischen Parlament, der Vereinigung der ParlamentsredakteurInnen, des International Press [&#8230;]<\/p>\n","protected":false},"author":2,"featured_media":6642,"comment_status":"closed","ping_status":"closed","template":"","meta":{"footnotes":""},"tags":[],"tribe_events_cat":[20],"class_list":["post-7047","tribe_events","type-tribe_events","status-publish","has-post-thumbnail","hentry","tribe_events_cat-mostre","cat_mostre"],"_links":{"self":[{"href":"https:\/\/www.austriacult.roma.it\/de\/wp-json\/wp\/v2\/tribe_events\/7047","targetHints":{"allow":["GET"]}}],"collection":[{"href":"https:\/\/www.austriacult.roma.it\/de\/wp-json\/wp\/v2\/tribe_events"}],"about":[{"href":"https:\/\/www.austriacult.roma.it\/de\/wp-json\/wp\/v2\/types\/tribe_events"}],"author":[{"embeddable":true,"href":"https:\/\/www.austriacult.roma.it\/de\/wp-json\/wp\/v2\/users\/2"}],"replies":[{"embeddable":true,"href":"https:\/\/www.austriacult.roma.it\/de\/wp-json\/wp\/v2\/comments?post=7047"}],"version-history":[{"count":0,"href":"https:\/\/www.austriacult.roma.it\/de\/wp-json\/wp\/v2\/tribe_events\/7047\/revisions"}],"wp:featuredmedia":[{"embeddable":true,"href":"https:\/\/www.austriacult.roma.it\/de\/wp-json\/wp\/v2\/media\/6642"}],"wp:attachment":[{"href":"https:\/\/www.austriacult.roma.it\/de\/wp-json\/wp\/v2\/media?parent=7047"}],"wp:term":[{"taxonomy":"post_tag","embeddable":true,"href":"https:\/\/www.austriacult.roma.it\/de\/wp-json\/wp\/v2\/tags?post=7047"},{"taxonomy":"tribe_events_cat","embeddable":true,"href":"https:\/\/www.austriacult.roma.it\/de\/wp-json\/wp\/v2\/tribe_events_cat?post=7047"}],"curies":[{"name":"wp","href":"https:\/\/api.w.org\/{rel}","templated":true}]}}

<p></p>
<div class="tribe-events-single-event-description tribe-events-content">
<p>Mit der Ausstellung WIE SIEHT FRIEDEN AUS? bringt das Österreichische Kulturforum die besten Fotos zum Thema Frieden, die der internationale <strong>Alfred Fried Photography Award</strong> jedes Jahr auszeichnet, nach Rom. Die Fotos sind bisi 18. Oktober im Außenbereich des Kulturforums zu sehen. </p>
<p>2013 riefen <strong>Edition Lammerhuber</strong> und <strong>Photographische Gesellschaft</strong> den Alfred Fried Photography Award für das weltbeste Foto zum Thema Frieden ins Leben. Der Award wird in Kooperation mit der Photographischen Gesellschaft, der Edition Lammerhuber, der UNESCO, dem Österreichischen Parlament, der Vereinigung der ParlamentsredakteurInnen, des International Press Institute (IPI), des Deutschen Jugendfotopreises und mit Unterstützung von World Press Photo vergeben.</p>
<p>Namensgeber ist <strong>Alfred Hermann Fried</strong>, ein österreichischer Pazifist und Schriftsteller, der 1911 mit dem Friedensnobelpreis ausgezeichnet wurde.</p>
<p>Ziel des Alfred Fried Photography Awards ist es, mit dem weltweit künstlerisch, journalistisch oder inhaltlich besten Foto zum Thema Frieden ein Zeichen zu setzen, Frieden als wichtigstes Gut wahrzunehmen. Der Alfred Fried Photography Award würdigt jene Fotografie als beste zum Thema Frieden, die am eindrucksvollsten die Frage beantwortet: „Wie sieht Frieden aus? – What does peace look like?“</p>
<p>Der Alfred Fried Photography Award wird weltweit ausgeschrieben. Die Jury wertet anonym und ermittelt über ein Punktesystem eine Shortlist von 21 Arbeiten. Aus diesen wählt die Jury in offener Diskussion fünf Gewinner, die alle mit der Alfred Fried Medaille geehrt werden.  Ein Bild aus einer der fünf Arbeiten kürt die Jury dann zum Friedensbild des Jahres. Darüber hinaus gibt es auch eine Kinder- und Jugendkategorie.</p>
<p>Zum Alfred Fried Photography Award 2018 wurden 16.610 Bilder aus 137 Ländern eingereicht.</p>
<p>&nbsp;</p>
<p><strong>Die besten Fotos 2018 (in alphabetischer Reihenfolge):</strong></p>
<p>„Ángeles“, von <strong>Constanza Portnoy</strong> (Argentinien)</p>
<p>“Finding Freedom in the Water”, von <strong>Anna Boyiazis</strong> (USA)</p>
<p>“Lucky”, von <strong>Selma van der Bijl</strong> (Niederlande)</p>
<p>“Milaya – Patterns of Home”, von <strong>Nora Lorek</strong> (Schweden)</p>
<p>“Reading for Tehran Streets”, von <strong>Maryam Firuzi</strong> (Iran)</p>
<p>&nbsp;</p>
<p>“<strong>Bestes Einzelfoto</strong>” 2018: <br />
“Pikin and Appolinaire”, von <strong>Jo-Anne McArthur</strong> (Kanada)</p>
<p>&nbsp;</p>
<p>“<strong>Children Peace Image of the Year</strong>” 2018:</p>
<p>“Daydreaming”, von <strong>Kaja Tasevska</strong> (Mazedonien)</p>
<p>&nbsp;</p>
<p>Weitere Informationen: <a class="external external_icon" href="http://www.friedaward.com/index.php" target="_blank" rel="nofollow noopener noreferrer">http://www.friedaward.com/index.php</a></p>
<p>&nbsp;</p>
<p><strong>Alfred Hermann Fried </strong>(1864-1921) war ein österreichischer Pazifist und Schriftsteller. Als Gründer der Zeitschrift „Die Waffen nieder!“ und weiterer Aktivitäten für den Frieden erhielt Fried 1911 den Friedensnobelpreis. Ab 1892 gab er gemeinsam mit Bertha von Suttner die pazifistische Zeitschrift „Die Waffen nieder!“ heraus. In ihr und der ab 1899 erscheinenden Zeitschrift „Die Friedens-Warte“ artikulierte er seine pazifistischen Ideen. Darüber hinaus war er Initiator zahlreicher Aktivitäten gegen den Krieg. Fried war auch ein engagiertes Mitglied der Esperantobewegung. Während des Ersten Weltkrieges suchte Fried mit der „Friedenswarte“ Zuflucht in der Schweiz und trat hier für die Bildung des Völkerbundes ein.</p>
<p>Die<strong> Photographische Gesellschaft</strong>, am 22. März 1861 von Anton Georg Martin in Wien gegründet, ist die traditionsreichste und älteste Gesellschaft für Fotografie im deutschsprachigen Raum. Die PHG vereint Persönlichkeiten aus Kunst und Wissenschaft und fördert vor allem die Jugend und die neuesten Entwicklungen im Bereich der professionellen Fotografie. <a class="external external_icon" href="http://www.photographische-gesellschaft.at/" target="_blank" rel="nofollow noopener noreferrer">http://www.photographische-gesellschaft.at/</a></p>
<p>Der österreichische Verlag <strong>Edition Lammerhuber</strong> mit Sitz in Baden bei Wien ist auf hochwertige Fotobände und Buchprojekte zu Themen aus Wissenschaft und Kunst spezialisiert. 2013 und 2015 wurde Edition Lammerhuber von der Federation of European Professional Photographers zum besten Fotobuch-Verlag Europas gewählt. <a class="external external_icon" href="http://edition.lammerhuber.at/" target="_blank" rel="nofollow noopener noreferrer">http://edition.lammerhuber.at/</a></p>
<div class="shared-counts-wrap after_content style-buttons"> </div>
</div>
<p></p>

</p>
<p>Mit der Ausstellung WIE SIEHT FRIEDEN AUS? bringt das Österreichische Kulturforum die besten Fotos zum Thema Frieden, die der internationale Alfred Fried Photography Award jedes Jahr auszeichnet, nach Rom. Die Fotos sind bisi 18. Oktober im Außenbereich des Kulturforums zu sehen. </p>
<p>2013 riefen Edition Lammerhuber und Photographische Gesellschaft den Alfred Fried Photography Award für das weltbeste Foto zum Thema Frieden ins Leben. Der Award wird in Kooperation mit der Photographischen Gesellschaft, der Edition Lammerhuber, der UNESCO, dem Österreichischen Parlament, der Vereinigung der ParlamentsredakteurInnen, des International Press [&#8230;]</p>
