{"id":6926,"date":"2019-09-24T14:48:26","date_gmt":"2019-09-24T12:48:26","guid":{"rendered":"https:\/\/www.austriacult.roma.it\/?post_type=tribe_events&#038;p=6926"},"modified":"2019-09-25T16:08:39","modified_gmt":"2019-09-25T14:08:39","slug":"trio-esja","status":"publish","type":"tribe_events","link":"https:\/\/www.austriacult.roma.it\/de\/veranstaltung\/trio-esja\/","title":{"rendered":"Trio ESJA"},"content":{"rendered":"<p><\/p>\n<p><strong>J\u00f6rg Leichtfried <\/strong>(Klavier), <strong>Stefan \u201ePista\u201c Bartus <\/strong>(Bass) und <strong>Hubert Br\u00fcndlmayer <\/strong>(Drums) spielen ein Programm von fast ausschlie\u00dflich eigenen Kompositionen \u2013 frisch und improvisatorisch unbestechlich.\u00a0<\/p>\n<p>Kraftvoll, pulsierend, lyrisch und zugleich unaufgeregt pr\u00e4sentiert sich das Programm des Trios Esja. Gleichzeitig gelingt es J\u00f6rg Leichtfried durch seine Kompositionen ein breites musikalisches Spektrum des Jazz auszureizen und den sprichw\u00f6rtlich roten Faden elegant durchs Programm zu weben.<br \/>\nLeichtfried und Br\u00fcndlmayer verbindet eine mittlerweile fast zehnj\u00e4hrige Zusammenarbeit in den verschiedensten Projekten und Formationen des Jazz. Der aus der Slowakei stammende Bassist Stefan \u201cPista\u201d Bartus ist ein viel gefragter Musiker der internationalen Jazzszene und eine wichtige k\u00fcnstlerische Erg\u00e4nzung f\u00fcr das erst 2017 gegr\u00fcndete Trio Esja.<br \/>\nStets um Interaktion im Zusammenspiel bem\u00fcht, sp\u00fcrt man als Zuh\u00f6rer die lange Reise, die jeder einzelne der drei Musiker im Laufe seiner musikalischen Entwicklung zur\u00fcckgelegt hat.<\/p>\n<p>&nbsp;<\/p>\n<p><strong>Programm<\/strong><\/p>\n<p>And Then Rain (J\u00f6rg Leichtfried)<\/p>\n<p>New Buildings (J\u00f6rg Leichtfried)<\/p>\n<p>Two Nights in Paris and Back To Silence (J\u00f6rg Leichtfried)<\/p>\n<p>Muebackl (J\u00f6rg Leichtfried)<\/p>\n<p>Teardrop (Massive Attack)<\/p>\n<p>&#8211; &#8211; &#8211; &#8211; &#8211;<\/p>\n<p>We (J\u00f6rg Leichtfried)<\/p>\n<p>The Man I Love (George Gershwin)<\/p>\n<p>For Goda (J\u00f6rg Leichtfried)<\/p>\n<p>Passenger On HiFi Flight (J\u00f6rg Leichtfried)<\/p>\n<p>Oursette (J\u00f6rg Leichtfried)<\/p>\n<p>What Is This Thing Called Love (Cole Porter)<\/p>\n<p>&nbsp;<\/p>\n<p>Das Konzert wird vom \u00d6sterreichischen Kulturforum Rom in der Reihe <strong>EUROPA IN MUSICA, <\/strong>einem Projekt von\u00a0<strong>EUNIC Roma<\/strong>\u00a0(Verband der europ\u00e4ischen Kulturinstitute in Rom), veranstaltet.<\/p>\n<p>&nbsp;<\/p>\n<p><strong>J\u00f6rg Leichtfried<\/strong> (Klavier) ist Dozent f\u00fcr Jazz Klavier an der JAM MUSIC LAB Private University.\u00a0Er absolvierte seinen Master of Arts 2009 in Jazz-Klavier an der Musik und Kunst Privatuniversit\u00e4t Wien. Stipendium des Bundesministeriums f\u00fcr Unterricht und Kunst 2012 (Arbeitsaufenthalt in New York). Kompositionsauftr\u00e4ge des Landes Nieder\u00f6sterreich 2017 und 2019.\u00a0<br \/>\nCD Produktionen: &#8222;Rooms&#8220; (Duo Bertl Mayer \/ J\u00f6rg Leichtfried), &#8222;Magicians, Sounds And Other Beauties&#8220; (J\u00f6rg Leichtfried Trio).<\/p>\n<p><strong>Stefan &#8222;Pista&#8220; Bartus<\/strong> (Bass) wurde 1987 in der Slowakei geboren, Studium am J. L. Bella Conservatory in Banska Bystrica und an der Academy of Performing Arts in Bratislava.\u00a0<br \/>\nBartus z\u00e4hlt zu den international erfolgreichen Kontrabassisten im Bereich Modern Jazz und\u00a0 ist Gewinner des Jazz Hoeilaart International Contest &#8211; Belgium contest (2003) mit dem Milo Suchomel Quartett.<br \/>\nUnterrichtst\u00e4tigkeit am JAM MUSIC LAB &#8211; Conservatory for Jazz and Popular Music Vienna und am Conservatory Bratislava.\u00a0<\/p>\n<p><strong>Hubert Br\u00fcndlmayer<\/strong> (drums) \u2013 Jahrgang 1985 &#8211; studierte an der Konservatorium Wien Privatuniversit\u00e4t und an der Anton Bruckner Privatuniversit\u00e4t.<br \/>\nAls Schlagzeuger ist er in stilistisch in den unterschiedlichsten Formationen t\u00e4tig, au\u00dferdem komponiert und arrangiert er, vor allem f\u00fcr seine eigene Band \u201eHornhub\u201c.\u00a02014 ver\u00f6ffentliche er sein erstes Instrumentallehrbuch mit dem Titel \u201eQuintuplet-Systems\u201c. www.hubert-music.com<\/p>\n<p>&nbsp;<\/p>\n<p><strong>EUROPA IN MUSICA<\/strong><\/p>\n<p>Das Konzert wird vom Goethe-Institut Rom, dem \u00d6sterreichischen Kulturforum Rom und vom Konservatorium Santa Cecilia im Rahmen von\u00a0<strong>EUROPA IN MUSICA<\/strong>\u00a0des\u00a0<strong>EUNIC-Clusters Rom<\/strong>\u00a0(Verband der Kulturinstitute der europ\u00e4ischen L\u00e4nder in Rom) organisiert.<\/p>\n<p>Die Konzertreihe\u00a0<strong>EUROPA IN MUSICA<\/strong>\u00a0wurde von der Rum\u00e4nischen Akademie und dem Konservatorium Santa Cecilia in Rom ins Leben gerufen und von den Mitgliedern des EUNIC-Clusters Rom organisiert: \u00d6sterreichisches Kulturforum, Bulgarisches Institut, Goethe Institut, Europabibliothek, Botschaft von Malta, Polnisches Institut, Slowakisches Institut, Istituto Cervantes, T\u00fcrkisches Kulturzentrum, EU-Kommission, Ungarische Akademie. Mit Unterst\u00fctzung der Belgischen Akademie, der D\u00e4nischen Akademie, der Botschaft von Finnland und der Serbisches Botschaft und mit dem Ehrenschutz der Rum\u00e4nischen Botschaft, der Stadt Rom und des r\u00f6mischen Bibliothekenverbundes.<\/p>\n<p><u><a href=\"https:\/\/www.austriacult.roma.it\/wp-content\/uploads\/2019\/06\/Roll-up-stampa.pdf\">Plak<\/a>at<\/u>\u00a0\u00a0<strong>EUROPA IN MUSICA<\/strong><\/p>\n<p><a href=\"https:\/\/www.austriacult.roma.it\/wp-content\/uploads\/2019\/06\/PROGRAMMA-FINALE-CONCERTI-EUNIC-2019.docx\"><u>Download Programm<\/u><\/a>\u00a0\u00a0<strong>EUROPA IN MUSICA<\/strong><\/p>\n<p style=\"text-align: justify;\">\u00a0<\/p>\n<p><\/p>","protected":false},"excerpt":{"rendered":"<\/p>\n<p>J\u00f6rg Leichtfried (Klavier), Stefan \u201ePista\u201c Bartus (Bass) und Hubert Br\u00fcndlmayer (Drums) spielen ein Programm von fast ausschlie\u00dflich eigenen Kompositionen \u2013 frisch und improvisatorisch unbestechlich.\u00a0<\/p>\n<p>Kraftvoll, pulsierend, lyrisch und zugleich unaufgeregt pr\u00e4sentiert sich das Programm des Trios Esja. Gleichzeitig gelingt es J\u00f6rg Leichtfried durch seine Kompositionen ein breites musikalisches Spektrum des Jazz auszureizen und den sprichw\u00f6rtlich roten Faden elegant durchs Programm zu weben.<br \/>\nLeichtfried und Br\u00fcndlmayer verbindet eine mittlerweile fast zehnj\u00e4hrige Zusammenarbeit in den verschiedensten Projekten und Formationen des Jazz. Der aus [&#8230;]<\/p>\n","protected":false},"author":2,"featured_media":6927,"comment_status":"closed","ping_status":"closed","template":"","meta":{"footnotes":""},"tags":[],"tribe_events_cat":[3],"class_list":["post-6926","tribe_events","type-tribe_events","status-publish","has-post-thumbnail","hentry","tribe_events_cat-musik","cat_musik"],"_links":{"self":[{"href":"https:\/\/www.austriacult.roma.it\/de\/wp-json\/wp\/v2\/tribe_events\/6926","targetHints":{"allow":["GET"]}}],"collection":[{"href":"https:\/\/www.austriacult.roma.it\/de\/wp-json\/wp\/v2\/tribe_events"}],"about":[{"href":"https:\/\/www.austriacult.roma.it\/de\/wp-json\/wp\/v2\/types\/tribe_events"}],"author":[{"embeddable":true,"href":"https:\/\/www.austriacult.roma.it\/de\/wp-json\/wp\/v2\/users\/2"}],"replies":[{"embeddable":true,"href":"https:\/\/www.austriacult.roma.it\/de\/wp-json\/wp\/v2\/comments?post=6926"}],"version-history":[{"count":0,"href":"https:\/\/www.austriacult.roma.it\/de\/wp-json\/wp\/v2\/tribe_events\/6926\/revisions"}],"wp:featuredmedia":[{"embeddable":true,"href":"https:\/\/www.austriacult.roma.it\/de\/wp-json\/wp\/v2\/media\/6927"}],"wp:attachment":[{"href":"https:\/\/www.austriacult.roma.it\/de\/wp-json\/wp\/v2\/media?parent=6926"}],"wp:term":[{"taxonomy":"post_tag","embeddable":true,"href":"https:\/\/www.austriacult.roma.it\/de\/wp-json\/wp\/v2\/tags?post=6926"},{"taxonomy":"tribe_events_cat","embeddable":true,"href":"https:\/\/www.austriacult.roma.it\/de\/wp-json\/wp\/v2\/tribe_events_cat?post=6926"}],"curies":[{"name":"wp","href":"https:\/\/api.w.org\/{rel}","templated":true}]}}

<p></p>
<p><strong>Jörg Leichtfried </strong>(Klavier), <strong>Stefan „Pista“ Bartus </strong>(Bass) und <strong>Hubert Bründlmayer </strong>(Drums) spielen ein Programm von fast ausschließlich eigenen Kompositionen – frisch und improvisatorisch unbestechlich. </p>
<p>Kraftvoll, pulsierend, lyrisch und zugleich unaufgeregt präsentiert sich das Programm des Trios Esja. Gleichzeitig gelingt es Jörg Leichtfried durch seine Kompositionen ein breites musikalisches Spektrum des Jazz auszureizen und den sprichwörtlich roten Faden elegant durchs Programm zu weben.<br />
Leichtfried und Bründlmayer verbindet eine mittlerweile fast zehnjährige Zusammenarbeit in den verschiedensten Projekten und Formationen des Jazz. Der aus der Slowakei stammende Bassist Stefan “Pista” Bartus ist ein viel gefragter Musiker der internationalen Jazzszene und eine wichtige künstlerische Ergänzung für das erst 2017 gegründete Trio Esja.<br />
Stets um Interaktion im Zusammenspiel bemüht, spürt man als Zuhörer die lange Reise, die jeder einzelne der drei Musiker im Laufe seiner musikalischen Entwicklung zurückgelegt hat.</p>
<p>&nbsp;</p>
<p><strong>Programm</strong></p>
<p>And Then Rain (Jörg Leichtfried)</p>
<p>New Buildings (Jörg Leichtfried)</p>
<p>Two Nights in Paris and Back To Silence (Jörg Leichtfried)</p>
<p>Muebackl (Jörg Leichtfried)</p>
<p>Teardrop (Massive Attack)</p>
<p>&#8211; &#8211; &#8211; &#8211; &#8211;</p>
<p>We (Jörg Leichtfried)</p>
<p>The Man I Love (George Gershwin)</p>
<p>For Goda (Jörg Leichtfried)</p>
<p>Passenger On HiFi Flight (Jörg Leichtfried)</p>
<p>Oursette (Jörg Leichtfried)</p>
<p>What Is This Thing Called Love (Cole Porter)</p>
<p>&nbsp;</p>
<p>Das Konzert wird vom Österreichischen Kulturforum Rom in der Reihe <strong>EUROPA IN MUSICA, </strong>einem Projekt von <strong>EUNIC Roma</strong> (Verband der europäischen Kulturinstitute in Rom), veranstaltet.</p>
<p>&nbsp;</p>
<p><strong>Jörg Leichtfried</strong> (Klavier) ist Dozent für Jazz Klavier an der JAM MUSIC LAB Private University. Er absolvierte seinen Master of Arts 2009 in Jazz-Klavier an der Musik und Kunst Privatuniversität Wien. Stipendium des Bundesministeriums für Unterricht und Kunst 2012 (Arbeitsaufenthalt in New York). Kompositionsaufträge des Landes Niederösterreich 2017 und 2019. <br />
CD Produktionen: &#8222;Rooms&#8220; (Duo Bertl Mayer / Jörg Leichtfried), &#8222;Magicians, Sounds And Other Beauties&#8220; (Jörg Leichtfried Trio).</p>
<p><strong>Stefan &#8222;Pista&#8220; Bartus</strong> (Bass) wurde 1987 in der Slowakei geboren, Studium am J. L. Bella Conservatory in Banska Bystrica und an der Academy of Performing Arts in Bratislava. <br />
Bartus zählt zu den international erfolgreichen Kontrabassisten im Bereich Modern Jazz und  ist Gewinner des Jazz Hoeilaart International Contest &#8211; Belgium contest (2003) mit dem Milo Suchomel Quartett.<br />
Unterrichtstätigkeit am JAM MUSIC LAB &#8211; Conservatory for Jazz and Popular Music Vienna und am Conservatory Bratislava. </p>
<p><strong>Hubert Bründlmayer</strong> (drums) – Jahrgang 1985 &#8211; studierte an der Konservatorium Wien Privatuniversität und an der Anton Bruckner Privatuniversität.<br />
Als Schlagzeuger ist er in stilistisch in den unterschiedlichsten Formationen tätig, außerdem komponiert und arrangiert er, vor allem für seine eigene Band „Hornhub“. 2014 veröffentliche er sein erstes Instrumentallehrbuch mit dem Titel „Quintuplet-Systems“. www.hubert-music.com</p>
<p>&nbsp;</p>
<p><strong>EUROPA IN MUSICA</strong></p>
<p>Das Konzert wird vom Goethe-Institut Rom, dem Österreichischen Kulturforum Rom und vom Konservatorium Santa Cecilia im Rahmen von <strong>EUROPA IN MUSICA</strong> des <strong>EUNIC-Clusters Rom</strong> (Verband der Kulturinstitute der europäischen Länder in Rom) organisiert.</p>
<p>Die Konzertreihe <strong>EUROPA IN MUSICA</strong> wurde von der Rumänischen Akademie und dem Konservatorium Santa Cecilia in Rom ins Leben gerufen und von den Mitgliedern des EUNIC-Clusters Rom organisiert: Österreichisches Kulturforum, Bulgarisches Institut, Goethe Institut, Europabibliothek, Botschaft von Malta, Polnisches Institut, Slowakisches Institut, Istituto Cervantes, Türkisches Kulturzentrum, EU-Kommission, Ungarische Akademie. Mit Unterstützung der Belgischen Akademie, der Dänischen Akademie, der Botschaft von Finnland und der Serbisches Botschaft und mit dem Ehrenschutz der Rumänischen Botschaft, der Stadt Rom und des römischen Bibliothekenverbundes.</p>
<p><u><a href="https://www.austriacult.roma.it/wp-content/uploads/2019/06/Roll-up-stampa.pdf">Plak</a>at</u>  <strong>EUROPA IN MUSICA</strong></p>
<p><a href="https://www.austriacult.roma.it/wp-content/uploads/2019/06/PROGRAMMA-FINALE-CONCERTI-EUNIC-2019.docx"><u>Download Programm</u></a>  <strong>EUROPA IN MUSICA</strong></p>
<p style="text-align: justify;"> </p>
<p></p>

</p>
<p>Jörg Leichtfried (Klavier), Stefan „Pista“ Bartus (Bass) und Hubert Bründlmayer (Drums) spielen ein Programm von fast ausschließlich eigenen Kompositionen – frisch und improvisatorisch unbestechlich. </p>
<p>Kraftvoll, pulsierend, lyrisch und zugleich unaufgeregt präsentiert sich das Programm des Trios Esja. Gleichzeitig gelingt es Jörg Leichtfried durch seine Kompositionen ein breites musikalisches Spektrum des Jazz auszureizen und den sprichwörtlich roten Faden elegant durchs Programm zu weben.<br />
Leichtfried und Bründlmayer verbindet eine mittlerweile fast zehnjährige Zusammenarbeit in den verschiedensten Projekten und Formationen des Jazz. Der aus [&#8230;]</p>
