{"id":6922,"date":"2019-09-24T14:44:15","date_gmt":"2019-09-24T12:44:15","guid":{"rendered":"https:\/\/www.austriacult.roma.it\/?post_type=tribe_events&#038;p=6922"},"modified":"2019-10-22T17:02:10","modified_gmt":"2019-10-22T15:02:10","slug":"6-7-x-5-13","status":"publish","type":"tribe_events","link":"https:\/\/www.austriacult.roma.it\/de\/veranstaltung\/6-7-x-5-13\/","title":{"rendered":"6 + 7 x 5 = 13"},"content":{"rendered":"<p><\/p>\n<p>Das &#8222;Dipartimento di Lingue, Letterature e Culture straniere&#8220; der Universit\u00e0 Roma Tre und das \u00d6sterreichische Kulturforum Rom pr\u00e4sentieren die dritte\u00a0 Anthologie mit Texten \u00f6sterreichischer Autoren. Der Band <strong><em>\u201e6 x 7 + 5 = 13\u201d<\/em><\/strong> vereint Texte zeitgen\u00f6ssischer \u00f6sterreichischer Literatur von 13 Autorinnen und Autoren.<\/p>\n<p>Aus Anlass der Buchpr\u00e4sentation findet auch eine Podiumsdiskussion zum Thema &#8222;\u00d6sterreichische Literatur und ihre Verbreitung in Italien&#8220; statt, die von Prof. Ute Weidenhiller moderiert wird. Teilnehmen werden der Kurator der Anthologie, <strong>Prof. Giovanni Sampaolo<\/strong>, der Germanist <strong>Hermann Dorowin<\/strong> und der Herausgeber <strong>Marco Federici Solari<\/strong>. Die Schauspielerin <strong>Carlotta Mangione<\/strong> liest Ausz\u00fcge aus der Anthologie.<\/p>\n<p style=\"text-align: justify;\">13 Autorinnen und Autoren zeitgen\u00f6ssischer \u00f6sterreichischer Literatur werden in dem Band zum ersten Mal in Italien vorgestellt. Ihre Texte stammen aus f\u00fcnf verschiedenen literarischen Genres und zeichnen so ein differenziertes und umfassendes Bild. F\u00fcr jedes Genre wurde ein Autor bzw. eine Autorin ausgew\u00e4hlt. Bemerkenswert ist, dass ein Schwerpunkt der Grenzraum ist, der Karst und die slowenischen Sprache im S\u00fcdosten \u00d6sterreichs. Die Lyrik wird durch <strong>Maya Haderlap<\/strong> und <strong>Ludwig Hartinger<\/strong> repr\u00e4sentiert, der Roman durch <strong>Barbara Frischmut<\/strong>h und <strong>Florjan Lipu\u0161<\/strong>, die Dramatik durch <strong>Gerhild Steinbuch<\/strong> und <strong>Clemens J. Setz<\/strong>, der Essay durch <strong>Daniela Strigl<\/strong> und <strong>Armin Thurnher<\/strong>. Die Textsammlung schlie\u00dft mit einem fiktiven Poetry Slam, die j\u00fcngste literarische Ausdrucksform, die besonders von den sehr jungen Slam Poets <strong>Elias Hirschl<\/strong>, <strong>Mieze Medusa<\/strong>, <strong>Henrik Szanto<\/strong>, <strong>Agnes Maier<\/strong> und <strong>Christoph Steiner<\/strong>. eingesetzt wird. Die Schlussbilanz sieht folgenderma\u00dfen aus: 6 (Schriftstellerinnen) + 7 (Schriftsteller) x 5 (Genres) = 13 (Texte).<\/p>\n<p style=\"text-align: justify;\">Dem Band gingen zwei analoge Titel des Verlags Artemide voraus, die ebenfalls von G. Sampaolo in Zusaemmenarbeit mit dem \u00d6sterreichischen Kulturforum kuratiert wurden: <em>Nuove scritture dall\u2019Austria<\/em> (2017) und <em>E poi il silenzio. Nuove voci della letteratura austriaca<\/em> (2019).<\/p>\n<p><\/p>","protected":false},"excerpt":{"rendered":"<\/p>\n<p>Das &#8222;Dipartimento di Lingue, Letterature e Culture straniere&#8220; der Universit\u00e0 Roma Tre und das \u00d6sterreichische Kulturforum Rom pr\u00e4sentieren die dritte\u00a0 Anthologie mit Texten \u00f6sterreichischer Autoren. Der Band \u201e6 x 7 + 5 = 13\u201d vereint Texte zeitgen\u00f6ssischer \u00f6sterreichischer Literatur von 13 Autorinnen und Autoren.<\/p>\n<p>Aus Anlass der Buchpr\u00e4sentation findet auch eine Podiumsdiskussion zum Thema &#8222;\u00d6sterreichische Literatur und ihre Verbreitung in Italien&#8220; statt, die von Prof. Ute Weidenhiller moderiert wird. Teilnehmen werden der Kurator der Anthologie, Prof. Giovanni Sampaolo, der Germanist Hermann [&#8230;]<\/p>\n","protected":false},"author":2,"featured_media":6923,"comment_status":"closed","ping_status":"closed","template":"","meta":{"footnotes":""},"tags":[],"tribe_events_cat":[4],"class_list":["post-6922","tribe_events","type-tribe_events","status-publish","has-post-thumbnail","hentry","tribe_events_cat-literatur","cat_literatur"],"_links":{"self":[{"href":"https:\/\/www.austriacult.roma.it\/de\/wp-json\/wp\/v2\/tribe_events\/6922","targetHints":{"allow":["GET"]}}],"collection":[{"href":"https:\/\/www.austriacult.roma.it\/de\/wp-json\/wp\/v2\/tribe_events"}],"about":[{"href":"https:\/\/www.austriacult.roma.it\/de\/wp-json\/wp\/v2\/types\/tribe_events"}],"author":[{"embeddable":true,"href":"https:\/\/www.austriacult.roma.it\/de\/wp-json\/wp\/v2\/users\/2"}],"replies":[{"embeddable":true,"href":"https:\/\/www.austriacult.roma.it\/de\/wp-json\/wp\/v2\/comments?post=6922"}],"version-history":[{"count":0,"href":"https:\/\/www.austriacult.roma.it\/de\/wp-json\/wp\/v2\/tribe_events\/6922\/revisions"}],"wp:featuredmedia":[{"embeddable":true,"href":"https:\/\/www.austriacult.roma.it\/de\/wp-json\/wp\/v2\/media\/6923"}],"wp:attachment":[{"href":"https:\/\/www.austriacult.roma.it\/de\/wp-json\/wp\/v2\/media?parent=6922"}],"wp:term":[{"taxonomy":"post_tag","embeddable":true,"href":"https:\/\/www.austriacult.roma.it\/de\/wp-json\/wp\/v2\/tags?post=6922"},{"taxonomy":"tribe_events_cat","embeddable":true,"href":"https:\/\/www.austriacult.roma.it\/de\/wp-json\/wp\/v2\/tribe_events_cat?post=6922"}],"curies":[{"name":"wp","href":"https:\/\/api.w.org\/{rel}","templated":true}]}}

<p></p>
<p>Das &#8222;Dipartimento di Lingue, Letterature e Culture straniere&#8220; der Università Roma Tre und das Österreichische Kulturforum Rom präsentieren die dritte  Anthologie mit Texten österreichischer Autoren. Der Band <strong><em>„6 x 7 + 5 = 13”</em></strong> vereint Texte zeitgenössischer österreichischer Literatur von 13 Autorinnen und Autoren.</p>
<p>Aus Anlass der Buchpräsentation findet auch eine Podiumsdiskussion zum Thema &#8222;Österreichische Literatur und ihre Verbreitung in Italien&#8220; statt, die von Prof. Ute Weidenhiller moderiert wird. Teilnehmen werden der Kurator der Anthologie, <strong>Prof. Giovanni Sampaolo</strong>, der Germanist <strong>Hermann Dorowin</strong> und der Herausgeber <strong>Marco Federici Solari</strong>. Die Schauspielerin <strong>Carlotta Mangione</strong> liest Auszüge aus der Anthologie.</p>
<p style="text-align: justify;">13 Autorinnen und Autoren zeitgenössischer österreichischer Literatur werden in dem Band zum ersten Mal in Italien vorgestellt. Ihre Texte stammen aus fünf verschiedenen literarischen Genres und zeichnen so ein differenziertes und umfassendes Bild. Für jedes Genre wurde ein Autor bzw. eine Autorin ausgewählt. Bemerkenswert ist, dass ein Schwerpunkt der Grenzraum ist, der Karst und die slowenischen Sprache im Südosten Österreichs. Die Lyrik wird durch <strong>Maya Haderlap</strong> und <strong>Ludwig Hartinger</strong> repräsentiert, der Roman durch <strong>Barbara Frischmut</strong>h und <strong>Florjan Lipuš</strong>, die Dramatik durch <strong>Gerhild Steinbuch</strong> und <strong>Clemens J. Setz</strong>, der Essay durch <strong>Daniela Strigl</strong> und <strong>Armin Thurnher</strong>. Die Textsammlung schließt mit einem fiktiven Poetry Slam, die jüngste literarische Ausdrucksform, die besonders von den sehr jungen Slam Poets <strong>Elias Hirschl</strong>, <strong>Mieze Medusa</strong>, <strong>Henrik Szanto</strong>, <strong>Agnes Maier</strong> und <strong>Christoph Steiner</strong>. eingesetzt wird. Die Schlussbilanz sieht folgendermaßen aus: 6 (Schriftstellerinnen) + 7 (Schriftsteller) x 5 (Genres) = 13 (Texte).</p>
<p style="text-align: justify;">Dem Band gingen zwei analoge Titel des Verlags Artemide voraus, die ebenfalls von G. Sampaolo in Zusaemmenarbeit mit dem Österreichischen Kulturforum kuratiert wurden: <em>Nuove scritture dall’Austria</em> (2017) und <em>E poi il silenzio. Nuove voci della letteratura austriaca</em> (2019).</p>
<p></p>

</p>
<p>Das &#8222;Dipartimento di Lingue, Letterature e Culture straniere&#8220; der Università Roma Tre und das Österreichische Kulturforum Rom präsentieren die dritte  Anthologie mit Texten österreichischer Autoren. Der Band „6 x 7 + 5 = 13” vereint Texte zeitgenössischer österreichischer Literatur von 13 Autorinnen und Autoren.</p>
<p>Aus Anlass der Buchpräsentation findet auch eine Podiumsdiskussion zum Thema &#8222;Österreichische Literatur und ihre Verbreitung in Italien&#8220; statt, die von Prof. Ute Weidenhiller moderiert wird. Teilnehmen werden der Kurator der Anthologie, Prof. Giovanni Sampaolo, der Germanist Hermann [&#8230;]</p>
