{"id":6916,"date":"2019-09-24T14:31:50","date_gmt":"2019-09-24T12:31:50","guid":{"rendered":"https:\/\/www.austriacult.roma.it\/?post_type=tribe_events&#038;p=6916"},"modified":"2019-10-28T15:07:00","modified_gmt":"2019-10-28T14:07:00","slug":"ludwig-hartinger","status":"publish","type":"tribe_events","link":"https:\/\/www.austriacult.roma.it\/de\/veranstaltung\/ludwig-hartinger\/","title":{"rendered":"LUDWIG HARTINGER"},"content":{"rendered":"<p><\/p>\n<p>Der \u00f6sterreichische Schriftsteller <strong>Ludwig Hartinger<\/strong> (*1952) wird vor den Studierenden des &#8222;Dipartimento di Lingue, Letterature e Culture straniere&#8220; der Universit\u00e0 Roma Tre lesen. Er ist einer der \u00f6sterreichischen Autoren der Anthologie \u00a0\u201c6 x 7 + 5 = 13. 13 autori per 5 generi della letteratura austriaca contemporanea\u201d, die Texte zeitgen\u00f6ssischer \u00f6sterreichischer Literatur von 13 Autorinnen und Autoren vereint und die am 25. Oktober am \u00d6sterreichischen Kulturforum vorgestellt wird (<a href=\"https:\/\/www.austriacult.roma.it\/de\/evento\/6-7-x-5-13\/\">Link zum Artikel<\/a>).<br \/>\nDie Lesung Hartingers wird erg\u00e4nzt von den Ausf\u00fchrungen der \u00dcbersetzerin <strong>Simonetta Carusi,<\/strong> die den Studierenden ihre langj\u00e4hrige Erfahrung mit literarischem \u00dcbersetzen vermitteln wird. \u00a0<\/p>\n<p><a href=\"https:\/\/www.austriacult.roma.it\/wp-content\/uploads\/2019\/09\/Leseprobe-Hartinger.pdf\"><u>Hier <\/u><\/a>ein Ausschnitt aus Ludwig Hartingers Gedichten, \u00fcbersetzt von <strong>Simonetta Carus<\/strong>i.<\/p>\n<p><a href=\"https:\/\/www.austriacult.roma.it\/wp-content\/uploads\/2019\/10\/Hartinger-Locandina-1.jpg\"><span style=\"text-decoration: underline;\">Plakat<\/span><\/a><\/p>\n<p><strong>Ludwig Hartinger,\u00a0<\/strong>1952 in Saalfelden am Steinernen Meer geboren, lebt in Salzburg und im slowenischen Karst. Er ist Herausgeber, Lektor, U\u0308bersetzer, Autor und Mitglied des Redaktionskomitees der Zeitschrift \u201cLiteratur und Kritik\u201d (Otto M\u00fcller Verlag, Salzburg). Au\u00dferdem ist er Kurator der Lyrikreihe \u201cRanitzDrucke\u201d (Edition Thanh\u00e4user, Ottensheim an der Donau).<br \/>\nEr publizierte Essays und Gedichte, darunter: <em>Die Sch\u00e4rfe des Halms<\/em> (2012) und <em>Schatten s\u00e4umen<\/em> (2018) sowie Lyrik\u00fcbersetzungen aus dem Slowenischen (u.a. Sre\u010dko Kosovel, Toma\u017e \u0160alamun, Ale\u0161 \u0160teger) und aus dem Franz\u00f6sischen (Pierre Reverdy, Fiston Mwanza Mijula).<\/p>\n<p><strong>Simonetta Carusi<\/strong> (Neapel, 1964) unterrichtete Deutsche Literatur an der Universit\u00e4t Chieti-Pescara. Sie publizierte unter anderem: <i>Il mito americano nella letteratura austriaca<\/i>.<i> Dal mondo asburgico a Peter Handke <\/i>(Neapel 2008). Zu ihren \u00dcbersetzungen geh\u00f6ren: G.E. Lessing, <i>Osservazioni sparse sull&#8217;epigramma <\/i>(Neapel 2009); H.Heine, <i>Poesie scelte<\/i>, Mailand 2016.<\/p>\n<p><\/p>","protected":false},"excerpt":{"rendered":"<\/p>\n<p>Der \u00f6sterreichische Schriftsteller Ludwig Hartinger (*1952) wird vor den Studierenden des &#8222;Dipartimento di Lingue, Letterature e Culture straniere&#8220; der Universit\u00e0 Roma Tre lesen. Er ist einer der \u00f6sterreichischen Autoren der Anthologie \u00a0\u201c6 x 7 + 5 = 13. 13 autori per 5 generi della letteratura austriaca contemporanea\u201d, die Texte zeitgen\u00f6ssischer \u00f6sterreichischer Literatur von 13 Autorinnen und Autoren vereint und die am 25. Oktober am \u00d6sterreichischen Kulturforum vorgestellt wird (<a href=\"https:\/\/www.austriacult.roma.it\/de\/evento\/6-7-x-5-13\/\">Link zum Artikel<\/a>).<br \/>\nDie Lesung Hartingers wird erg\u00e4nzt von den Ausf\u00fchrungen [&#8230;]<\/p>\n","protected":false},"author":2,"featured_media":6921,"comment_status":"closed","ping_status":"closed","template":"","meta":{"footnotes":""},"tags":[],"tribe_events_cat":[4],"class_list":["post-6916","tribe_events","type-tribe_events","status-publish","has-post-thumbnail","hentry","tribe_events_cat-literatur","cat_literatur"],"_links":{"self":[{"href":"https:\/\/www.austriacult.roma.it\/de\/wp-json\/wp\/v2\/tribe_events\/6916","targetHints":{"allow":["GET"]}}],"collection":[{"href":"https:\/\/www.austriacult.roma.it\/de\/wp-json\/wp\/v2\/tribe_events"}],"about":[{"href":"https:\/\/www.austriacult.roma.it\/de\/wp-json\/wp\/v2\/types\/tribe_events"}],"author":[{"embeddable":true,"href":"https:\/\/www.austriacult.roma.it\/de\/wp-json\/wp\/v2\/users\/2"}],"replies":[{"embeddable":true,"href":"https:\/\/www.austriacult.roma.it\/de\/wp-json\/wp\/v2\/comments?post=6916"}],"version-history":[{"count":0,"href":"https:\/\/www.austriacult.roma.it\/de\/wp-json\/wp\/v2\/tribe_events\/6916\/revisions"}],"wp:featuredmedia":[{"embeddable":true,"href":"https:\/\/www.austriacult.roma.it\/de\/wp-json\/wp\/v2\/media\/6921"}],"wp:attachment":[{"href":"https:\/\/www.austriacult.roma.it\/de\/wp-json\/wp\/v2\/media?parent=6916"}],"wp:term":[{"taxonomy":"post_tag","embeddable":true,"href":"https:\/\/www.austriacult.roma.it\/de\/wp-json\/wp\/v2\/tags?post=6916"},{"taxonomy":"tribe_events_cat","embeddable":true,"href":"https:\/\/www.austriacult.roma.it\/de\/wp-json\/wp\/v2\/tribe_events_cat?post=6916"}],"curies":[{"name":"wp","href":"https:\/\/api.w.org\/{rel}","templated":true}]}}

<p></p>
<p>Der österreichische Schriftsteller <strong>Ludwig Hartinger</strong> (*1952) wird vor den Studierenden des &#8222;Dipartimento di Lingue, Letterature e Culture straniere&#8220; der Università Roma Tre lesen. Er ist einer der österreichischen Autoren der Anthologie  “6 x 7 + 5 = 13. 13 autori per 5 generi della letteratura austriaca contemporanea”, die Texte zeitgenössischer österreichischer Literatur von 13 Autorinnen und Autoren vereint und die am 25. Oktober am Österreichischen Kulturforum vorgestellt wird (<a href="https://www.austriacult.roma.it/de/evento/6-7-x-5-13/">Link zum Artikel</a>).<br />
Die Lesung Hartingers wird ergänzt von den Ausführungen der Übersetzerin <strong>Simonetta Carusi,</strong> die den Studierenden ihre langjährige Erfahrung mit literarischem Übersetzen vermitteln wird.  </p>
<p><a href="https://www.austriacult.roma.it/wp-content/uploads/2019/09/Leseprobe-Hartinger.pdf"><u>Hier </u></a>ein Ausschnitt aus Ludwig Hartingers Gedichten, übersetzt von <strong>Simonetta Carus</strong>i.</p>
<p><a href="https://www.austriacult.roma.it/wp-content/uploads/2019/10/Hartinger-Locandina-1.jpg"><span style="text-decoration: underline;">Plakat</span></a></p>
<p><strong>Ludwig Hartinger, </strong>1952 in Saalfelden am Steinernen Meer geboren, lebt in Salzburg und im slowenischen Karst. Er ist Herausgeber, Lektor, Übersetzer, Autor und Mitglied des Redaktionskomitees der Zeitschrift “Literatur und Kritik” (Otto Müller Verlag, Salzburg). Außerdem ist er Kurator der Lyrikreihe “RanitzDrucke” (Edition Thanhäuser, Ottensheim an der Donau).<br />
Er publizierte Essays und Gedichte, darunter: <em>Die Schärfe des Halms</em> (2012) und <em>Schatten säumen</em> (2018) sowie Lyrikübersetzungen aus dem Slowenischen (u.a. Srečko Kosovel, Tomaž Šalamun, Aleš Šteger) und aus dem Französischen (Pierre Reverdy, Fiston Mwanza Mijula).</p>
<p><strong>Simonetta Carusi</strong> (Neapel, 1964) unterrichtete Deutsche Literatur an der Universität Chieti-Pescara. Sie publizierte unter anderem: <i>Il mito americano nella letteratura austriaca</i>.<i> Dal mondo asburgico a Peter Handke </i>(Neapel 2008). Zu ihren Übersetzungen gehören: G.E. Lessing, <i>Osservazioni sparse sull&#8217;epigramma </i>(Neapel 2009); H.Heine, <i>Poesie scelte</i>, Mailand 2016.</p>
<p></p>

</p>
<p>Der österreichische Schriftsteller Ludwig Hartinger (*1952) wird vor den Studierenden des &#8222;Dipartimento di Lingue, Letterature e Culture straniere&#8220; der Università Roma Tre lesen. Er ist einer der österreichischen Autoren der Anthologie  “6 x 7 + 5 = 13. 13 autori per 5 generi della letteratura austriaca contemporanea”, die Texte zeitgenössischer österreichischer Literatur von 13 Autorinnen und Autoren vereint und die am 25. Oktober am Österreichischen Kulturforum vorgestellt wird (<a href="https://www.austriacult.roma.it/de/evento/6-7-x-5-13/">Link zum Artikel</a>).<br />
Die Lesung Hartingers wird ergänzt von den Ausführungen [&#8230;]</p>
