{"id":6892,"date":"2019-09-24T12:22:14","date_gmt":"2019-09-24T10:22:14","guid":{"rendered":"https:\/\/www.austriacult.roma.it\/de\/?post_type=tribe_events&#038;p=6892"},"modified":"2019-10-16T09:02:27","modified_gmt":"2019-10-16T07:02:27","slug":"destinazione-liberta","status":"publish","type":"tribe_events","link":"https:\/\/www.austriacult.roma.it\/de\/veranstaltung\/destinazione-liberta\/","title":{"rendered":"DESTINAZIONE LIBERT\u00c0"},"content":{"rendered":"<p><\/p>\n<p><strong><em>Destinazione Libert\u00e0\u00a0<\/em><\/strong>ist ein Ausstellungsprojekt, das aus der Zusammenarbeit zwischen \u00f6sterreichischen und italienischen K\u00fcnstlern entstanden ist. Organisiert vom Berufsverband Bildender K\u00fcnstler\u00a0 \u201cBVBK \u00d6sterreich \u2013 Sektion Steiermark\u201d mit Sitz in Graz, wird am 19. Oktober in Rom die erste von zwei geplanten Gruppenausstellungen er\u00f6ffnet. Schauplatz ist die junge Galerie\u00a0<strong>Spazio Urano<\/strong>\u00a0im Stadtviertel Pigneto. Kuratiert wird die Schau von Chiara Velocci.<br \/>\nIn ihren Werken setzen sich die teilnehmenden K\u00fcnstler mit dem Thema \u201eLibert\u00e0\u201c (Freiheit) im weitesten Sinne auseinander: Manche verstehen sie als Freiheit zum Aufbruch zu neuen geografischen und kulturellen Grenzen, die immer unsch\u00e4rfer und zugleich undurchdringbarer werden, andere als Synonym f\u00fcr \u201eResistenza\u201c (Widerstand) in der j\u00fcngsten Geschichte, wiederum andere als Weg ins Unbekannte, als alte Sehnsucht des Menschen, sich in die Luft zu erheben. Gemeint sein kann auch die Idee der Freiheit der Forschung, ohne die von Wissenschaft, Technik und Gesellschaft gesetzten Grenzen.<br \/>\nIm zweiten Projektteil von 29. April bis 14. Juni 2020 wird die Ausstellung in der Airport Gallery in Graz gezeigt.<\/p>\n<p><span style=\"text-decoration: underline;\">Teilnehmende K\u00fcnstler:\u00a0<\/span>Francesco\u00a0<strong>Campese<\/strong>, Virginia\u00a0<strong>Carbonelli<\/strong>, Flavia\u00a0<strong>Fanara<\/strong>, Ernst\u00a0<strong>Herrmann<\/strong>, Heidi\u00a0<strong>Inffeld<\/strong>, Gabriele\u00a0<strong>Luciani<\/strong>, Cosetta\u00a0<strong>Mastragostino<\/strong>, Melissa\u00a0<strong>Pitzalis<\/strong>, Michael\u00a0<strong>Raimann<\/strong>, Armin Nimra\u00a0<strong>Ruckerbauer<\/strong>, Elisabeth\u00a0<strong>Schwarzbauer<\/strong>, Edith\u00a0<strong>Temmel.<\/strong><\/p>\n<p><span style=\"color: #000000;\">Ge\u00f6ffnet von 21. bis 26. Oktober 2019, Montag bis Freitag von 16.30-19.30 Uhr, Samstag von 10.30-12.30 und 16.30-19.30 Uhr.<br \/>\nDie Ausstellung ist Teil der <strong>RAW<\/strong>\u00a0\u2013\u00a0<a class=\"external external_icon\" href=\"https:\/\/facebook.us19.list-manage.com\/track\/click?u=ed8642a09bb8ba0fbbe1e5d2d&amp;id=271ec96f5c&amp;e=f7d4ee144e\" target=\"_blank\" rel=\"nofollow noopener noreferrer\">Rome Art Week 2019<\/a>, der Woche der Gegenwartskunst <a class=\"external external_icon\" href=\"https:\/\/romeartweek.com\/it\/eventi\/?id=2505\" target=\"_blank\" rel=\"nofollow noopener noreferrer\">https:\/\/romeartweek.com\/it\/eventi\/?id=2505<\/a><br \/>\n<\/span><\/p>\n<p><a href=\"https:\/\/www.austriacult.roma.it\/wp-content\/uploads\/2019\/09\/CS-Destinazione-Libert\u00e0_per-Forum-Austriaco.pdf\"><u>Pressemitteilung (italienisch)<\/u><\/a><\/p>\n<p>Link <span style=\"text-decoration: underline;\"><a href=\"http:\/\/www.spaziourano.com\/destinazione-liberta\/\">Spazio Urano<\/a><\/span><\/p>\n<p>Link <span style=\"text-decoration: underline;\"><a href=\"http:\/\/www.liberta.art-bvbk.com\/index.php?id=2\">BVBK \u00d6sterreich \u2013 Sektion Steiermark<\/a><\/span><\/p>\n<p><\/p>","protected":false},"excerpt":{"rendered":"<\/p>\n<p>Destinazione Libert\u00e0\u00a0ist ein Ausstellungsprojekt, das aus der Zusammenarbeit zwischen \u00f6sterreichischen und italienischen K\u00fcnstlern entstanden ist. Organisiert vom Berufsverband Bildender K\u00fcnstler\u00a0 \u201cBVBK \u00d6sterreich \u2013 Sektion Steiermark\u201d mit Sitz in Graz, wird am 19. Oktober in Rom die erste von zwei geplanten Gruppenausstellungen er\u00f6ffnet. Schauplatz ist die junge Galerie\u00a0Spazio Urano\u00a0im Stadtviertel Pigneto. Kuratiert wird die Schau von Chiara Velocci.<br \/>\nIn ihren Werken setzen sich die teilnehmenden K\u00fcnstler mit dem Thema \u201eLibert\u00e0\u201c (Freiheit) im weitesten Sinne auseinander: Manche verstehen sie als Freiheit zum [&#8230;]<\/p>\n","protected":false},"author":2,"featured_media":6895,"comment_status":"closed","ping_status":"closed","template":"","meta":{"footnotes":""},"tags":[],"tribe_events_cat":[290],"class_list":["post-6892","tribe_events","type-tribe_events","status-publish","has-post-thumbnail","hentry","tribe_events_cat-inaugurazione","cat_inaugurazione"],"_links":{"self":[{"href":"https:\/\/www.austriacult.roma.it\/de\/wp-json\/wp\/v2\/tribe_events\/6892","targetHints":{"allow":["GET"]}}],"collection":[{"href":"https:\/\/www.austriacult.roma.it\/de\/wp-json\/wp\/v2\/tribe_events"}],"about":[{"href":"https:\/\/www.austriacult.roma.it\/de\/wp-json\/wp\/v2\/types\/tribe_events"}],"author":[{"embeddable":true,"href":"https:\/\/www.austriacult.roma.it\/de\/wp-json\/wp\/v2\/users\/2"}],"replies":[{"embeddable":true,"href":"https:\/\/www.austriacult.roma.it\/de\/wp-json\/wp\/v2\/comments?post=6892"}],"version-history":[{"count":0,"href":"https:\/\/www.austriacult.roma.it\/de\/wp-json\/wp\/v2\/tribe_events\/6892\/revisions"}],"wp:featuredmedia":[{"embeddable":true,"href":"https:\/\/www.austriacult.roma.it\/de\/wp-json\/wp\/v2\/media\/6895"}],"wp:attachment":[{"href":"https:\/\/www.austriacult.roma.it\/de\/wp-json\/wp\/v2\/media?parent=6892"}],"wp:term":[{"taxonomy":"post_tag","embeddable":true,"href":"https:\/\/www.austriacult.roma.it\/de\/wp-json\/wp\/v2\/tags?post=6892"},{"taxonomy":"tribe_events_cat","embeddable":true,"href":"https:\/\/www.austriacult.roma.it\/de\/wp-json\/wp\/v2\/tribe_events_cat?post=6892"}],"curies":[{"name":"wp","href":"https:\/\/api.w.org\/{rel}","templated":true}]}}

DESTINAZIONE LIBERTÀ

<p></p>
<p><strong><em>Destinazione Libertà </em></strong>ist ein Ausstellungsprojekt, das aus der Zusammenarbeit zwischen österreichischen und italienischen Künstlern entstanden ist. Organisiert vom Berufsverband Bildender Künstler  “BVBK Österreich – Sektion Steiermark” mit Sitz in Graz, wird am 19. Oktober in Rom die erste von zwei geplanten Gruppenausstellungen eröffnet. Schauplatz ist die junge Galerie <strong>Spazio Urano</strong> im Stadtviertel Pigneto. Kuratiert wird die Schau von Chiara Velocci.<br />
In ihren Werken setzen sich die teilnehmenden Künstler mit dem Thema „Libertà“ (Freiheit) im weitesten Sinne auseinander: Manche verstehen sie als Freiheit zum Aufbruch zu neuen geografischen und kulturellen Grenzen, die immer unschärfer und zugleich undurchdringbarer werden, andere als Synonym für „Resistenza“ (Widerstand) in der jüngsten Geschichte, wiederum andere als Weg ins Unbekannte, als alte Sehnsucht des Menschen, sich in die Luft zu erheben. Gemeint sein kann auch die Idee der Freiheit der Forschung, ohne die von Wissenschaft, Technik und Gesellschaft gesetzten Grenzen.<br />
Im zweiten Projektteil von 29. April bis 14. Juni 2020 wird die Ausstellung in der Airport Gallery in Graz gezeigt.</p>
<p><span style="text-decoration: underline;">Teilnehmende Künstler: </span>Francesco <strong>Campese</strong>, Virginia <strong>Carbonelli</strong>, Flavia <strong>Fanara</strong>, Ernst <strong>Herrmann</strong>, Heidi <strong>Inffeld</strong>, Gabriele <strong>Luciani</strong>, Cosetta <strong>Mastragostino</strong>, Melissa <strong>Pitzalis</strong>, Michael <strong>Raimann</strong>, Armin Nimra <strong>Ruckerbauer</strong>, Elisabeth <strong>Schwarzbauer</strong>, Edith <strong>Temmel.</strong></p>
<p><span style="color: #000000;">Geöffnet von 21. bis 26. Oktober 2019, Montag bis Freitag von 16.30-19.30 Uhr, Samstag von 10.30-12.30 und 16.30-19.30 Uhr.<br />
Die Ausstellung ist Teil der <strong>RAW</strong> – <a class="external external_icon" href="https://facebook.us19.list-manage.com/track/click?u=ed8642a09bb8ba0fbbe1e5d2d&amp;id=271ec96f5c&amp;e=f7d4ee144e" target="_blank" rel="nofollow noopener noreferrer">Rome Art Week 2019</a>, der Woche der Gegenwartskunst <a class="external external_icon" href="https://romeartweek.com/it/eventi/?id=2505" target="_blank" rel="nofollow noopener noreferrer">https://romeartweek.com/it/eventi/?id=2505</a><br />
</span></p>
<p><a href="https://www.austriacult.roma.it/wp-content/uploads/2019/09/CS-Destinazione-Libertà_per-Forum-Austriaco.pdf"><u>Pressemitteilung (italienisch)</u></a></p>
<p>Link <span style="text-decoration: underline;"><a href="http://www.spaziourano.com/destinazione-liberta/">Spazio Urano</a></span></p>
<p>Link <span style="text-decoration: underline;"><a href="http://www.liberta.art-bvbk.com/index.php?id=2">BVBK Österreich – Sektion Steiermark</a></span></p>
<p></p>

</p>
<p>Destinazione Libertà ist ein Ausstellungsprojekt, das aus der Zusammenarbeit zwischen österreichischen und italienischen Künstlern entstanden ist. Organisiert vom Berufsverband Bildender Künstler  “BVBK Österreich – Sektion Steiermark” mit Sitz in Graz, wird am 19. Oktober in Rom die erste von zwei geplanten Gruppenausstellungen eröffnet. Schauplatz ist die junge Galerie Spazio Urano im Stadtviertel Pigneto. Kuratiert wird die Schau von Chiara Velocci.<br />
In ihren Werken setzen sich die teilnehmenden Künstler mit dem Thema „Libertà“ (Freiheit) im weitesten Sinne auseinander: Manche verstehen sie als Freiheit zum [&#8230;]</p>
