{"id":6870,"date":"2019-09-24T11:43:28","date_gmt":"2019-09-24T09:43:28","guid":{"rendered":"https:\/\/www.austriacult.roma.it\/de\/?post_type=tribe_events&#038;p=6870"},"modified":"2019-09-25T12:40:39","modified_gmt":"2019-09-25T10:40:39","slug":"trio-einstein-e-johanna-bilgeri","status":"publish","type":"tribe_events","link":"https:\/\/www.austriacult.roma.it\/de\/veranstaltung\/trio-einstein-e-johanna-bilgeri-2\/","title":{"rendered":"TRIO EINSTEIN und JOHANNA BILGERI"},"content":{"rendered":"<p><\/p>\n<p>Junge Musiktalente sind am 3. Oktober zu Gast am Kulturforum: das Klaviertrio <strong>Einstein<\/strong> und die Fagottistin <strong>Johanna Bilgeri<\/strong>.<\/p>\n<p>Die Wettbewerbsorganisation MUSIKDERJUGEND organisiert seit 25 Jahren den gro\u00dfen \u00f6sterreichischen Jugendmusikwettbewerb <strong>prima la musica. <\/strong>J\u00e4hrlich nehmen rund 5.000 Kinder und Jugendliche teil und qualifizieren sich durch die Landeswettbewerbe zum j\u00e4hrlichen Finale. Als Sonderpreis werden j\u00e4hrlich einzelne Musiker\/innen ausgew\u00e4hlt, um in einem europ\u00e4ischen Kulturforum aufzutreten. Der <strong>Sonderpreis des Au\u00dfenministeriums <\/strong>beinhaltet die Reise, den Konzertauftritt und einen Kurzaufenthalt in einer europ\u00e4ischen Hauptstadt und so reisen die Preistr\u00e4ger\/innen nach London, Bratislava und Berlin in diesem Jahr in die italienische Hauptstadt Rom.<\/p>\n<p>Ihr Gastspiel in Rom geben das <strong>TRIO EINSTEIN (<\/strong><strong>Maximilian Parola<\/strong> Violine, <strong>Raphael Repetto<\/strong> Violoncello und <strong>Jana Pernthaler<\/strong> Klavier), das durch seine besondere kammermusikalische Leistung aufgefallen ist und die Bundessiegerin in der Kategorie Fagott III<sup>PLUS<\/sup> <strong>JOHANNA BILGERI. <\/strong>Die Plus-Gruppen richten sich im Wettbewerb <strong>prima la musica <\/strong>an jene jungen Musiker\/innen, die ein professionelles Musikstudium anstreben und bereits die ersten Schritte in Richtung internationaler Wettbewerbe gehen.<\/p>\n<p>&nbsp;<\/p>\n<p><strong><u>Programm<\/u><\/strong><\/p>\n<p><strong>TRIO EINSTEIN<\/strong><br \/>\n(Maximilian Parola \u2013 Violine, Raphael Repetto \u2013 Cello, Jana Pernthaler \u2013 Klavier)\u00a0 \u00a0 \u00a0\u00a0<\/p>\n<p>Ludwig van Beethoven\u00a0 \u00a0 \u00a0 \u00a0 \u00a0 \u00a0 \u00a0 \u00a0 Klaviertrio op. 1\/1, Es-Dur<br \/>\n\u00a0 \u00a0 \u00a0 \u00a0 \u00a0 \u00a0 \u00a0 \u00a0 \u00a0 \u00a0 \u00a0 \u00a0 \u00a0 \u00a0 \u00a0 \u00a0 \u00a0 \u00a0 \u00a0 \u00a0 \u00a0 \u00a0 \u00a0 \u00a0 \u00a0 \u00a0 \u00a01. Allegro<br \/>\n\u00a0 \u00a0 \u00a0 \u00a0 \u00a0 \u00a0 \u00a0 \u00a0 \u00a0 \u00a0 \u00a0 \u00a0 \u00a0 \u00a0 \u00a0 \u00a0 \u00a0 \u00a0 \u00a0 \u00a0 \u00a0 \u00a0 \u00a0 \u00a0 \u00a0 \u00a0 \u00a02. Adagio cantabile<br \/>\n\u00a0 \u00a0 \u00a0 \u00a0 \u00a0 \u00a0 \u00a0 \u00a0 \u00a0 \u00a0 \u00a0 \u00a0 \u00a0 \u00a0 \u00a0 \u00a0 \u00a0 \u00a0 \u00a0 \u00a0 \u00a0 \u00a0 \u00a0 \u00a0 \u00a0 \u00a0 \u00a03. Allegro assai &#8211; trio<br \/>\n\u00a0 \u00a0 \u00a0 \u00a0 \u00a0 \u00a0 \u00a0 \u00a0 \u00a0 \u00a0 \u00a0 \u00a0 \u00a0 \u00a0 \u00a0 \u00a0 \u00a0 \u00a0 \u00a0 \u00a0 \u00a0 \u00a0 \u00a0 \u00a0 \u00a0 \u00a0 \u00a04. Presto<\/p>\n<p><strong>Johanna Bilgeri<\/strong> <strong>\u2013 fagotto\u00a0 (Klavier: Nora Calvo-Smith)<\/strong><\/p>\n<p>Antonio Vivaldi\u00a0 \u00a0 \u00a0 \u00a0 \u00a0 \u00a0 \u00a0 \u00a0 \u00a0 \u00a0 \u00a0 \u00a0 \u00a0 \u00a0 \u00a0 \u00a0Sonate B-Dur, RV 47<br \/>\n\u00a0 \u00a0 \u00a0 \u00a0 \u00a0 \u00a0 \u00a0 \u00a0 \u00a0 \u00a0 \u00a0 \u00a0 \u00a0 \u00a0 \u00a0 \u00a0 \u00a0 \u00a0 \u00a0 \u00a0 \u00a0 \u00a0 \u00a0 \u00a0 \u00a0 \u00a0 \u00a0 \u00a01. Largo<br \/>\n\u00a0 \u00a0 \u00a0 \u00a0 \u00a0 \u00a0 \u00a0 \u00a0 \u00a0 \u00a0 \u00a0 \u00a0 \u00a0 \u00a0 \u00a0 \u00a0 \u00a0 \u00a0 \u00a0 \u00a0 \u00a0 \u00a0 \u00a0 \u00a0 \u00a0 \u00a0 \u00a0 \u00a02. Allegro<\/p>\n<p>Alexandre Tansmann\u00a0\u00a0\u00a0\u00a0\u00a0\u00a0\u00a0\u00a0\u00a0\u00a0\u00a0\u00a0\u00a0\u00a0\u00a0\u00a0\u00a0\u00a0\u00a0\u00a0\u00a0 Sonatine pour basson et piano<\/p>\n<p>Carl Maria von Weber\u00a0\u00a0\u00a0\u00a0\u00a0\u00a0\u00a0\u00a0\u00a0\u00a0\u00a0\u00a0\u00a0\u00a0\u00a0\u00a0\u00a0\u00a0\u00a0\u00a0 Andante e Rondo Ungarese<\/p>\n<p>&nbsp;<\/p>\n<p><strong><span style=\"text-decoration: underline;\">Biografien<\/span>:<\/strong><\/p>\n<p><strong>Trio Einstein <br \/>\n(Maximilian Parola \u2013 Violine, Raphael Repetto \u2013 Cello, Jana Pernthaler \u2013 Klavier)<\/strong><\/p>\n<p>Das Trio Einstein wurde 2016 durch eine zuf\u00e4llige gl\u00fcckliche Begegnung von drei jungen Kammermusik begeisterten Musikern gegr\u00fcndet. Nach ihren ersten gemeinsamen musikalischen Gehversuchen w\u00e4hrend der Sommerkurse &#8222;Sesto Rocchi Chamber Music Festival&#8220; in Reggio Emilia studierte das Trio unter der Leitung von Andrea Repetto, Antonello Farulli, Andrea Nannoni und Tiziano Mealli\u00a0 Werke von Reinecke, Haydn, Mendelssohn und Mozart. Im Laufe der Jahre sammelten sie viele bedeutende Erfahrungen und konzertierten unter anderem in Bozen, Brixen, San Polo d&#8216; Enza, Klagenfurt und Meran. Dabei gelang es den K\u00fcnstlern immer das Publikum zu begeistern und in ihren Bann zu ziehen. Im Mai 2019 wurde das Klaviertrio beim Bundeswettbewerb &#8222;Prima la Musica&#8220; in Klagenfurt mit einem 1. Preis und dem Sonderpreis des \u00d6sterreichischen Au\u00dfenministeriums ausgezeichnet.<\/p>\n<p>&nbsp;<\/p>\n<p><strong>Johanna Bilgeri<br \/>\n<\/strong>(*2001, Hittisau\/Vorarlberg) erhielt ihren ersten Fagottunterricht im Alter von sechs Jahren bei Gilbert Hirtz. Von 2016-2019 studierte sie am Landeskonservatorium in Feldkirch bei Prof. Allen Smith.<br \/>\nAb Herbst 2019 studiert Johanna an der Universit\u00e4t f\u00fcr Musik u. darstellende Kunst Wien bei Univ.-Prof. Richard Galler.<br \/>\nSie gewann solistisch als auch kammermusikalisch mehrere erste Preise und Sonderpreise bei nationalen und internationalen Wettbewerben, unter anderem wurde sie 2019 Bundessiegerin beim Wettbewerb \u201ePrima La Musica\u201c und gewann den Solistenwettbewerb 2018 am Landeskonservatorium Feldkirch.<br \/>\nMeisterkurse besuchte die junge Musikerin bei Dag Jensen und Simon van Holen. Orchestererfahrung sammelte Johanna beim Symphonieorchester Vorarlberg, dem Sinfonieorchester des Vorarlberger Landeskonservatoriums, bei der Quarta 4 L\u00e4nder Jugendphilharmonie, beim Symphonieorchester Liechtenstein. Sie durfte unter der Leitung von Kevin Griffiths, Claire Levacher und Kirill Petrenko musizieren.<br \/>\nAls Mitglied vom Ensemble Esperanza muszierte sie im kleinen Saal der Elbphilharmonie. Mit dem \u201eTrio M\u00e9lange\u201c konzertierte die Fagottistin beim Kammermusikfestival Lockenhaus.<br \/>\nSolistische Auftritte absolvierte sie mit dem Sinfonieorchester des Vorarlberger Konservatoriums,\u00a0 bei \u201eTalente im Funkhaus\u201c (live im ORF) und bei \u201eSterne von Morgen\u201c, eine Konzertreihe bei der internationale junge Musiker\/innen ausgew\u00e4hlt werden.\u00a0<\/p>\n<p><\/p>","protected":false},"excerpt":{"rendered":"<\/p>\n<p>Junge Musiktalente sind am 3. Oktober zu Gast am Kulturforum: das Klaviertrio Einstein und die Fagottistin Johanna Bilgeri.<\/p>\n<p>Die Wettbewerbsorganisation MUSIKDERJUGEND organisiert seit 25 Jahren den gro\u00dfen \u00f6sterreichischen Jugendmusikwettbewerb prima la musica. J\u00e4hrlich nehmen rund 5.000 Kinder und Jugendliche teil und qualifizieren sich durch die Landeswettbewerbe zum j\u00e4hrlichen Finale. Als Sonderpreis werden j\u00e4hrlich einzelne Musiker\/innen ausgew\u00e4hlt, um in einem europ\u00e4ischen Kulturforum aufzutreten. Der Sonderpreis des Au\u00dfenministeriums beinhaltet die Reise, den Konzertauftritt und einen Kurzaufenthalt in einer europ\u00e4ischen Hauptstadt und so reisen [&#8230;]<\/p>\n","protected":false},"author":2,"featured_media":6871,"comment_status":"closed","ping_status":"closed","template":"","meta":{"footnotes":""},"tags":[],"tribe_events_cat":[3],"class_list":["post-6870","tribe_events","type-tribe_events","status-publish","has-post-thumbnail","hentry","tribe_events_cat-musik","cat_musik"],"_links":{"self":[{"href":"https:\/\/www.austriacult.roma.it\/de\/wp-json\/wp\/v2\/tribe_events\/6870","targetHints":{"allow":["GET"]}}],"collection":[{"href":"https:\/\/www.austriacult.roma.it\/de\/wp-json\/wp\/v2\/tribe_events"}],"about":[{"href":"https:\/\/www.austriacult.roma.it\/de\/wp-json\/wp\/v2\/types\/tribe_events"}],"author":[{"embeddable":true,"href":"https:\/\/www.austriacult.roma.it\/de\/wp-json\/wp\/v2\/users\/2"}],"replies":[{"embeddable":true,"href":"https:\/\/www.austriacult.roma.it\/de\/wp-json\/wp\/v2\/comments?post=6870"}],"version-history":[{"count":0,"href":"https:\/\/www.austriacult.roma.it\/de\/wp-json\/wp\/v2\/tribe_events\/6870\/revisions"}],"wp:featuredmedia":[{"embeddable":true,"href":"https:\/\/www.austriacult.roma.it\/de\/wp-json\/wp\/v2\/media\/6871"}],"wp:attachment":[{"href":"https:\/\/www.austriacult.roma.it\/de\/wp-json\/wp\/v2\/media?parent=6870"}],"wp:term":[{"taxonomy":"post_tag","embeddable":true,"href":"https:\/\/www.austriacult.roma.it\/de\/wp-json\/wp\/v2\/tags?post=6870"},{"taxonomy":"tribe_events_cat","embeddable":true,"href":"https:\/\/www.austriacult.roma.it\/de\/wp-json\/wp\/v2\/tribe_events_cat?post=6870"}],"curies":[{"name":"wp","href":"https:\/\/api.w.org\/{rel}","templated":true}]}}

<p></p>
<p>Junge Musiktalente sind am 3. Oktober zu Gast am Kulturforum: das Klaviertrio <strong>Einstein</strong> und die Fagottistin <strong>Johanna Bilgeri</strong>.</p>
<p>Die Wettbewerbsorganisation MUSIKDERJUGEND organisiert seit 25 Jahren den großen österreichischen Jugendmusikwettbewerb <strong>prima la musica. </strong>Jährlich nehmen rund 5.000 Kinder und Jugendliche teil und qualifizieren sich durch die Landeswettbewerbe zum jährlichen Finale. Als Sonderpreis werden jährlich einzelne Musiker/innen ausgewählt, um in einem europäischen Kulturforum aufzutreten. Der <strong>Sonderpreis des Außenministeriums </strong>beinhaltet die Reise, den Konzertauftritt und einen Kurzaufenthalt in einer europäischen Hauptstadt und so reisen die Preisträger/innen nach London, Bratislava und Berlin in diesem Jahr in die italienische Hauptstadt Rom.</p>
<p>Ihr Gastspiel in Rom geben das <strong>TRIO EINSTEIN (</strong><strong>Maximilian Parola</strong> Violine, <strong>Raphael Repetto</strong> Violoncello und <strong>Jana Pernthaler</strong> Klavier), das durch seine besondere kammermusikalische Leistung aufgefallen ist und die Bundessiegerin in der Kategorie Fagott III<sup>PLUS</sup> <strong>JOHANNA BILGERI. </strong>Die Plus-Gruppen richten sich im Wettbewerb <strong>prima la musica </strong>an jene jungen Musiker/innen, die ein professionelles Musikstudium anstreben und bereits die ersten Schritte in Richtung internationaler Wettbewerbe gehen.</p>
<p>&nbsp;</p>
<p><strong><u>Programm</u></strong></p>
<p><strong>TRIO EINSTEIN</strong><br />
(Maximilian Parola – Violine, Raphael Repetto – Cello, Jana Pernthaler – Klavier)      </p>
<p>Ludwig van Beethoven                Klaviertrio op. 1/1, Es-Dur<br />
                                                     1. Allegro<br />
                                                     2. Adagio cantabile<br />
                                                     3. Allegro assai &#8211; trio<br />
                                                     4. Presto</p>
<p><strong>Johanna Bilgeri</strong> <strong>– fagotto  (Klavier: Nora Calvo-Smith)</strong></p>
<p>Antonio Vivaldi                               Sonate B-Dur, RV 47<br />
                                                       1. Largo<br />
                                                       2. Allegro</p>
<p>Alexandre Tansmann                      Sonatine pour basson et piano</p>
<p>Carl Maria von Weber                     Andante e Rondo Ungarese</p>
<p>&nbsp;</p>
<p><strong><span style="text-decoration: underline;">Biografien</span>:</strong></p>
<p><strong>Trio Einstein <br />
(Maximilian Parola – Violine, Raphael Repetto – Cello, Jana Pernthaler – Klavier)</strong></p>
<p>Das Trio Einstein wurde 2016 durch eine zufällige glückliche Begegnung von drei jungen Kammermusik begeisterten Musikern gegründet. Nach ihren ersten gemeinsamen musikalischen Gehversuchen während der Sommerkurse &#8222;Sesto Rocchi Chamber Music Festival&#8220; in Reggio Emilia studierte das Trio unter der Leitung von Andrea Repetto, Antonello Farulli, Andrea Nannoni und Tiziano Mealli  Werke von Reinecke, Haydn, Mendelssohn und Mozart. Im Laufe der Jahre sammelten sie viele bedeutende Erfahrungen und konzertierten unter anderem in Bozen, Brixen, San Polo d&#8216; Enza, Klagenfurt und Meran. Dabei gelang es den Künstlern immer das Publikum zu begeistern und in ihren Bann zu ziehen. Im Mai 2019 wurde das Klaviertrio beim Bundeswettbewerb &#8222;Prima la Musica&#8220; in Klagenfurt mit einem 1. Preis und dem Sonderpreis des Österreichischen Außenministeriums ausgezeichnet.</p>
<p>&nbsp;</p>
<p><strong>Johanna Bilgeri<br />
</strong>(*2001, Hittisau/Vorarlberg) erhielt ihren ersten Fagottunterricht im Alter von sechs Jahren bei Gilbert Hirtz. Von 2016-2019 studierte sie am Landeskonservatorium in Feldkirch bei Prof. Allen Smith.<br />
Ab Herbst 2019 studiert Johanna an der Universität für Musik u. darstellende Kunst Wien bei Univ.-Prof. Richard Galler.<br />
Sie gewann solistisch als auch kammermusikalisch mehrere erste Preise und Sonderpreise bei nationalen und internationalen Wettbewerben, unter anderem wurde sie 2019 Bundessiegerin beim Wettbewerb „Prima La Musica“ und gewann den Solistenwettbewerb 2018 am Landeskonservatorium Feldkirch.<br />
Meisterkurse besuchte die junge Musikerin bei Dag Jensen und Simon van Holen. Orchestererfahrung sammelte Johanna beim Symphonieorchester Vorarlberg, dem Sinfonieorchester des Vorarlberger Landeskonservatoriums, bei der Quarta 4 Länder Jugendphilharmonie, beim Symphonieorchester Liechtenstein. Sie durfte unter der Leitung von Kevin Griffiths, Claire Levacher und Kirill Petrenko musizieren.<br />
Als Mitglied vom Ensemble Esperanza muszierte sie im kleinen Saal der Elbphilharmonie. Mit dem „Trio Mélange“ konzertierte die Fagottistin beim Kammermusikfestival Lockenhaus.<br />
Solistische Auftritte absolvierte sie mit dem Sinfonieorchester des Vorarlberger Konservatoriums,  bei „Talente im Funkhaus“ (live im ORF) und bei „Sterne von Morgen“, eine Konzertreihe bei der internationale junge Musiker/innen ausgewählt werden. </p>
<p></p>

</p>
<p>Junge Musiktalente sind am 3. Oktober zu Gast am Kulturforum: das Klaviertrio Einstein und die Fagottistin Johanna Bilgeri.</p>
<p>Die Wettbewerbsorganisation MUSIKDERJUGEND organisiert seit 25 Jahren den großen österreichischen Jugendmusikwettbewerb prima la musica. Jährlich nehmen rund 5.000 Kinder und Jugendliche teil und qualifizieren sich durch die Landeswettbewerbe zum jährlichen Finale. Als Sonderpreis werden jährlich einzelne Musiker/innen ausgewählt, um in einem europäischen Kulturforum aufzutreten. Der Sonderpreis des Außenministeriums beinhaltet die Reise, den Konzertauftritt und einen Kurzaufenthalt in einer europäischen Hauptstadt und so reisen [&#8230;]</p>
