{"id":6630,"date":"2019-09-02T11:38:55","date_gmt":"2019-09-02T09:38:55","guid":{"rendered":"https:\/\/www.austriacult.roma.it\/de\/?post_type=tribe_events&#038;p=6630"},"modified":"2019-09-11T08:56:24","modified_gmt":"2019-09-11T06:56:24","slug":"the-clavicula-conversations-zanshin-prcls","status":"publish","type":"tribe_events","link":"https:\/\/www.austriacult.roma.it\/de\/veranstaltung\/the-clavicula-conversations-zanshin-prcls\/","title":{"rendered":"THE CLAVICULA CONVERSATIONS | ZANSHIN &#038; PRCLS"},"content":{"rendered":"<p><\/p>\n<p>Diese Performance nimmt ihren Ausgang im menschlichen K\u00f6rper. Zanshin hatte sich n\u00e4mlich das Schl\u00fcsselbein gebrochen und konnte f\u00fcr mehrere Wochen seine Instrumente nicht benutzen. Behelfsm\u00e4\u00dfig mit einem Tablet ausgestattet, versuchte er, mit Sequenzen und Fragmenten vom Klavier und anderen Instrumenten zu experimentieren. Auf diese Weise konnte er sich halbwegs schmerzfrei bet\u00e4tigen und das Ergebnis war eine Performance, die sich rund um die durch einen Knochenbruch ausgel\u00f6sten Einschr\u00e4nkungen dreht. Der Anfang bewegt sich noch in einem Status vollst\u00e4ndiger Unversehrtheit, bis pl\u00f6tzlich Momente von Br\u00fcchen und Spr\u00fcngen auftreten und sich so eine Abfolge von Unf\u00e4llen und Heilung, von Zerst\u00f6rung und Wiederherstellung, Str\u00f6mung und Unterbrechnung ergibt.<\/p>\n<p><strong>\u00a0<\/strong><\/p>\n<p><strong>ZANSHIN<\/strong> &#8211; <strong>Gregor Ladenhauf<\/strong> (*1978) lebt und arbeitet in Wien<\/p>\n<p>Setzt sich mit Vorliebe zwischen die St\u00fchle und arbeitet undogmatisch, aber konzentriert an einer Vision der Unmittelbarkeit.<\/p>\n<p>Studium der Psychologie, Philosophie und Theaterwissenschaften, Abschluss an der FH Salzburg MultiMediaArt mit Diplom zum Thema Algorithmische Komposition.<\/p>\n<p>Als Musiker, DJ und Sounddesigner seit 1999 in verschiedenen Konstellationen t\u00e4tig: Electronica, experimentelle Elektronik und Zusammenarbeit mit VJs und bildenden K\u00fcnstlerInnen als ZANSHIN; AV-Live-Acts, NetArt, interaktive Installationen und Tanz, experimentelles Theater und Performances mit Leonhard Lass als DEPART;<\/p>\n<p>Techno\/House mit Daniel Kohlmeigner als OGRIS DEBRIS (Compost, M\u00fcnchen);<\/p>\n<p>Ambient und Noise mit Michael Ploederl als THE MIDI MIND BEND. <a href=\"https:\/\/affinerecords.com\/artists\/zanshin\/\">https:\/\/affinerecords.com\/artists\/zanshin\/<\/a><\/p>\n<p><strong>\u00a0<\/strong><\/p>\n<p><strong>Prcls<\/strong> &#8211; <strong>Gerhard Senz<\/strong> ist Musiker (Elektronische Musik) und Videok\u00fcnstler mit Wohnort Wien. Er studierte MultiMediaArt in Salzburg mit besonderem Schwerpunkt Akustik.\u00a0<br \/>\nSeine Arbeiten und Liveprojekte reichen von experimenteller Clubmusik bis zu Ambient\/Noise und schlie\u00dfen Musikvideos f\u00fcr Dorian Concept, 5\/8erl in Ehr&#8217;n, Sixtuss Preiss e visuelle Liveperformances f\u00fcr Dorian Concept und Lukas K\u00f6nig mit ein.<\/p>\n<p><a href=\"https:\/\/gerhardsenz.com\/\">https:\/\/gerhardsenz.com<\/a><\/p>\n<p>Weitere Infos zum Festival: <a href=\"https:\/\/livecinemafestival.com\/\">https:\/\/livecinemafestival.com\/<\/a><\/p>\n<p><\/p>","protected":false},"excerpt":{"rendered":"<\/p>\n<p>Diese Performance nimmt ihren Ausgang im menschlichen K\u00f6rper. Zanshin hatte sich n\u00e4mlich das Schl\u00fcsselbein gebrochen und konnte f\u00fcr mehrere Wochen seine Instrumente nicht benutzen. Behelfsm\u00e4\u00dfig mit einem Tablet ausgestattet, versuchte er, mit Sequenzen und Fragmenten vom Klavier und anderen Instrumenten zu experimentieren. Auf diese Weise konnte er sich halbwegs schmerzfrei bet\u00e4tigen und das Ergebnis war eine Performance, die sich rund um die durch einen Knochenbruch ausgel\u00f6sten Einschr\u00e4nkungen dreht. Der Anfang bewegt sich noch in einem Status vollst\u00e4ndiger Unversehrtheit, bis pl\u00f6tzlich [&#8230;]<\/p>\n","protected":false},"author":2,"featured_media":6636,"comment_status":"closed","ping_status":"closed","template":"","meta":{"footnotes":""},"tags":[],"tribe_events_cat":[21],"class_list":["post-6630","tribe_events","type-tribe_events","status-publish","has-post-thumbnail","hentry","tribe_events_cat-perform-tanz-theater","cat_perform-tanz-theater"],"_links":{"self":[{"href":"https:\/\/www.austriacult.roma.it\/de\/wp-json\/wp\/v2\/tribe_events\/6630","targetHints":{"allow":["GET"]}}],"collection":[{"href":"https:\/\/www.austriacult.roma.it\/de\/wp-json\/wp\/v2\/tribe_events"}],"about":[{"href":"https:\/\/www.austriacult.roma.it\/de\/wp-json\/wp\/v2\/types\/tribe_events"}],"author":[{"embeddable":true,"href":"https:\/\/www.austriacult.roma.it\/de\/wp-json\/wp\/v2\/users\/2"}],"replies":[{"embeddable":true,"href":"https:\/\/www.austriacult.roma.it\/de\/wp-json\/wp\/v2\/comments?post=6630"}],"version-history":[{"count":0,"href":"https:\/\/www.austriacult.roma.it\/de\/wp-json\/wp\/v2\/tribe_events\/6630\/revisions"}],"wp:featuredmedia":[{"embeddable":true,"href":"https:\/\/www.austriacult.roma.it\/de\/wp-json\/wp\/v2\/media\/6636"}],"wp:attachment":[{"href":"https:\/\/www.austriacult.roma.it\/de\/wp-json\/wp\/v2\/media?parent=6630"}],"wp:term":[{"taxonomy":"post_tag","embeddable":true,"href":"https:\/\/www.austriacult.roma.it\/de\/wp-json\/wp\/v2\/tags?post=6630"},{"taxonomy":"tribe_events_cat","embeddable":true,"href":"https:\/\/www.austriacult.roma.it\/de\/wp-json\/wp\/v2\/tribe_events_cat?post=6630"}],"curies":[{"name":"wp","href":"https:\/\/api.w.org\/{rel}","templated":true}]}}

<p></p>
<p>Diese Performance nimmt ihren Ausgang im menschlichen Körper. Zanshin hatte sich nämlich das Schlüsselbein gebrochen und konnte für mehrere Wochen seine Instrumente nicht benutzen. Behelfsmäßig mit einem Tablet ausgestattet, versuchte er, mit Sequenzen und Fragmenten vom Klavier und anderen Instrumenten zu experimentieren. Auf diese Weise konnte er sich halbwegs schmerzfrei betätigen und das Ergebnis war eine Performance, die sich rund um die durch einen Knochenbruch ausgelösten Einschränkungen dreht. Der Anfang bewegt sich noch in einem Status vollständiger Unversehrtheit, bis plötzlich Momente von Brüchen und Sprüngen auftreten und sich so eine Abfolge von Unfällen und Heilung, von Zerstörung und Wiederherstellung, Strömung und Unterbrechnung ergibt.</p>
<p><strong> </strong></p>
<p><strong>ZANSHIN</strong> &#8211; <strong>Gregor Ladenhauf</strong> (*1978) lebt und arbeitet in Wien</p>
<p>Setzt sich mit Vorliebe zwischen die Stühle und arbeitet undogmatisch, aber konzentriert an einer Vision der Unmittelbarkeit.</p>
<p>Studium der Psychologie, Philosophie und Theaterwissenschaften, Abschluss an der FH Salzburg MultiMediaArt mit Diplom zum Thema Algorithmische Komposition.</p>
<p>Als Musiker, DJ und Sounddesigner seit 1999 in verschiedenen Konstellationen tätig: Electronica, experimentelle Elektronik und Zusammenarbeit mit VJs und bildenden KünstlerInnen als ZANSHIN; AV-Live-Acts, NetArt, interaktive Installationen und Tanz, experimentelles Theater und Performances mit Leonhard Lass als DEPART;</p>
<p>Techno/House mit Daniel Kohlmeigner als OGRIS DEBRIS (Compost, München);</p>
<p>Ambient und Noise mit Michael Ploederl als THE MIDI MIND BEND. <a href="https://affinerecords.com/artists/zanshin/">https://affinerecords.com/artists/zanshin/</a></p>
<p><strong> </strong></p>
<p><strong>Prcls</strong> &#8211; <strong>Gerhard Senz</strong> ist Musiker (Elektronische Musik) und Videokünstler mit Wohnort Wien. Er studierte MultiMediaArt in Salzburg mit besonderem Schwerpunkt Akustik. <br />
Seine Arbeiten und Liveprojekte reichen von experimenteller Clubmusik bis zu Ambient/Noise und schließen Musikvideos für Dorian Concept, 5/8erl in Ehr&#8217;n, Sixtuss Preiss e visuelle Liveperformances für Dorian Concept und Lukas König mit ein.</p>
<p><a href="https://gerhardsenz.com/">https://gerhardsenz.com</a></p>
<p>Weitere Infos zum Festival: <a href="https://livecinemafestival.com/">https://livecinemafestival.com/</a></p>
<p></p>

</p>
<p>Diese Performance nimmt ihren Ausgang im menschlichen Körper. Zanshin hatte sich nämlich das Schlüsselbein gebrochen und konnte für mehrere Wochen seine Instrumente nicht benutzen. Behelfsmäßig mit einem Tablet ausgestattet, versuchte er, mit Sequenzen und Fragmenten vom Klavier und anderen Instrumenten zu experimentieren. Auf diese Weise konnte er sich halbwegs schmerzfrei betätigen und das Ergebnis war eine Performance, die sich rund um die durch einen Knochenbruch ausgelösten Einschränkungen dreht. Der Anfang bewegt sich noch in einem Status vollständiger Unversehrtheit, bis plötzlich [&#8230;]</p>
