{"id":650,"date":"2014-02-06T15:15:09","date_gmt":"2014-02-06T14:15:09","guid":{"rendered":"http:\/\/web.austriacult.roma.it\/de\/?post_type=tribe_events&#038;p=650"},"modified":"2014-02-17T15:56:13","modified_gmt":"2014-02-17T14:56:13","slug":"mario-roms-interzone-in-concerto","status":"publish","type":"tribe_events","link":"https:\/\/www.austriacult.roma.it\/de\/veranstaltung\/mario-roms-interzone-in-concerto\/","title":{"rendered":"Mario Rom\u2019s Interzone in concerto"},"content":{"rendered":"<p align=\"right\"> \u00a9 Severin Koller <\/p>\n<p>La band <strong>Mario Rom\u2019s Interzone<\/strong> \u00e8 composta da 3 dei pi\u00f9 promettenti musicisti austriaci. Il <strong>ventitreenne Mario Rom<\/strong>, nonostante la sua giovane et\u00e0, \u00e8 gi\u00e0 considerato uno dei maggiori trombettisti della sua generazione, <strong>Lukas Kranzelbinder <\/strong>non solo \u00e8 uno dei bassisti jazz pi\u00f9 richiesti, ma ha anche composto un\u2019opera uscita a giugno 2012 e <strong>Herbert Pirker <\/strong>\u00e8 uno dei batteristi pi\u00f9 attivi che ha condiviso il palco con tutti i pi\u00f9 noti musicisti austriaci.<br \/>\nCon la formazione Mario Rom\u2019s Interzone i tre offrono un\u2019elegante ma fresca e anticonvenzionale reinterpretazione del jazz classico che, <strong>lontana da ogni cerebralit\u00e0<\/strong>, convince con le sue <strong>suggestive e robuste sonorit\u00e0<\/strong>.<!--more--><\/p>\n<p>Interzone ha consapevolmente rinunciato a uno strumento armonico, al fine di ottenere maggiore libert\u00e0, spazio e flessibilit\u00e0. L\u2019interesse fondamentale della formazione, infatti, risiede nella comunicazione tra i suoi membri e nella libera composizione che nasce dal suonare insieme. <\/p>\n<p>Il progetto sperimenta con stile e leggerezza il vasto mondo del jazz senza sterili velleit\u00e0. Ritroviamo, dunque, <strong>sonorit\u00e0 bebop, funk, e avantgarde per un sound coinvolgente e variegato<\/strong>.<\/p>\n<p>I pezzi, guidati dalla tromba di Mario Rom, fluiscono armonicamente grazie all\u2019eccellente lavoro di Kranzelbinder e Pirker che forniscono una dinamica architettura musicale.<\/p>\n<p><em><\/p>\n<p align=\"center\">\u201cEntra nella Interzone \u2013 nulla \u00e8 vero, tutto \u00e8 permesso!\u201d<\/p>\n<p> <\/em><\/p>\n<p><strong>Mario Rom<\/strong><br \/>\nNato nel 1990 a Hall\/Admont ha iniziato a studiare tromba con Bernd Rom all\u2019et\u00e0 di 8 anni. Dal 2004 \u00e8 membro della famosa classe del Prof. Josef Eidenberger dell\u2019Universit\u00e0 Privata Anton Bruckner di Linz. Il musicista ha vinto numerosi premi dei concorsi Prima la Musica e del Marianne Mendt Jazzcompetition 2007. Nel 2010 Rom \u00e8 stato selezionato come unico musicista austriaco della band \u201cGenerations Unit\u201d, che sotto la direzione artistica di Adrian Mears ha registrato il suo primo CD nel 2011. Mario Rom ha lavorato e suonato insieme a: Christoph Cech, Janus Ensemble, Studio Dan, Luis Bonilla, Barbara Morrison, Michael Mantler, Dave Liebman, Max Brand Ensemble, Jazzwerkstatt Wien, Nouvelle Cuisine e altri ancora.<\/p>\n<p><strong>Lukas Kranzelbinder<\/strong><br \/>\nNato nel 1988 a Klagenfurt \u00e8 uno dei pi\u00f9 attivi e versatili bassisti della scena musicale austriaca. \u00c8 l\u2019organizzatore del \u201cPolyamory Sound Festival\u201d [www.polyamorysound.com], che si svolge in diverse citt\u00e0 europee e funge da punto d\u2019incontro tra musicisti di diverse scene musicali. Dal 2011 Kranzelbinder fa parte del programma \u201cNew Austrian Sound of Music\u201d che l\u2019ha selezionato insieme con altri 4 musicisti per rappresentare l\u2019Austria jazz nel mondo. Al momento Kranzelbinder vive a Vienna, dove nell\u2019ultimo anno ha lavorato alla sua opera spagnola MUCHOGUSTO, presentata in prima nazionale presso l\u2019edizione 2012 del noto festival \u201cCarinthischer Sommer\u201d.<\/p>\n<p><strong>Herbert Pirker<\/strong><br \/>\nNato nel 1981 a Mooskirchen, Pirker \u00e8 un affermato e brillante batterista. Il musicista ha vinto due volte l\u2019Hans Koller Jazzprice (nel 2004 e nel 2007), insegna presso l\u2019Universit\u00e0 Privata Anton Bruckner di Linz ed offre numerosi workshop e masterclass in tutta l\u2019Austria. Pirker ha collaborato con tutti i pi\u00f9 grandi nomi della scena jazz nazionale e internazionale, tra cui: Karl Ritter, Wolfgang Mitterer, Louis Sclavis, Kelomat, Alex Machacek, Wolfgang Puschnig, Jack Walrath, Klaus Dickbauer, Max Nagl, Jazzwerkstatt Wien, Christoph Dienz, Linley Marthe, Otto Lechner e altri ancora.<\/p>\n<p><em>Ingresso libero fino a esaurimento posti<br \/>\nIngresso a partire dalle ore 19:30. Vi preghiamo di presentarvi in anticipo, poich\u00e9 non \u00e8 possibile accettare prenotazioni!<\/em><\/p>\n","protected":false},"excerpt":{"rendered":"<p align=\"right\"> \u00a9 Severin Koller <\/p>\n<p>La band Mario Rom\u2019s Interzone \u00e8 composta da 3 dei pi\u00f9 promettenti musicisti austriaci. Il ventitreenne Mario Rom, nonostante la sua giovane et\u00e0, \u00e8 gi\u00e0 considerato uno dei maggiori trombettisti della sua generazione, Lukas Kranzelbinder non solo \u00e8 uno dei bassisti jazz pi\u00f9 richiesti, ma ha anche composto un\u2019opera uscita a giugno 2012 e Herbert Pirker \u00e8 uno dei batteristi pi\u00f9 attivi che ha condiviso il palco con tutti i pi\u00f9 noti musicisti austriaci.<br \/>\nCon [&#8230;]<\/p>\n","protected":false},"author":2,"featured_media":0,"comment_status":"closed","ping_status":"closed","template":"","meta":{"footnotes":""},"tags":[42],"tribe_events_cat":[3],"class_list":["post-650","tribe_events","type-tribe_events","status-publish","hentry","tag-concerto","tribe_events_cat-musik","cat_musik"],"_links":{"self":[{"href":"https:\/\/www.austriacult.roma.it\/de\/wp-json\/wp\/v2\/tribe_events\/650","targetHints":{"allow":["GET"]}}],"collection":[{"href":"https:\/\/www.austriacult.roma.it\/de\/wp-json\/wp\/v2\/tribe_events"}],"about":[{"href":"https:\/\/www.austriacult.roma.it\/de\/wp-json\/wp\/v2\/types\/tribe_events"}],"author":[{"embeddable":true,"href":"https:\/\/www.austriacult.roma.it\/de\/wp-json\/wp\/v2\/users\/2"}],"replies":[{"embeddable":true,"href":"https:\/\/www.austriacult.roma.it\/de\/wp-json\/wp\/v2\/comments?post=650"}],"version-history":[{"count":0,"href":"https:\/\/www.austriacult.roma.it\/de\/wp-json\/wp\/v2\/tribe_events\/650\/revisions"}],"wp:attachment":[{"href":"https:\/\/www.austriacult.roma.it\/de\/wp-json\/wp\/v2\/media?parent=650"}],"wp:term":[{"taxonomy":"post_tag","embeddable":true,"href":"https:\/\/www.austriacult.roma.it\/de\/wp-json\/wp\/v2\/tags?post=650"},{"taxonomy":"tribe_events_cat","embeddable":true,"href":"https:\/\/www.austriacult.roma.it\/de\/wp-json\/wp\/v2\/tribe_events_cat?post=650"}],"curies":[{"name":"wp","href":"https:\/\/api.w.org\/{rel}","templated":true}]}}

<p align="right"> © Severin Koller </p>
<p>La band <strong>Mario Rom’s Interzone</strong> è composta da 3 dei più promettenti musicisti austriaci. Il <strong>ventitreenne Mario Rom</strong>, nonostante la sua giovane età, è già considerato uno dei maggiori trombettisti della sua generazione, <strong>Lukas Kranzelbinder </strong>non solo è uno dei bassisti jazz più richiesti, ma ha anche composto un’opera uscita a giugno 2012 e <strong>Herbert Pirker </strong>è uno dei batteristi più attivi che ha condiviso il palco con tutti i più noti musicisti austriaci.<br />
Con la formazione Mario Rom’s Interzone i tre offrono un’elegante ma fresca e anticonvenzionale reinterpretazione del jazz classico che, <strong>lontana da ogni cerebralità</strong>, convince con le sue <strong>suggestive e robuste sonorità</strong>.<!--more--></p>
<p>Interzone ha consapevolmente rinunciato a uno strumento armonico, al fine di ottenere maggiore libertà, spazio e flessibilità. L’interesse fondamentale della formazione, infatti, risiede nella comunicazione tra i suoi membri e nella libera composizione che nasce dal suonare insieme. </p>
<p>Il progetto sperimenta con stile e leggerezza il vasto mondo del jazz senza sterili velleità. Ritroviamo, dunque, <strong>sonorità bebop, funk, e avantgarde per un sound coinvolgente e variegato</strong>.</p>
<p>I pezzi, guidati dalla tromba di Mario Rom, fluiscono armonicamente grazie all’eccellente lavoro di Kranzelbinder e Pirker che forniscono una dinamica architettura musicale.</p>
<p><em></p>
<p align="center">“Entra nella Interzone – nulla è vero, tutto è permesso!”</p>
<p> </em></p>
<p><strong>Mario Rom</strong><br />
Nato nel 1990 a Hall/Admont ha iniziato a studiare tromba con Bernd Rom all’età di 8 anni. Dal 2004 è membro della famosa classe del Prof. Josef Eidenberger dell’Università Privata Anton Bruckner di Linz. Il musicista ha vinto numerosi premi dei concorsi Prima la Musica e del Marianne Mendt Jazzcompetition 2007. Nel 2010 Rom è stato selezionato come unico musicista austriaco della band “Generations Unit”, che sotto la direzione artistica di Adrian Mears ha registrato il suo primo CD nel 2011. Mario Rom ha lavorato e suonato insieme a: Christoph Cech, Janus Ensemble, Studio Dan, Luis Bonilla, Barbara Morrison, Michael Mantler, Dave Liebman, Max Brand Ensemble, Jazzwerkstatt Wien, Nouvelle Cuisine e altri ancora.</p>
<p><strong>Lukas Kranzelbinder</strong><br />
Nato nel 1988 a Klagenfurt è uno dei più attivi e versatili bassisti della scena musicale austriaca. È l’organizzatore del “Polyamory Sound Festival” [www.polyamorysound.com], che si svolge in diverse città europee e funge da punto d’incontro tra musicisti di diverse scene musicali. Dal 2011 Kranzelbinder fa parte del programma “New Austrian Sound of Music” che l’ha selezionato insieme con altri 4 musicisti per rappresentare l’Austria jazz nel mondo. Al momento Kranzelbinder vive a Vienna, dove nell’ultimo anno ha lavorato alla sua opera spagnola MUCHOGUSTO, presentata in prima nazionale presso l’edizione 2012 del noto festival “Carinthischer Sommer”.</p>
<p><strong>Herbert Pirker</strong><br />
Nato nel 1981 a Mooskirchen, Pirker è un affermato e brillante batterista. Il musicista ha vinto due volte l’Hans Koller Jazzprice (nel 2004 e nel 2007), insegna presso l’Università Privata Anton Bruckner di Linz ed offre numerosi workshop e masterclass in tutta l’Austria. Pirker ha collaborato con tutti i più grandi nomi della scena jazz nazionale e internazionale, tra cui: Karl Ritter, Wolfgang Mitterer, Louis Sclavis, Kelomat, Alex Machacek, Wolfgang Puschnig, Jack Walrath, Klaus Dickbauer, Max Nagl, Jazzwerkstatt Wien, Christoph Dienz, Linley Marthe, Otto Lechner e altri ancora.</p>
<p><em>Ingresso libero fino a esaurimento posti<br />
Ingresso a partire dalle ore 19:30. Vi preghiamo di presentarvi in anticipo, poiché non è possibile accettare prenotazioni!</em></p>

<p align="right"> © Severin Koller </p>
<p>La band Mario Rom’s Interzone è composta da 3 dei più promettenti musicisti austriaci. Il ventitreenne Mario Rom, nonostante la sua giovane età, è già considerato uno dei maggiori trombettisti della sua generazione, Lukas Kranzelbinder non solo è uno dei bassisti jazz più richiesti, ma ha anche composto un’opera uscita a giugno 2012 e Herbert Pirker è uno dei batteristi più attivi che ha condiviso il palco con tutti i più noti musicisti austriaci.<br />
Con [&#8230;]</p>
