{"id":6482,"date":"2019-07-12T11:56:38","date_gmt":"2019-07-12T09:56:38","guid":{"rendered":"https:\/\/www.austriacult.roma.it\/de\/?post_type=tribe_events&#038;p=6482"},"modified":"2019-07-15T14:39:42","modified_gmt":"2019-07-15T12:39:42","slug":"emozioni-di-mare-e-di-monti-stella-brass","status":"publish","type":"tribe_events","link":"https:\/\/www.austriacult.roma.it\/de\/veranstaltung\/emozioni-di-mare-e-di-monti-stella-brass\/","title":{"rendered":"EMOZIONI DI MARE E DI MONTI | Stella Brass"},"content":{"rendered":"<p><\/p>\n<p style=\"text-align: justify;\">Das \u00f6sterreichische Blasquintett <strong>Stella Brass<\/strong> kommt wieder nach Sardinien und spielt hier an diversen Orten &#8211; gemeinsam mit einheimischen Musikgruppen und Gastmusikern.\u00a0<br \/>\nUnter dem Motto \u201cEMOZIONI DI MARE E DI MONTI\u201d mischt das von Josef A. Amann geleitete Ensemble auf souver\u00e4ne Weise Barockmusik mit zeitgen\u00f6ssischen Kompositionen. Es spielen: an der Trompete Bertold Stecher und Bernhard Plagg, Zolt\u00e1n Holb am Horn, Tomas Witwer an der Posaune und Stefan B\u00e4r an der Tuba. Am Programm stehen Kompositionen von Gerold Amann, Werner Pirchner, Johannes B\u00e4r (Urauff\u00fchrung), Joseph Lanner, Johann Strauss\u00a0 Sohn und traditionelle sardische Lieder, arrangiert von Maestro Amann.<\/p>\n<p>Auff\u00fchrungsorte: Sedini \u2013 Chiesa San Nicola; Nulvi \u2013 Chiostro Santa Tecla;\u00a0Osilo \u2013 Anfiteatro Comunale; Castelsardo \u2013 Terrazza del Castello; Santa Mari Coghinas \u2013 Piazza Chiesa \u201cMaria delle Grazie\u201d.<\/p>\n<p>Entstanden ist Stella Brass 1990 am Landeskonservatorium f\u00fcr Vorarlberg, unter ihrem Gr\u00fcnder und Leiter Prof. Josef Amann vereint es junge professionelle Musiker aus dem ganzen Bodenseeraum. Deren gemeinsames Anliegen ist es, Bl\u00e4sermusik in ihren vielf\u00e4ltigen Besetzungsarten zu pflegen und durch internationale Kulturprojekte mit Partnern aus anderen Kulturkreisen den interkulturellen Dialog zu f\u00f6rdern und zu vertiefen.<\/p>\n<p>&nbsp;<\/p>\n<p style=\"text-align: center;\"><strong><span style=\"text-decoration: underline;\">CONCERTO STELLA BRASS<\/span><br \/>\nSamstag, 3. August, 20.00 Uhr<\/strong><br \/>\n<strong>Santa Maria Coghinas, Piazza Chiesa \u201cMaria delle Grazie\u201d<\/strong><br \/>\n(Gemeinde und\u00a0 Pro Loco S. Maria Coghinas)<\/p>\n<p>&nbsp;<\/p>\n<p style=\"text-align: center;\">\n<strong><span style=\"text-decoration: underline;\">SUGGESTIONI MUSICALI AL MONASTERO<\/span><br \/>\n<\/strong><strong>Sonntag, 4. August, 19.00 Uhr<\/strong><br \/>\n<strong>Sedini, Localit\u00e0 San Nicola di Silanis<\/strong><br \/>\nStella Brass (Austria), Direzione M\u00b0 Josef A. Amann<br \/>\nCoro di Nulvi, Dirigent M\u00b0 Fabrizio Mangatia<br \/>\n(Gemeinde und Pro Loco Sedini)<\/p>\n<p>&nbsp;<\/p>\n<p style=\"text-align: center;\">\n<span style=\"text-decoration: underline;\"><strong>EMOZIONI DI MARE E DI MONTI<\/strong><\/span><br \/>\n<strong>Freitag, 9. August, 20.30 Uhr<br \/>\n<\/strong><strong>Nulvi, Chiostro Santa Tecla<br \/>\n<\/strong>Stella Brass (Austria), Direzione M\u00b0 Josef A. Amann<br \/>\nCoro di Nulvi, Dirigent M\u00b0 Fabrizio Mangatia<br \/>\n(Gemeinde Nulvi)<\/p>\n<p><\/p>","protected":false},"excerpt":{"rendered":"<\/p>\n<p style=\"text-align: justify;\">Das \u00f6sterreichische Blasquintett Stella Brass kommt wieder nach Sardinien und spielt hier an diversen Orten &#8211; gemeinsam mit einheimischen Musikgruppen und Gastmusikern.\u00a0<br \/>\nUnter dem Motto \u201cEMOZIONI DI MARE E DI MONTI\u201d mischt das von Josef A. Amann geleitete Ensemble auf souver\u00e4ne Weise Barockmusik mit zeitgen\u00f6ssischen Kompositionen. Es spielen: an der Trompete Bertold Stecher und Bernhard Plagg, Zolt\u00e1n Holb am Horn, Tomas Witwer an der Posaune und Stefan B\u00e4r an der Tuba. Am Programm stehen Kompositionen von Gerold Amann, [&#8230;]<\/p>\n","protected":false},"author":2,"featured_media":6483,"comment_status":"closed","ping_status":"closed","template":"","meta":{"footnotes":""},"tags":[],"tribe_events_cat":[3],"class_list":["post-6482","tribe_events","type-tribe_events","status-publish","has-post-thumbnail","hentry","tribe_events_cat-musik","cat_musik"],"_links":{"self":[{"href":"https:\/\/www.austriacult.roma.it\/de\/wp-json\/wp\/v2\/tribe_events\/6482","targetHints":{"allow":["GET"]}}],"collection":[{"href":"https:\/\/www.austriacult.roma.it\/de\/wp-json\/wp\/v2\/tribe_events"}],"about":[{"href":"https:\/\/www.austriacult.roma.it\/de\/wp-json\/wp\/v2\/types\/tribe_events"}],"author":[{"embeddable":true,"href":"https:\/\/www.austriacult.roma.it\/de\/wp-json\/wp\/v2\/users\/2"}],"replies":[{"embeddable":true,"href":"https:\/\/www.austriacult.roma.it\/de\/wp-json\/wp\/v2\/comments?post=6482"}],"version-history":[{"count":0,"href":"https:\/\/www.austriacult.roma.it\/de\/wp-json\/wp\/v2\/tribe_events\/6482\/revisions"}],"wp:featuredmedia":[{"embeddable":true,"href":"https:\/\/www.austriacult.roma.it\/de\/wp-json\/wp\/v2\/media\/6483"}],"wp:attachment":[{"href":"https:\/\/www.austriacult.roma.it\/de\/wp-json\/wp\/v2\/media?parent=6482"}],"wp:term":[{"taxonomy":"post_tag","embeddable":true,"href":"https:\/\/www.austriacult.roma.it\/de\/wp-json\/wp\/v2\/tags?post=6482"},{"taxonomy":"tribe_events_cat","embeddable":true,"href":"https:\/\/www.austriacult.roma.it\/de\/wp-json\/wp\/v2\/tribe_events_cat?post=6482"}],"curies":[{"name":"wp","href":"https:\/\/api.w.org\/{rel}","templated":true}]}}

<p></p>
<p style="text-align: justify;">Das österreichische Blasquintett <strong>Stella Brass</strong> kommt wieder nach Sardinien und spielt hier an diversen Orten &#8211; gemeinsam mit einheimischen Musikgruppen und Gastmusikern. <br />
Unter dem Motto “EMOZIONI DI MARE E DI MONTI” mischt das von Josef A. Amann geleitete Ensemble auf souveräne Weise Barockmusik mit zeitgenössischen Kompositionen. Es spielen: an der Trompete Bertold Stecher und Bernhard Plagg, Zoltán Holb am Horn, Tomas Witwer an der Posaune und Stefan Bär an der Tuba. Am Programm stehen Kompositionen von Gerold Amann, Werner Pirchner, Johannes Bär (Uraufführung), Joseph Lanner, Johann Strauss  Sohn und traditionelle sardische Lieder, arrangiert von Maestro Amann.</p>
<p>Aufführungsorte: Sedini – Chiesa San Nicola; Nulvi – Chiostro Santa Tecla; Osilo – Anfiteatro Comunale; Castelsardo – Terrazza del Castello; Santa Mari Coghinas – Piazza Chiesa “Maria delle Grazie”.</p>
<p>Entstanden ist Stella Brass 1990 am Landeskonservatorium für Vorarlberg, unter ihrem Gründer und Leiter Prof. Josef Amann vereint es junge professionelle Musiker aus dem ganzen Bodenseeraum. Deren gemeinsames Anliegen ist es, Bläsermusik in ihren vielfältigen Besetzungsarten zu pflegen und durch internationale Kulturprojekte mit Partnern aus anderen Kulturkreisen den interkulturellen Dialog zu fördern und zu vertiefen.</p>
<p>&nbsp;</p>
<p style="text-align: center;"><strong><span style="text-decoration: underline;">CONCERTO STELLA BRASS</span><br />
Samstag, 3. August, 20.00 Uhr</strong><br />
<strong>Santa Maria Coghinas, Piazza Chiesa “Maria delle Grazie”</strong><br />
(Gemeinde und  Pro Loco S. Maria Coghinas)</p>
<p>&nbsp;</p>
<p style="text-align: center;">
<strong><span style="text-decoration: underline;">SUGGESTIONI MUSICALI AL MONASTERO</span><br />
</strong><strong>Sonntag, 4. August, 19.00 Uhr</strong><br />
<strong>Sedini, Località San Nicola di Silanis</strong><br />
Stella Brass (Austria), Direzione M° Josef A. Amann<br />
Coro di Nulvi, Dirigent M° Fabrizio Mangatia<br />
(Gemeinde und Pro Loco Sedini)</p>
<p>&nbsp;</p>
<p style="text-align: center;">
<span style="text-decoration: underline;"><strong>EMOZIONI DI MARE E DI MONTI</strong></span><br />
<strong>Freitag, 9. August, 20.30 Uhr<br />
</strong><strong>Nulvi, Chiostro Santa Tecla<br />
</strong>Stella Brass (Austria), Direzione M° Josef A. Amann<br />
Coro di Nulvi, Dirigent M° Fabrizio Mangatia<br />
(Gemeinde Nulvi)</p>
<p></p>

</p>
<p style="text-align: justify;">Das österreichische Blasquintett Stella Brass kommt wieder nach Sardinien und spielt hier an diversen Orten &#8211; gemeinsam mit einheimischen Musikgruppen und Gastmusikern. <br />
Unter dem Motto “EMOZIONI DI MARE E DI MONTI” mischt das von Josef A. Amann geleitete Ensemble auf souveräne Weise Barockmusik mit zeitgenössischen Kompositionen. Es spielen: an der Trompete Bertold Stecher und Bernhard Plagg, Zoltán Holb am Horn, Tomas Witwer an der Posaune und Stefan Bär an der Tuba. Am Programm stehen Kompositionen von Gerold Amann, [&#8230;]</p>
