{"id":6477,"date":"2019-07-12T11:38:27","date_gmt":"2019-07-12T09:38:27","guid":{"rendered":"https:\/\/www.austriacult.roma.it\/de\/?post_type=tribe_events&#038;p=6477"},"modified":"2019-09-03T14:56:23","modified_gmt":"2019-09-03T12:56:23","slug":"purple-is-the-color-fara-music-festival","status":"publish","type":"tribe_events","link":"https:\/\/www.austriacult.roma.it\/de\/veranstaltung\/purple-is-the-color-fara-music-festival\/","title":{"rendered":"PURPLE IS THE COLOR &#8211; Fara Music Festival"},"content":{"rendered":"<p><\/p>\n<p style=\"text-align: justify;\">Die \u00f6sterreichische Jazzband <strong>Purple is the Color <\/strong>gewann den <em>Central European Jazz Competition <\/em>und bereichert heuer als europ\u00e4isches Gastensemble das <strong>Fara Music Festival<\/strong>.<\/p>\n<p><em>&#8222;Mehr Soulfood f\u00fcr die Ohren denn Grammelkn\u00f6del oder K\u00e4sekrainer. Keine Musik f\u00fcr die Hotellobby, <\/em><em>eher f\u00fcr eine weltvergessene Spelunke in Haarlem, Holland. Erstaunlich, dass so eine weltvergessene <\/em><em>Musik aus \u00d6sterreich kommt.&#8220;<\/em> (Franzobel, Schriftsteller)<\/p>\n<p>Von spielerischem Ernst beseelt, versuchen Simon Raab, \u0160t\u011bp\u00e1n Flagar, Martin Koci\u00e1n und Micha\u0142 Wierzgo\u0144 erst gar nicht, irgendjemandem zu gefallen. Sie zielen aber auch nicht entschieden darauf, irgend jemanden nicht zu gefallen. Rhythmische Hyperkomplexit\u00e4t als verkappter Elitarismus, harmonische Willk\u00fcr als windschiefe Sublimation pubert\u00e4rer Zerst\u00f6rungswut und sounddesignerische Universallackierung als die heutzutage Rechts wie Links wieder heftig grassierende Angst vor Identit\u00e4tsverlust, haben hier keinen Platz.<br \/>\nSo entsteht ein musikalischer Interaktionsraum, in dem immer alles m\u00f6glich zu sein scheint. Hypnotische Akustik-Grooves \u00e1 la Esbj\u00f6rn Svensson (For Now) stehen zwanglos neben halsbrecherischen Free-Jazz-Passagen (Superficial). Von neuer Elektronik inspirierte Beats treffen auf bezaubernd fragile Harmonie (Anniro-C). Die spontane Expressivit\u00e4t, mit der Raab und seine Mannen auf den neun St\u00fccken zu Werke gehen, unterl\u00e4uft dabei nicht den gro\u00dfen Entwurf, sondern l\u00e4sst ihn jeweils erst transparent werden. Und gerade so entsteht Musik, die unmittelbar ber\u00fchrt.\u00a0<\/p>\n<p>\nSimon Raab \u2013 Klavier<br \/>\n\u0160t\u011bp\u00e1n Flagar &#8211; Saxophon<br \/>\nMartin Koci\u00e1n &#8211; Kontrabass<br \/>\nMicha\u0142 Wierzgo\u0144 &#8211; Schlagzeug<\/p>\n<p style=\"text-align: justify;\"><a href=\"https:\/\/jazzandsabina.wordpress.com\/2019\/07\/05\/fara-music-festival-2019-il-programma\/\">Programm<\/a><\/p>\n<p><a href=\"http:\/\/www.visitfarainsabina.it\"><span style=\"text-decoration: underline;\">Fara in Sabina <\/span><\/a>mit <span style=\"text-decoration: underline;\"><a href=\"https:\/\/www.austriacult.roma.it\/wp-content\/uploads\/2019\/07\/MUSEO-CIVICO-ARCHEOLOGICO-di-Fara-in-Sabina_dt.pdf\">F\u00fchrung<\/a><\/span><\/p>\n<p><\/p>","protected":false},"excerpt":{"rendered":"<\/p>\n<p style=\"text-align: justify;\">Die \u00f6sterreichische Jazzband Purple is the Color gewann den Central European Jazz Competition und bereichert heuer als europ\u00e4isches Gastensemble das Fara Music Festival.<\/p>\n<p>&#8222;Mehr Soulfood f\u00fcr die Ohren denn Grammelkn\u00f6del oder K\u00e4sekrainer. Keine Musik f\u00fcr die Hotellobby, eher f\u00fcr eine weltvergessene Spelunke in Haarlem, Holland. Erstaunlich, dass so eine weltvergessene Musik aus \u00d6sterreich kommt.&#8220; (Franzobel, Schriftsteller)<\/p>\n<p>Von spielerischem Ernst beseelt, versuchen Simon Raab, \u0160t\u011bp\u00e1n Flagar, Martin Koci\u00e1n und Micha\u0142 Wierzgo\u0144 erst gar nicht, irgendjemandem zu gefallen. Sie zielen aber auch [&#8230;]<\/p>\n","protected":false},"author":2,"featured_media":6478,"comment_status":"closed","ping_status":"closed","template":"","meta":{"footnotes":""},"tags":[],"tribe_events_cat":[],"class_list":["post-6477","tribe_events","type-tribe_events","status-publish","has-post-thumbnail","hentry"],"_links":{"self":[{"href":"https:\/\/www.austriacult.roma.it\/de\/wp-json\/wp\/v2\/tribe_events\/6477","targetHints":{"allow":["GET"]}}],"collection":[{"href":"https:\/\/www.austriacult.roma.it\/de\/wp-json\/wp\/v2\/tribe_events"}],"about":[{"href":"https:\/\/www.austriacult.roma.it\/de\/wp-json\/wp\/v2\/types\/tribe_events"}],"author":[{"embeddable":true,"href":"https:\/\/www.austriacult.roma.it\/de\/wp-json\/wp\/v2\/users\/2"}],"replies":[{"embeddable":true,"href":"https:\/\/www.austriacult.roma.it\/de\/wp-json\/wp\/v2\/comments?post=6477"}],"version-history":[{"count":0,"href":"https:\/\/www.austriacult.roma.it\/de\/wp-json\/wp\/v2\/tribe_events\/6477\/revisions"}],"wp:featuredmedia":[{"embeddable":true,"href":"https:\/\/www.austriacult.roma.it\/de\/wp-json\/wp\/v2\/media\/6478"}],"wp:attachment":[{"href":"https:\/\/www.austriacult.roma.it\/de\/wp-json\/wp\/v2\/media?parent=6477"}],"wp:term":[{"taxonomy":"post_tag","embeddable":true,"href":"https:\/\/www.austriacult.roma.it\/de\/wp-json\/wp\/v2\/tags?post=6477"},{"taxonomy":"tribe_events_cat","embeddable":true,"href":"https:\/\/www.austriacult.roma.it\/de\/wp-json\/wp\/v2\/tribe_events_cat?post=6477"}],"curies":[{"name":"wp","href":"https:\/\/api.w.org\/{rel}","templated":true}]}}

<p></p>
<p style="text-align: justify;">Die österreichische Jazzband <strong>Purple is the Color </strong>gewann den <em>Central European Jazz Competition </em>und bereichert heuer als europäisches Gastensemble das <strong>Fara Music Festival</strong>.</p>
<p><em>&#8222;Mehr Soulfood für die Ohren denn Grammelknödel oder Käsekrainer. Keine Musik für die Hotellobby, </em><em>eher für eine weltvergessene Spelunke in Haarlem, Holland. Erstaunlich, dass so eine weltvergessene </em><em>Musik aus Österreich kommt.&#8220;</em> (Franzobel, Schriftsteller)</p>
<p>Von spielerischem Ernst beseelt, versuchen Simon Raab, Štěpán Flagar, Martin Kocián und Michał Wierzgoń erst gar nicht, irgendjemandem zu gefallen. Sie zielen aber auch nicht entschieden darauf, irgend jemanden nicht zu gefallen. Rhythmische Hyperkomplexität als verkappter Elitarismus, harmonische Willkür als windschiefe Sublimation pubertärer Zerstörungswut und sounddesignerische Universallackierung als die heutzutage Rechts wie Links wieder heftig grassierende Angst vor Identitätsverlust, haben hier keinen Platz.<br />
So entsteht ein musikalischer Interaktionsraum, in dem immer alles möglich zu sein scheint. Hypnotische Akustik-Grooves á la Esbjörn Svensson (For Now) stehen zwanglos neben halsbrecherischen Free-Jazz-Passagen (Superficial). Von neuer Elektronik inspirierte Beats treffen auf bezaubernd fragile Harmonie (Anniro-C). Die spontane Expressivität, mit der Raab und seine Mannen auf den neun Stücken zu Werke gehen, unterläuft dabei nicht den großen Entwurf, sondern lässt ihn jeweils erst transparent werden. Und gerade so entsteht Musik, die unmittelbar berührt. </p>
<p>
Simon Raab – Klavier<br />
Štěpán Flagar &#8211; Saxophon<br />
Martin Kocián &#8211; Kontrabass<br />
Michał Wierzgoń &#8211; Schlagzeug</p>
<p style="text-align: justify;"><a href="https://jazzandsabina.wordpress.com/2019/07/05/fara-music-festival-2019-il-programma/">Programm</a></p>
<p><a href="http://www.visitfarainsabina.it"><span style="text-decoration: underline;">Fara in Sabina </span></a>mit <span style="text-decoration: underline;"><a href="https://www.austriacult.roma.it/wp-content/uploads/2019/07/MUSEO-CIVICO-ARCHEOLOGICO-di-Fara-in-Sabina_dt.pdf">Führung</a></span></p>
<p></p>

</p>
<p style="text-align: justify;">Die österreichische Jazzband Purple is the Color gewann den Central European Jazz Competition und bereichert heuer als europäisches Gastensemble das Fara Music Festival.</p>
<p>&#8222;Mehr Soulfood für die Ohren denn Grammelknödel oder Käsekrainer. Keine Musik für die Hotellobby, eher für eine weltvergessene Spelunke in Haarlem, Holland. Erstaunlich, dass so eine weltvergessene Musik aus Österreich kommt.&#8220; (Franzobel, Schriftsteller)</p>
<p>Von spielerischem Ernst beseelt, versuchen Simon Raab, Štěpán Flagar, Martin Kocián und Michał Wierzgoń erst gar nicht, irgendjemandem zu gefallen. Sie zielen aber auch [&#8230;]</p>
