{"id":6435,"date":"2019-06-26T09:59:56","date_gmt":"2019-06-26T07:59:56","guid":{"rendered":"https:\/\/www.austriacult.roma.it\/de\/?post_type=tribe_events&#038;p=6435"},"modified":"2019-09-04T14:02:46","modified_gmt":"2019-09-04T12:02:46","slug":"union-tanz-company-gervasi","status":"publish","type":"tribe_events","link":"https:\/\/www.austriacult.roma.it\/de\/veranstaltung\/union-tanz-company-gervasi\/","title":{"rendered":"UNION &#8211; Tanz Company Gervasi"},"content":{"rendered":"<p><\/p>\n<p><span style=\"color: #ff0000;\"><strong>5. und 6. Juli 2019 | Freitag und Samstag | 20.30 Uhr<\/strong><\/span><\/p>\n<p>Die choreographische Arbeit befasst sich mit der Differenzierung der Wahrnehmung von Chaos (Konfusion). Wie viel Wahrnehmung von Chaos existiert schon? Wie gestaltet sich der Umgang mit dieser Wahrnehmung, die immer eine \u00dcberforderung bzw einen Zustand der Verwirrung bedeutet?<br \/>\nDer erste Schritt ist, die unterschwellig wirkende Erfahrung von Chaos, die nicht unmittelbar h\u00f6rbar und sichtbar ist, sichtbar zu machen. Daraus entsteht als Reaktion ein Bed\u00fcrfnis nach Kl\u00e4rung und Recherche. Andererseits kann die Wahrnehmung des Chaos (Konfusion) zu einem Mangel an Beziehungsf\u00e4higkeit, einem Sprachzerfall, einem Vergessen und zu einem Ausgeliefertsein an nicht kontrollierbare Instrumente der Macht f\u00fchren.<br \/>\nDas systematische \u00dcberma\u00df an Information in der heutigen Gesellschaft erzeugt grunds\u00e4tzlich strukturelle Verwirrung und Entfremdung.<\/p>\n<p>&nbsp;<\/p>\n<p style=\"text-align: justify;\"><strong>K\u00fcnstlerische Leitung, Choreografie:<\/strong> Elio Gervasi<br \/>\n<strong>In Kooperation mit den T\u00e4nzern: <\/strong>Augustin Alriq, Brittany Angus, Federica Aventaggiato, Chiara Corbetta, Camilla Crescentini, Annalisa Di Lanno, Nejma Larichi, Giorgia Lolli, Sofia Martiou, Marco Munno, Camille Prost, Soul Roberts, Lotta Sandborgh, Yun-Wen<br \/>\n<strong>Coaching:<\/strong> Alberto Franceschini<br \/>\n<strong>Assistenz Choreografie:<\/strong> Hannah Timbrell, Lia Uj\u010di\u010d<br \/>\n<strong>B\u00fchne:<\/strong>\u00a0Valter Esposito<br \/>\n<strong>Dramaturgie::<\/strong> Karl Baratta<br \/>\n<strong>Produktionsmanagement:<\/strong> Franziska Zaida Schrammel<br \/>\n<strong>Produktion:<\/strong> Tanz Company Gervasi<\/p>\n<p>&nbsp;<\/p>\n<p><strong>Elio Gervasi<\/strong><\/p>\n<p>geboren in Cosenza\/Italien. Klassische Tanzstudien in Rom, Modern Dance mit Peter Goss, Merce Cunningham, Jos\u00e9 Limon, Louis Falco und Susanne Linke, sowie Contemporary Dance, Contact Improvisation und Release Technique. Langj\u00e4hrige Zusammenarbeit (1979-1986) mit Bob Curtis. 1986 gr\u00fcndete er die Tanz Company Gervasi in Wien, die seitdem mehr als 50 Produktionen im In- und Ausland gezeigt hat. Gervasi erhielt in den vergangenen 30 Jahren zahlreiche choreographische Auszeichnungen der Kunstsektion des Bundeskanzleramtes, u.a. den\u00a0<em>\u00d6sterreichischen Tanzproduktionspreis.<\/em><\/p>\n<p><a class=\"external external_icon\" href=\"http:\/\/www.gervasi.at\/\" target=\"_blank\" rel=\"nofollow noopener noreferrer\">www.gervasi.at<\/a><\/p>\n<p style=\"text-align: justify;\">\u00a0<\/p>\n<p><\/p>","protected":false},"excerpt":{"rendered":"<\/p>\n<p>5. und 6. Juli 2019 | Freitag und Samstag | 20.30 Uhr<\/p>\n<p>Die choreographische Arbeit befasst sich mit der Differenzierung der Wahrnehmung von Chaos (Konfusion). Wie viel Wahrnehmung von Chaos existiert schon? Wie gestaltet sich der Umgang mit dieser Wahrnehmung, die immer eine \u00dcberforderung bzw einen Zustand der Verwirrung bedeutet?<br \/>\nDer erste Schritt ist, die unterschwellig wirkende Erfahrung von Chaos, die nicht unmittelbar h\u00f6rbar und sichtbar ist, sichtbar zu machen. Daraus entsteht als Reaktion ein Bed\u00fcrfnis nach Kl\u00e4rung und Recherche. Andererseits [&#8230;]<\/p>\n","protected":false},"author":2,"featured_media":6436,"comment_status":"closed","ping_status":"closed","template":"","meta":{"footnotes":""},"tags":[],"tribe_events_cat":[305],"class_list":["post-6435","tribe_events","type-tribe_events","status-publish","has-post-thumbnail","hentry","tribe_events_cat-danza","cat_danza"],"_links":{"self":[{"href":"https:\/\/www.austriacult.roma.it\/de\/wp-json\/wp\/v2\/tribe_events\/6435","targetHints":{"allow":["GET"]}}],"collection":[{"href":"https:\/\/www.austriacult.roma.it\/de\/wp-json\/wp\/v2\/tribe_events"}],"about":[{"href":"https:\/\/www.austriacult.roma.it\/de\/wp-json\/wp\/v2\/types\/tribe_events"}],"author":[{"embeddable":true,"href":"https:\/\/www.austriacult.roma.it\/de\/wp-json\/wp\/v2\/users\/2"}],"replies":[{"embeddable":true,"href":"https:\/\/www.austriacult.roma.it\/de\/wp-json\/wp\/v2\/comments?post=6435"}],"version-history":[{"count":0,"href":"https:\/\/www.austriacult.roma.it\/de\/wp-json\/wp\/v2\/tribe_events\/6435\/revisions"}],"wp:featuredmedia":[{"embeddable":true,"href":"https:\/\/www.austriacult.roma.it\/de\/wp-json\/wp\/v2\/media\/6436"}],"wp:attachment":[{"href":"https:\/\/www.austriacult.roma.it\/de\/wp-json\/wp\/v2\/media?parent=6435"}],"wp:term":[{"taxonomy":"post_tag","embeddable":true,"href":"https:\/\/www.austriacult.roma.it\/de\/wp-json\/wp\/v2\/tags?post=6435"},{"taxonomy":"tribe_events_cat","embeddable":true,"href":"https:\/\/www.austriacult.roma.it\/de\/wp-json\/wp\/v2\/tribe_events_cat?post=6435"}],"curies":[{"name":"wp","href":"https:\/\/api.w.org\/{rel}","templated":true}]}}

<p></p>
<p><span style="color: #ff0000;"><strong>5. und 6. Juli 2019 | Freitag und Samstag | 20.30 Uhr</strong></span></p>
<p>Die choreographische Arbeit befasst sich mit der Differenzierung der Wahrnehmung von Chaos (Konfusion). Wie viel Wahrnehmung von Chaos existiert schon? Wie gestaltet sich der Umgang mit dieser Wahrnehmung, die immer eine Überforderung bzw einen Zustand der Verwirrung bedeutet?<br />
Der erste Schritt ist, die unterschwellig wirkende Erfahrung von Chaos, die nicht unmittelbar hörbar und sichtbar ist, sichtbar zu machen. Daraus entsteht als Reaktion ein Bedürfnis nach Klärung und Recherche. Andererseits kann die Wahrnehmung des Chaos (Konfusion) zu einem Mangel an Beziehungsfähigkeit, einem Sprachzerfall, einem Vergessen und zu einem Ausgeliefertsein an nicht kontrollierbare Instrumente der Macht führen.<br />
Das systematische Übermaß an Information in der heutigen Gesellschaft erzeugt grundsätzlich strukturelle Verwirrung und Entfremdung.</p>
<p>&nbsp;</p>
<p style="text-align: justify;"><strong>Künstlerische Leitung, Choreografie:</strong> Elio Gervasi<br />
<strong>In Kooperation mit den Tänzern: </strong>Augustin Alriq, Brittany Angus, Federica Aventaggiato, Chiara Corbetta, Camilla Crescentini, Annalisa Di Lanno, Nejma Larichi, Giorgia Lolli, Sofia Martiou, Marco Munno, Camille Prost, Soul Roberts, Lotta Sandborgh, Yun-Wen<br />
<strong>Coaching:</strong> Alberto Franceschini<br />
<strong>Assistenz Choreografie:</strong> Hannah Timbrell, Lia Ujčič<br />
<strong>Bühne:</strong> Valter Esposito<br />
<strong>Dramaturgie::</strong> Karl Baratta<br />
<strong>Produktionsmanagement:</strong> Franziska Zaida Schrammel<br />
<strong>Produktion:</strong> Tanz Company Gervasi</p>
<p>&nbsp;</p>
<p><strong>Elio Gervasi</strong></p>
<p>geboren in Cosenza/Italien. Klassische Tanzstudien in Rom, Modern Dance mit Peter Goss, Merce Cunningham, José Limon, Louis Falco und Susanne Linke, sowie Contemporary Dance, Contact Improvisation und Release Technique. Langjährige Zusammenarbeit (1979-1986) mit Bob Curtis. 1986 gründete er die Tanz Company Gervasi in Wien, die seitdem mehr als 50 Produktionen im In- und Ausland gezeigt hat. Gervasi erhielt in den vergangenen 30 Jahren zahlreiche choreographische Auszeichnungen der Kunstsektion des Bundeskanzleramtes, u.a. den <em>Österreichischen Tanzproduktionspreis.</em></p>
<p><a class="external external_icon" href="http://www.gervasi.at/" target="_blank" rel="nofollow noopener noreferrer">www.gervasi.at</a></p>
<p style="text-align: justify;"> </p>
<p></p>

</p>
<p>5. und 6. Juli 2019 | Freitag und Samstag | 20.30 Uhr</p>
<p>Die choreographische Arbeit befasst sich mit der Differenzierung der Wahrnehmung von Chaos (Konfusion). Wie viel Wahrnehmung von Chaos existiert schon? Wie gestaltet sich der Umgang mit dieser Wahrnehmung, die immer eine Überforderung bzw einen Zustand der Verwirrung bedeutet?<br />
Der erste Schritt ist, die unterschwellig wirkende Erfahrung von Chaos, die nicht unmittelbar hörbar und sichtbar ist, sichtbar zu machen. Daraus entsteht als Reaktion ein Bedürfnis nach Klärung und Recherche. Andererseits [&#8230;]</p>
