{"id":6431,"date":"2019-06-26T09:48:55","date_gmt":"2019-06-26T07:48:55","guid":{"rendered":"https:\/\/www.austriacult.roma.it\/de\/?post_type=tribe_events&#038;p=6431"},"modified":"2019-07-02T12:58:08","modified_gmt":"2019-07-02T10:58:08","slug":"carolina-schutti-incontro-con-lautrice","status":"publish","type":"tribe_events","link":"https:\/\/www.austriacult.roma.it\/de\/veranstaltung\/carolina-schutti-incontro-con-lautrice\/","title":{"rendered":"CAROLINA SCHUTTI &#8211; Literaturgespr\u00e4ch"},"content":{"rendered":"<p><\/p>\n<p style=\"text-align: justify;\">Zum 16. Literaturfestival &#8222;Isola delle Storie&#8220; in Gavoi\/Sardinien ist dieses Jahr die \u00f6sterreichische Schriftstellerin Carolina Schutti geladen.<\/p>\n<p class=\"paragraph_style\">Carolina Schutti wurde 1976 in Innsbruck geboren. Sie studierte Germanistik, Anglistik, Amerikanistik und Konzertgitarre und absolvierte eine Gesangsausbildung. Nach einigen Jahren Lehr- und Unterrichtst\u00e4tigkeit und nach ihrer Promotion \u00fcber Elias Canetti war sie Lektorin an der Universit\u00e4t Florenz, ehe sie 2010 ihr zum Rauriser Literaturpreis nominiertes Debut &#8222;Wer getragen wird, braucht keine Schuhe\u201c publizierte.<\/p>\n<p class=\"paragraph_style\">Der zweite Roman &#8222;Einmal muss ich \u00fcber weiches \u201eGras gelaufen sein\u201c (2012) wurde mit dem European Union Prize for Literature ausgezeichnet, 2015 erschien die Novelle \u201eEulen fliegen lautlos\u201c (Alois Vogel Literaturpreis). Im Februar 2018 erschien ihr erster Lyrikband &#8222;Nervenfieber\u201c.<\/p>\n<p class=\"paragraph_style\">Dar\u00fcber hinaus verfasste sie die H\u00f6rspiele \u201eKalte Asche\u201c (ORF 2011), \u201e&#8230;lautlos\u201c (ORF 2014) und \u201eVoices\u201c (2012, gemeinsam mit Ralph Schutti).<\/p>\n<p class=\"paragraph_style\">Ihre B\u00fccher wurden mit zahlreichen Preisen und Stipendien ausgezeichnet sowie in mehr als zehn Sprachen \u00fcbersetzt.<\/p>\n<p style=\"text-align: justify;\">Programm und Info: <span style=\"color: #3366ff;\"><a style=\"color: #3366ff;\" href=\"http:\/\/www.isoladellestorie.it\/\">www.isoladellestorie.it<\/a><\/span><\/p>\n<p><\/p>","protected":false},"excerpt":{"rendered":"<\/p>\n<p style=\"text-align: justify;\">Zum 16. Literaturfestival &#8222;Isola delle Storie&#8220; in Gavoi\/Sardinien ist dieses Jahr die \u00f6sterreichische Schriftstellerin Carolina Schutti geladen.<\/p>\n<p class=\"paragraph_style\">Carolina Schutti wurde 1976 in Innsbruck geboren. Sie studierte Germanistik, Anglistik, Amerikanistik und Konzertgitarre und absolvierte eine Gesangsausbildung. Nach einigen Jahren Lehr- und Unterrichtst\u00e4tigkeit und nach ihrer Promotion \u00fcber Elias Canetti war sie Lektorin an der Universit\u00e4t Florenz, ehe sie 2010 ihr zum Rauriser Literaturpreis nominiertes Debut &#8222;Wer getragen wird, braucht keine Schuhe\u201c publizierte.<\/p>\n<p class=\"paragraph_style\">Der zweite Roman &#8222;Einmal muss ich \u00fcber [&#8230;]<\/p>\n","protected":false},"author":2,"featured_media":6473,"comment_status":"closed","ping_status":"closed","template":"","meta":{"footnotes":""},"tags":[],"tribe_events_cat":[4],"class_list":["post-6431","tribe_events","type-tribe_events","status-publish","has-post-thumbnail","hentry","tribe_events_cat-literatur","cat_literatur"],"_links":{"self":[{"href":"https:\/\/www.austriacult.roma.it\/de\/wp-json\/wp\/v2\/tribe_events\/6431","targetHints":{"allow":["GET"]}}],"collection":[{"href":"https:\/\/www.austriacult.roma.it\/de\/wp-json\/wp\/v2\/tribe_events"}],"about":[{"href":"https:\/\/www.austriacult.roma.it\/de\/wp-json\/wp\/v2\/types\/tribe_events"}],"author":[{"embeddable":true,"href":"https:\/\/www.austriacult.roma.it\/de\/wp-json\/wp\/v2\/users\/2"}],"replies":[{"embeddable":true,"href":"https:\/\/www.austriacult.roma.it\/de\/wp-json\/wp\/v2\/comments?post=6431"}],"version-history":[{"count":0,"href":"https:\/\/www.austriacult.roma.it\/de\/wp-json\/wp\/v2\/tribe_events\/6431\/revisions"}],"wp:featuredmedia":[{"embeddable":true,"href":"https:\/\/www.austriacult.roma.it\/de\/wp-json\/wp\/v2\/media\/6473"}],"wp:attachment":[{"href":"https:\/\/www.austriacult.roma.it\/de\/wp-json\/wp\/v2\/media?parent=6431"}],"wp:term":[{"taxonomy":"post_tag","embeddable":true,"href":"https:\/\/www.austriacult.roma.it\/de\/wp-json\/wp\/v2\/tags?post=6431"},{"taxonomy":"tribe_events_cat","embeddable":true,"href":"https:\/\/www.austriacult.roma.it\/de\/wp-json\/wp\/v2\/tribe_events_cat?post=6431"}],"curies":[{"name":"wp","href":"https:\/\/api.w.org\/{rel}","templated":true}]}}

CAROLINA SCHUTTI &#8211; Literaturgespräch

<p></p>
<p style="text-align: justify;">Zum 16. Literaturfestival &#8222;Isola delle Storie&#8220; in Gavoi/Sardinien ist dieses Jahr die österreichische Schriftstellerin Carolina Schutti geladen.</p>
<p class="paragraph_style">Carolina Schutti wurde 1976 in Innsbruck geboren. Sie studierte Germanistik, Anglistik, Amerikanistik und Konzertgitarre und absolvierte eine Gesangsausbildung. Nach einigen Jahren Lehr- und Unterrichtstätigkeit und nach ihrer Promotion über Elias Canetti war sie Lektorin an der Universität Florenz, ehe sie 2010 ihr zum Rauriser Literaturpreis nominiertes Debut &#8222;Wer getragen wird, braucht keine Schuhe“ publizierte.</p>
<p class="paragraph_style">Der zweite Roman &#8222;Einmal muss ich über weiches „Gras gelaufen sein“ (2012) wurde mit dem European Union Prize for Literature ausgezeichnet, 2015 erschien die Novelle „Eulen fliegen lautlos“ (Alois Vogel Literaturpreis). Im Februar 2018 erschien ihr erster Lyrikband &#8222;Nervenfieber“.</p>
<p class="paragraph_style">Darüber hinaus verfasste sie die Hörspiele „Kalte Asche“ (ORF 2011), „&#8230;lautlos“ (ORF 2014) und „Voices“ (2012, gemeinsam mit Ralph Schutti).</p>
<p class="paragraph_style">Ihre Bücher wurden mit zahlreichen Preisen und Stipendien ausgezeichnet sowie in mehr als zehn Sprachen übersetzt.</p>
<p style="text-align: justify;">Programm und Info: <span style="color: #3366ff;"><a style="color: #3366ff;" href="http://www.isoladellestorie.it/">www.isoladellestorie.it</a></span></p>
<p></p>

</p>
<p style="text-align: justify;">Zum 16. Literaturfestival &#8222;Isola delle Storie&#8220; in Gavoi/Sardinien ist dieses Jahr die österreichische Schriftstellerin Carolina Schutti geladen.</p>
<p class="paragraph_style">Carolina Schutti wurde 1976 in Innsbruck geboren. Sie studierte Germanistik, Anglistik, Amerikanistik und Konzertgitarre und absolvierte eine Gesangsausbildung. Nach einigen Jahren Lehr- und Unterrichtstätigkeit und nach ihrer Promotion über Elias Canetti war sie Lektorin an der Universität Florenz, ehe sie 2010 ihr zum Rauriser Literaturpreis nominiertes Debut &#8222;Wer getragen wird, braucht keine Schuhe“ publizierte.</p>
<p class="paragraph_style">Der zweite Roman &#8222;Einmal muss ich über [&#8230;]</p>
