{"id":6418,"date":"2019-06-25T10:15:31","date_gmt":"2019-06-25T08:15:31","guid":{"rendered":"https:\/\/www.austriacult.roma.it\/de\/?post_type=tribe_events&#038;p=6418"},"modified":"2019-07-02T10:51:35","modified_gmt":"2019-07-02T08:51:35","slug":"die-migrantigen","status":"publish","type":"tribe_events","link":"https:\/\/www.austriacult.roma.it\/de\/veranstaltung\/die-migrantigen\/","title":{"rendered":"DIE MIGRANTIGEN"},"content":{"rendered":"<p><\/p>\n<p style=\"text-align: justify;\"><strong>DIE MIGRANTIGEN<\/strong> (Austria, 2017, 98&#8242;, Originalfassung mit ital. Untertiteln) wird im Rahmen von Karawanfest 2019, dem Wanderkino an der Peripherie Roms, gezeigt.<\/p>\n<p>Marko und Benny, zwei Wiener mit sogenanntem \u201eMigrationshintergrund\u201c, sind vollst\u00e4ndig integriert. So sehr, dass sie kaum noch als fremd wahrgenommen werden \u2013 w\u00e4ren da nicht Bennys schwarze Haare. Als die beiden aufgrund ihres Aussehens am Rudolfsgrund, einem ethnisch durchmischten Vorstadtviertel, von der ambitionierten TV-Redakteurin Marlene Weizenhuber, die nach Protagonisten f\u00fcr ihre TV-Dokuserie sucht, angesprochen werden, geben sie sich als kleinkriminelle und abgebr\u00fchte Migranten aus, die es faustdick hinter den Ohren haben.<\/p>\n<p>Damit ihre L\u00fcge nicht auffliegt, bauen sie sich eine zweite Identit\u00e4t, die aus Klischees und Vorurteilen besteht. Und w\u00e4hrend die beiden durch die Erf\u00fcllung dieser Erwartungen und Vorurteile die Serie zum Erfolg machen, setzen sie sich gleichzeitig zum ersten Mal mit den echten Integrationsschicksalen auseinander \u2013 auch mit ihren eigenen\u2026 eine politisch unkorrekte Kom\u00f6die \u00fcber moderne Klischees, falsche Identit\u00e4ten und \u201eechte\u201c Ausl\u00e4nder \u2013 falls es die \u00fcberhaupt gibt!<\/p>\n<p><strong>Regie<\/strong>: Arman T. Riahi<\/p>\n<p style=\"text-align: justify;\"><strong>Drehbuch<\/strong>: Arman T. Riahi, Aleksandar Petrovi\u0107, Faris Rahoma<\/p>\n<p style=\"text-align: justify;\"><strong>Kamera<\/strong>: Mario Minichmayr<\/p>\n<p style=\"text-align: justify;\"><strong>Schnitt<\/strong>: Arman T. Riahi, Cordula Werner<\/p>\n<p style=\"text-align: justify;\"><strong>Szenenbild<\/strong>: Martin Reiter<\/p>\n<p style=\"text-align: justify;\"><strong>Musik<\/strong>: Karwan Marouf<\/p>\n<p style=\"text-align: justify;\"><strong>Kost\u00fcme<\/strong>: Monika Buttinger<\/p>\n<p style=\"text-align: justify;\"><strong>Cast<\/strong>: Faris Rahoma, Aleksandar Petrovi\u0107, Doris Schretzmayer, Zijah A. Sokolovi\u0107, Daniela Zacherl, Josef Hader, Mehmet Ali Salman, Julia Jelinek, Maddalena Hirschal, Margarethe Tiesel, Dirk Stermann, Rainer W\u00f6ss<\/p>\n<p style=\"text-align: justify;\"><strong>Produzenten<\/strong>: Arash T. Riahi, Karin C. Berger<\/p>\n<p style=\"text-align: justify;\"><strong>Produktion<\/strong>: Golden Girls Filmproduktion<\/p>\n<p style=\"text-align: justify;\">\u00a0<\/p>\n<p style=\"text-align: justify;\"><span style=\"text-decoration: underline;\">PREISE UND FESTIVALS<\/span><\/p>\n<p style=\"text-align: justify;\">2017 Filmfestival Max Oph\u00fcls Preis \u2013 Spielfilm: Publikumspreis\u00a0<\/p>\n<p style=\"text-align: justify;\">2017 Kirchliches FF Recklinghausen, Deutschland<\/p>\n<p style=\"text-align: justify;\">2017 Diagonale Graz<\/p>\n<p style=\"text-align: justify;\">\u00a0<\/p>\n<p style=\"text-align: justify;\"><span style=\"color: #ff0000;\"><a style=\"color: #ff0000;\" href=\"https:\/\/www.austriacult.roma.it\/wp-content\/uploads\/2019\/06\/Karawan2019_CS.pdf\"><u>Presstext Karawanfest 2019 (ital.)<\/u><\/a><\/span><\/p>\n<p><a href=\"https:\/\/www.austriacult.roma.it\/wp-content\/uploads\/2019\/06\/Leaflet_3ante_A4_media-1.pdf\"><span style=\"text-decoration: underline;\"><span style=\"color: #ff0000; text-decoration: underline;\">Programm Pigneto Film Festival 2019<\/span><\/span><\/a><\/p>\n<p><\/p>","protected":false},"excerpt":{"rendered":"<\/p>\n<p style=\"text-align: justify;\">DIE MIGRANTIGEN (Austria, 2017, 98&#8242;, Originalfassung mit ital. Untertiteln) wird im Rahmen von Karawanfest 2019, dem Wanderkino an der Peripherie Roms, gezeigt.<\/p>\n<p>Marko und Benny, zwei Wiener mit sogenanntem \u201eMigrationshintergrund\u201c, sind vollst\u00e4ndig integriert. So sehr, dass sie kaum noch als fremd wahrgenommen werden \u2013 w\u00e4ren da nicht Bennys schwarze Haare. Als die beiden aufgrund ihres Aussehens am Rudolfsgrund, einem ethnisch durchmischten Vorstadtviertel, von der ambitionierten TV-Redakteurin Marlene Weizenhuber, die nach Protagonisten f\u00fcr ihre TV-Dokuserie sucht, angesprochen werden, geben sie [&#8230;]<\/p>\n","protected":false},"author":2,"featured_media":6419,"comment_status":"closed","ping_status":"closed","template":"","meta":{"footnotes":""},"tags":[],"tribe_events_cat":[8],"class_list":["post-6418","tribe_events","type-tribe_events","status-publish","has-post-thumbnail","hentry","tribe_events_cat-kino","cat_kino"],"_links":{"self":[{"href":"https:\/\/www.austriacult.roma.it\/de\/wp-json\/wp\/v2\/tribe_events\/6418","targetHints":{"allow":["GET"]}}],"collection":[{"href":"https:\/\/www.austriacult.roma.it\/de\/wp-json\/wp\/v2\/tribe_events"}],"about":[{"href":"https:\/\/www.austriacult.roma.it\/de\/wp-json\/wp\/v2\/types\/tribe_events"}],"author":[{"embeddable":true,"href":"https:\/\/www.austriacult.roma.it\/de\/wp-json\/wp\/v2\/users\/2"}],"replies":[{"embeddable":true,"href":"https:\/\/www.austriacult.roma.it\/de\/wp-json\/wp\/v2\/comments?post=6418"}],"version-history":[{"count":0,"href":"https:\/\/www.austriacult.roma.it\/de\/wp-json\/wp\/v2\/tribe_events\/6418\/revisions"}],"wp:featuredmedia":[{"embeddable":true,"href":"https:\/\/www.austriacult.roma.it\/de\/wp-json\/wp\/v2\/media\/6419"}],"wp:attachment":[{"href":"https:\/\/www.austriacult.roma.it\/de\/wp-json\/wp\/v2\/media?parent=6418"}],"wp:term":[{"taxonomy":"post_tag","embeddable":true,"href":"https:\/\/www.austriacult.roma.it\/de\/wp-json\/wp\/v2\/tags?post=6418"},{"taxonomy":"tribe_events_cat","embeddable":true,"href":"https:\/\/www.austriacult.roma.it\/de\/wp-json\/wp\/v2\/tribe_events_cat?post=6418"}],"curies":[{"name":"wp","href":"https:\/\/api.w.org\/{rel}","templated":true}]}}

<p></p>
<p style="text-align: justify;"><strong>DIE MIGRANTIGEN</strong> (Austria, 2017, 98&#8242;, Originalfassung mit ital. Untertiteln) wird im Rahmen von Karawanfest 2019, dem Wanderkino an der Peripherie Roms, gezeigt.</p>
<p>Marko und Benny, zwei Wiener mit sogenanntem „Migrationshintergrund“, sind vollständig integriert. So sehr, dass sie kaum noch als fremd wahrgenommen werden – wären da nicht Bennys schwarze Haare. Als die beiden aufgrund ihres Aussehens am Rudolfsgrund, einem ethnisch durchmischten Vorstadtviertel, von der ambitionierten TV-Redakteurin Marlene Weizenhuber, die nach Protagonisten für ihre TV-Dokuserie sucht, angesprochen werden, geben sie sich als kleinkriminelle und abgebrühte Migranten aus, die es faustdick hinter den Ohren haben.</p>
<p>Damit ihre Lüge nicht auffliegt, bauen sie sich eine zweite Identität, die aus Klischees und Vorurteilen besteht. Und während die beiden durch die Erfüllung dieser Erwartungen und Vorurteile die Serie zum Erfolg machen, setzen sie sich gleichzeitig zum ersten Mal mit den echten Integrationsschicksalen auseinander – auch mit ihren eigenen… eine politisch unkorrekte Komödie über moderne Klischees, falsche Identitäten und „echte“ Ausländer – falls es die überhaupt gibt!</p>
<p><strong>Regie</strong>: Arman T. Riahi</p>
<p style="text-align: justify;"><strong>Drehbuch</strong>: Arman T. Riahi, Aleksandar Petrović, Faris Rahoma</p>
<p style="text-align: justify;"><strong>Kamera</strong>: Mario Minichmayr</p>
<p style="text-align: justify;"><strong>Schnitt</strong>: Arman T. Riahi, Cordula Werner</p>
<p style="text-align: justify;"><strong>Szenenbild</strong>: Martin Reiter</p>
<p style="text-align: justify;"><strong>Musik</strong>: Karwan Marouf</p>
<p style="text-align: justify;"><strong>Kostüme</strong>: Monika Buttinger</p>
<p style="text-align: justify;"><strong>Cast</strong>: Faris Rahoma, Aleksandar Petrović, Doris Schretzmayer, Zijah A. Sokolović, Daniela Zacherl, Josef Hader, Mehmet Ali Salman, Julia Jelinek, Maddalena Hirschal, Margarethe Tiesel, Dirk Stermann, Rainer Wöss</p>
<p style="text-align: justify;"><strong>Produzenten</strong>: Arash T. Riahi, Karin C. Berger</p>
<p style="text-align: justify;"><strong>Produktion</strong>: Golden Girls Filmproduktion</p>
<p style="text-align: justify;"> </p>
<p style="text-align: justify;"><span style="text-decoration: underline;">PREISE UND FESTIVALS</span></p>
<p style="text-align: justify;">2017 Filmfestival Max Ophüls Preis – Spielfilm: Publikumspreis </p>
<p style="text-align: justify;">2017 Kirchliches FF Recklinghausen, Deutschland</p>
<p style="text-align: justify;">2017 Diagonale Graz</p>
<p style="text-align: justify;"> </p>
<p style="text-align: justify;"><span style="color: #ff0000;"><a style="color: #ff0000;" href="https://www.austriacult.roma.it/wp-content/uploads/2019/06/Karawan2019_CS.pdf"><u>Presstext Karawanfest 2019 (ital.)</u></a></span></p>
<p><a href="https://www.austriacult.roma.it/wp-content/uploads/2019/06/Leaflet_3ante_A4_media-1.pdf"><span style="text-decoration: underline;"><span style="color: #ff0000; text-decoration: underline;">Programm Pigneto Film Festival 2019</span></span></a></p>
<p></p>

</p>
<p style="text-align: justify;">DIE MIGRANTIGEN (Austria, 2017, 98&#8242;, Originalfassung mit ital. Untertiteln) wird im Rahmen von Karawanfest 2019, dem Wanderkino an der Peripherie Roms, gezeigt.</p>
<p>Marko und Benny, zwei Wiener mit sogenanntem „Migrationshintergrund“, sind vollständig integriert. So sehr, dass sie kaum noch als fremd wahrgenommen werden – wären da nicht Bennys schwarze Haare. Als die beiden aufgrund ihres Aussehens am Rudolfsgrund, einem ethnisch durchmischten Vorstadtviertel, von der ambitionierten TV-Redakteurin Marlene Weizenhuber, die nach Protagonisten für ihre TV-Dokuserie sucht, angesprochen werden, geben sie [&#8230;]</p>
