{"id":6311,"date":"2019-06-12T11:46:20","date_gmt":"2019-06-12T09:46:20","guid":{"rendered":"https:\/\/www.austriacult.roma.it\/de\/?post_type=tribe_events&#038;p=6311"},"modified":"2019-06-21T09:30:31","modified_gmt":"2019-06-21T07:30:31","slug":"womit-haben-wir-das-verdient-film-in-v-o-con-sottotitoli-in-italiano","status":"publish","type":"tribe_events","link":"https:\/\/www.austriacult.roma.it\/de\/veranstaltung\/womit-haben-wir-das-verdient\/","title":{"rendered":"WOMIT HABEN WIR DAS VERDIENT?"},"content":{"rendered":"<p><\/p>\n<p><strong>Regie: Eva Spreitzhofer; mit <\/strong><strong>Caroline Peters, Chantal Zitzenbacher, Simon Schwarz. AT 2018, 90\u2019 <br \/>\n(in Originalfassung mit italienischen Untertiteln)<br \/>\n<\/strong><\/p>\n<p>&nbsp;<\/p>\n<p style=\"text-align: justify;\">Die atheistische, feministische \u00c4rztin Wanda f\u00e4llt aus allen Wolken, als ihre pubertierende Tochter Nina ihr er\u00f6ffnet, sie sei zum Islam \u00fcbergetreten. Die Weltoffenheit der liberalen Patchwork-Familie steht nun auf dem Pr\u00fcfstand. Weltanschauungen prallen aufeinander, Sichtweisen ver\u00e4ndern sich. Eine<span class=\"yZlgBd\">\u00a0Kom\u00f6die \u00fcber die Suche nach Erkl\u00e4rungen, nach Zugeh\u00f6rigkeit, nach Identit\u00e4t, nach Zusammenhalt und paradiesischen Zust\u00e4nden.<\/span><\/p>\n<p><a href=\"https:\/\/www.austriacult.roma.it\/wp-content\/uploads\/2019\/06\/flyer-aggiornato.pdf\"><span style=\"text-decoration: underline;\"><strong>Sommerkino &#8211; alle Filme<\/strong><\/span><\/a><\/p>\n<p>&nbsp;<\/p>\n<p><\/p>","protected":false},"excerpt":{"rendered":"<\/p>\n<p>Regie: Eva Spreitzhofer; mit Caroline Peters, Chantal Zitzenbacher, Simon Schwarz. AT 2018, 90\u2019<br \/>\n(in Originalfassung mit italienischen Untertiteln)\n<\/p>\n<p>&nbsp;<\/p>\n<p style=\"text-align: justify;\">Die atheistische, feministische \u00c4rztin Wanda f\u00e4llt aus allen Wolken, als ihre pubertierende Tochter Nina ihr er\u00f6ffnet, sie sei zum Islam \u00fcbergetreten. Die Weltoffenheit der liberalen Patchwork-Familie steht nun auf dem Pr\u00fcfstand. Weltanschauungen prallen aufeinander, Sichtweisen ver\u00e4ndern sich. Eine\u00a0Kom\u00f6die \u00fcber die Suche nach Erkl\u00e4rungen, nach Zugeh\u00f6rigkeit, nach Identit\u00e4t, nach Zusammenhalt und paradiesischen Zust\u00e4nden.<\/p>\n<p><a href=\"https:\/\/www.austriacult.roma.it\/wp-content\/uploads\/2019\/06\/flyer-aggiornato.pdf\">Sommerkino &#8211; alle Filme<\/a><\/p>\n<p>&nbsp;<\/p><\/p>\n","protected":false},"author":2,"featured_media":6339,"comment_status":"closed","ping_status":"closed","template":"","meta":{"footnotes":""},"tags":[],"tribe_events_cat":[8],"class_list":["post-6311","tribe_events","type-tribe_events","status-publish","has-post-thumbnail","hentry","tribe_events_cat-kino","cat_kino"],"_links":{"self":[{"href":"https:\/\/www.austriacult.roma.it\/de\/wp-json\/wp\/v2\/tribe_events\/6311","targetHints":{"allow":["GET"]}}],"collection":[{"href":"https:\/\/www.austriacult.roma.it\/de\/wp-json\/wp\/v2\/tribe_events"}],"about":[{"href":"https:\/\/www.austriacult.roma.it\/de\/wp-json\/wp\/v2\/types\/tribe_events"}],"author":[{"embeddable":true,"href":"https:\/\/www.austriacult.roma.it\/de\/wp-json\/wp\/v2\/users\/2"}],"replies":[{"embeddable":true,"href":"https:\/\/www.austriacult.roma.it\/de\/wp-json\/wp\/v2\/comments?post=6311"}],"version-history":[{"count":0,"href":"https:\/\/www.austriacult.roma.it\/de\/wp-json\/wp\/v2\/tribe_events\/6311\/revisions"}],"wp:featuredmedia":[{"embeddable":true,"href":"https:\/\/www.austriacult.roma.it\/de\/wp-json\/wp\/v2\/media\/6339"}],"wp:attachment":[{"href":"https:\/\/www.austriacult.roma.it\/de\/wp-json\/wp\/v2\/media?parent=6311"}],"wp:term":[{"taxonomy":"post_tag","embeddable":true,"href":"https:\/\/www.austriacult.roma.it\/de\/wp-json\/wp\/v2\/tags?post=6311"},{"taxonomy":"tribe_events_cat","embeddable":true,"href":"https:\/\/www.austriacult.roma.it\/de\/wp-json\/wp\/v2\/tribe_events_cat?post=6311"}],"curies":[{"name":"wp","href":"https:\/\/api.w.org\/{rel}","templated":true}]}}

<p></p>
<p><strong>Regie: Eva Spreitzhofer; mit </strong><strong>Caroline Peters, Chantal Zitzenbacher, Simon Schwarz. AT 2018, 90’ <br />
(in Originalfassung mit italienischen Untertiteln)<br />
</strong></p>
<p>&nbsp;</p>
<p style="text-align: justify;">Die atheistische, feministische Ärztin Wanda fällt aus allen Wolken, als ihre pubertierende Tochter Nina ihr eröffnet, sie sei zum Islam übergetreten. Die Weltoffenheit der liberalen Patchwork-Familie steht nun auf dem Prüfstand. Weltanschauungen prallen aufeinander, Sichtweisen verändern sich. Eine<span class="yZlgBd"> Komödie über die Suche nach Erklärungen, nach Zugehörigkeit, nach Identität, nach Zusammenhalt und paradiesischen Zuständen.</span></p>
<p><a href="https://www.austriacult.roma.it/wp-content/uploads/2019/06/flyer-aggiornato.pdf"><span style="text-decoration: underline;"><strong>Sommerkino &#8211; alle Filme</strong></span></a></p>
<p>&nbsp;</p>
<p></p>

</p>
<p>Regie: Eva Spreitzhofer; mit Caroline Peters, Chantal Zitzenbacher, Simon Schwarz. AT 2018, 90’<br />
(in Originalfassung mit italienischen Untertiteln)
</p>
<p>&nbsp;</p>
<p style="text-align: justify;">Die atheistische, feministische Ärztin Wanda fällt aus allen Wolken, als ihre pubertierende Tochter Nina ihr eröffnet, sie sei zum Islam übergetreten. Die Weltoffenheit der liberalen Patchwork-Familie steht nun auf dem Prüfstand. Weltanschauungen prallen aufeinander, Sichtweisen verändern sich. Eine Komödie über die Suche nach Erklärungen, nach Zugehörigkeit, nach Identität, nach Zusammenhalt und paradiesischen Zuständen.</p>
<p><a href="https://www.austriacult.roma.it/wp-content/uploads/2019/06/flyer-aggiornato.pdf">Sommerkino &#8211; alle Filme</a></p>
<p>&nbsp;</p></p>
