{"id":6308,"date":"2019-06-12T11:43:02","date_gmt":"2019-06-12T09:43:02","guid":{"rendered":"https:\/\/www.austriacult.roma.it\/de\/?post_type=tribe_events&#038;p=6308"},"modified":"2019-06-21T09:30:45","modified_gmt":"2019-06-21T07:30:45","slug":"der-boden-unter-den-fuessen-film-in-v-o-con-sottotitoli-in-italiano","status":"publish","type":"tribe_events","link":"https:\/\/www.austriacult.roma.it\/de\/veranstaltung\/der-boden-unter-den-fuessen-film-in-v-o-con-sottotitoli-in-italiano\/","title":{"rendered":"DER BODEN UNTER DEN F\u00dcSSEN"},"content":{"rendered":"<p><\/p>\n<p><strong>Regie: Marie Kreutzer; mit Valerie Pachner, Pia Hierzegger, Mavie H\u00f6rbiger. A<\/strong><strong>T, 2019, 108\u2019<br \/>\n(in Originalfassung mit italienischen Untertiteln)<\/strong><\/p>\n<p>&nbsp;<\/p>\n<p style=\"text-align: justify;\">Die erfolgreiche Unternehmensberaterin Lola (Valerie Pachner) ist st\u00e4ndig unterwegs und hat ihr Privatleben ebenso fest im Griff wie ihre Karriere: ein berauschendes Jetset-Leben zwischen Hotellobbys, Meetings, Gesch\u00e4ftsessen, Flugh\u00e4fen und einer geheimen Liaison mit ihrer Chefin Elise (Mavie H\u00f6rbiger). Der Suizidversuch ihrer \u00e4lteren Schwester Conny<br \/>\n(Pia Hierzegger) bringt Lolas knallhart strukturiertes \u2013 und sich selbst gegen\u00fcber kompromissloses \u2013 Leben ins Wanken. Raffiniert und unvorhersehbar geht Marie Kreutzer in ihrem Film der ewigen Frage nach, wie viel Raum famili\u00e4ren Strukturen im eigenen Leben einger\u00e4umt werden soll und muss, ohne die eigenen Bed\u00fcrfnisse zu \u00fcbergehen oder sich aus der Pflicht zu nehmen. Gedreht auf 35mm-Film huldigt\u00a0<em>Der Boden unter den F\u00fc\u00dfen<\/em>\u00a0dabei dem Kino, das wohl wie kein anderes Medium vermag, Realit\u00e4ts-, (Wunsch-)Traum- und Wahnebenen zu verschieben, zu verkanten oder momenthaft aufzul\u00f6sen. Hastend zwischen Selbst-, Prozess- und Profitoptimierung. Auf der verzweifelten Suche nach dem eigenen Gl\u00fccksversprechen.<\/p>\n<p><a href=\"https:\/\/www.austriacult.roma.it\/wp-content\/uploads\/2019\/06\/flyer-aggiornato.pdf\"><span style=\"text-decoration: underline;\"><strong>Sommerkino &#8211; alle Filme<\/strong><\/span><\/a><\/p>\n<p>&nbsp;<\/p>\n<p><\/p>","protected":false},"excerpt":{"rendered":"<\/p>\n<p>Regie: Marie Kreutzer; mit Valerie Pachner, Pia Hierzegger, Mavie H\u00f6rbiger. AT, 2019, 108\u2019<br \/>\n(in Originalfassung mit italienischen Untertiteln)<\/p>\n<p>&nbsp;<\/p>\n<p style=\"text-align: justify;\">Die erfolgreiche Unternehmensberaterin Lola (Valerie Pachner) ist st\u00e4ndig unterwegs und hat ihr Privatleben ebenso fest im Griff wie ihre Karriere: ein berauschendes Jetset-Leben zwischen Hotellobbys, Meetings, Gesch\u00e4ftsessen, Flugh\u00e4fen und einer geheimen Liaison mit ihrer Chefin Elise (Mavie H\u00f6rbiger). Der Suizidversuch ihrer \u00e4lteren Schwester Conny<br \/>\n(Pia Hierzegger) bringt Lolas knallhart strukturiertes \u2013 und sich selbst gegen\u00fcber kompromissloses \u2013 Leben ins Wanken. Raffiniert [&#8230;]<\/p>\n","protected":false},"author":2,"featured_media":6340,"comment_status":"closed","ping_status":"closed","template":"","meta":{"footnotes":""},"tags":[],"tribe_events_cat":[8],"class_list":["post-6308","tribe_events","type-tribe_events","status-publish","has-post-thumbnail","hentry","tribe_events_cat-kino","cat_kino"],"_links":{"self":[{"href":"https:\/\/www.austriacult.roma.it\/de\/wp-json\/wp\/v2\/tribe_events\/6308","targetHints":{"allow":["GET"]}}],"collection":[{"href":"https:\/\/www.austriacult.roma.it\/de\/wp-json\/wp\/v2\/tribe_events"}],"about":[{"href":"https:\/\/www.austriacult.roma.it\/de\/wp-json\/wp\/v2\/types\/tribe_events"}],"author":[{"embeddable":true,"href":"https:\/\/www.austriacult.roma.it\/de\/wp-json\/wp\/v2\/users\/2"}],"replies":[{"embeddable":true,"href":"https:\/\/www.austriacult.roma.it\/de\/wp-json\/wp\/v2\/comments?post=6308"}],"version-history":[{"count":0,"href":"https:\/\/www.austriacult.roma.it\/de\/wp-json\/wp\/v2\/tribe_events\/6308\/revisions"}],"wp:featuredmedia":[{"embeddable":true,"href":"https:\/\/www.austriacult.roma.it\/de\/wp-json\/wp\/v2\/media\/6340"}],"wp:attachment":[{"href":"https:\/\/www.austriacult.roma.it\/de\/wp-json\/wp\/v2\/media?parent=6308"}],"wp:term":[{"taxonomy":"post_tag","embeddable":true,"href":"https:\/\/www.austriacult.roma.it\/de\/wp-json\/wp\/v2\/tags?post=6308"},{"taxonomy":"tribe_events_cat","embeddable":true,"href":"https:\/\/www.austriacult.roma.it\/de\/wp-json\/wp\/v2\/tribe_events_cat?post=6308"}],"curies":[{"name":"wp","href":"https:\/\/api.w.org\/{rel}","templated":true}]}}

DER BODEN UNTER DEN FÜSSEN

<p></p>
<p><strong>Regie: Marie Kreutzer; mit Valerie Pachner, Pia Hierzegger, Mavie Hörbiger. A</strong><strong>T, 2019, 108’<br />
(in Originalfassung mit italienischen Untertiteln)</strong></p>
<p>&nbsp;</p>
<p style="text-align: justify;">Die erfolgreiche Unternehmensberaterin Lola (Valerie Pachner) ist ständig unterwegs und hat ihr Privatleben ebenso fest im Griff wie ihre Karriere: ein berauschendes Jetset-Leben zwischen Hotellobbys, Meetings, Geschäftsessen, Flughäfen und einer geheimen Liaison mit ihrer Chefin Elise (Mavie Hörbiger). Der Suizidversuch ihrer älteren Schwester Conny<br />
(Pia Hierzegger) bringt Lolas knallhart strukturiertes – und sich selbst gegenüber kompromissloses – Leben ins Wanken. Raffiniert und unvorhersehbar geht Marie Kreutzer in ihrem Film der ewigen Frage nach, wie viel Raum familiären Strukturen im eigenen Leben eingeräumt werden soll und muss, ohne die eigenen Bedürfnisse zu übergehen oder sich aus der Pflicht zu nehmen. Gedreht auf 35mm-Film huldigt <em>Der Boden unter den Füßen</em> dabei dem Kino, das wohl wie kein anderes Medium vermag, Realitäts-, (Wunsch-)Traum- und Wahnebenen zu verschieben, zu verkanten oder momenthaft aufzulösen. Hastend zwischen Selbst-, Prozess- und Profitoptimierung. Auf der verzweifelten Suche nach dem eigenen Glücksversprechen.</p>
<p><a href="https://www.austriacult.roma.it/wp-content/uploads/2019/06/flyer-aggiornato.pdf"><span style="text-decoration: underline;"><strong>Sommerkino &#8211; alle Filme</strong></span></a></p>
<p>&nbsp;</p>
<p></p>

</p>
<p>Regie: Marie Kreutzer; mit Valerie Pachner, Pia Hierzegger, Mavie Hörbiger. AT, 2019, 108’<br />
(in Originalfassung mit italienischen Untertiteln)</p>
<p>&nbsp;</p>
<p style="text-align: justify;">Die erfolgreiche Unternehmensberaterin Lola (Valerie Pachner) ist ständig unterwegs und hat ihr Privatleben ebenso fest im Griff wie ihre Karriere: ein berauschendes Jetset-Leben zwischen Hotellobbys, Meetings, Geschäftsessen, Flughäfen und einer geheimen Liaison mit ihrer Chefin Elise (Mavie Hörbiger). Der Suizidversuch ihrer älteren Schwester Conny<br />
(Pia Hierzegger) bringt Lolas knallhart strukturiertes – und sich selbst gegenüber kompromissloses – Leben ins Wanken. Raffiniert [&#8230;]</p>
