{"id":630,"date":"2014-01-23T16:38:59","date_gmt":"2014-01-23T15:38:59","guid":{"rendered":"http:\/\/web.austriacult.roma.it\/de\/?post_type=tribe_events&#038;p=630"},"modified":"2019-09-04T12:44:38","modified_gmt":"2019-09-04T10:44:38","slug":"carnet-forum-austriaco-mahler-sinfonia-n-2-resurrezione-2","status":"publish","type":"tribe_events","link":"https:\/\/www.austriacult.roma.it\/de\/veranstaltung\/carnet-forum-austriaco-mahler-sinfonia-n-2-resurrezione\/","title":{"rendered":"*Carnet Forum Austriaco: Mahler, Sinfonia n.2 \u201cResurrezione\u201d"},"content":{"rendered":"<p><\/p>\n<p>Il Forum Austriaco di Cultura Roma consiglia:<\/p>\n<p>3 febbraio 2014 \/ luned\u00ec \/ ore 20.30 e 4 febbraio 2014 \/ marted\u00ec \/ ore 19.30<\/p>\n<p><strong>Carnet Forum Austriaco: Mahler, Sinfonia n.2 \u201cResurrezione\u201d<\/strong>Orchestra e coro dell\u2019Accademia Nazionale di Santa Cecilia \/ Ailish Tynan, soprano \/ Cristianne Stotijn, contralto \/ Myung-Whun Chung, direttore<\/p>\n<p>Sala Santa Cecilia, Auditorium Parco della Musica &#8211; Viale Pietro de Coubertin 10 &#8211; 00196 Roma<\/p>\n<p><strong>SPECIALE FORUM AUSTRIACO<\/strong>: presentando <a href=\"http:\/\/new.austriacult.roma.it\/wp-content\/uploads\/2014\/01\/nl-carnet-vi-2014.pdf\"><strong>questa newsletter <\/strong><\/a>al botteghino potrai richiedere una riduzione del 10% sui singoli biglietti!<\/p>\n<p>Dopo cinque anni torna sul podio dell&#8217;Orchestra e del Coro di Santa Cecilia Myung-Whun Chung. Un ritorno salutato con immenso entusiasmo e felicit\u00e0 dall&#8217;Orchestra che ha avuto il Maestro Chung come suo Direttore Principale dal 1997 al 2005 e con il quale ha un profondo legame artistico e umano.<!--more--><\/p>\n<p>&#8222;Non farei certo musica sulla mia esperienza vissuta finch\u00e9 la posso riassumere in parole. La mia esigenza di esprimermi musicalmente, sinfonicamente, inizia solo l\u00e0 dove dominano le oscure sensazioni, sulla soglia che conduce all&#8217;altro mondo.&#8220; Cos\u00ec scriveva Gustav Mahler a proposito delle sue <strong>Sinfonie, viaggi interiori <\/strong>in cui egli affronta di volta in volta il tema che gli era pi\u00f9 caro: <strong>l&#8217;enigma dell&#8217;esistenza umana<\/strong>. Il titolo &#8222;<strong>Resurrezione<\/strong>&#8222;, con cui \u00e8 nota la Seconda Sinfonia, viene dall&#8217;ultimo dei cinque movimenti in cui Mahler <strong>esprime il trionfo della vita sulla morte in una lunga, poetica riflessione in musica<\/strong>. Attraverso la musica egli esplora il senso della vita per giungere alla conclusione che <strong>nulla avviene a caso e tutto confluisce nell&#8217;immensit\u00e0 cosmica <\/strong>con la quale l&#8217;uomo si ricongiunge alla fine del suo viaggio terreno. Le struggenti, gigantesche Sinfonie di Mahler sono opere di un compositore che, vissuto a cavallo di due secoli cruciali, l&#8217;Ottocento e Novecento, &#8220; trascorse la sua esistenza, &#8211; come disse Leonard Bernstein &#8211; con il cuore nel passato e lo sguardo rivolto al futuro&#8220;. Se i suoi riferimenti iniziali furono tra gli altri, le Sinfonie di Beethoven, la musica di Weber e Wagner, Mahler dilat\u00f2 la forma ereditata dai suoi predecessori riuscendo a esprimere attraverso la musica l&#8217;intero mondo dei sentimenti.<\/p>\n<p><strong>Myung-Whun Chung<\/strong> (Seul, 22 gennaio 1953) ha iniziato la sua carriera musicale come pianista, debuttando all&#8217;et\u00e0 di 7 anni con la Seul Philharmonic. Nel 1974 ha vinto il secondo premio al concorso pianistico \u010cajkovskij di Mosca. Ha completato gli studi musicali alla Juilliard School di New York e nel 1978 \u00e8 diventato assistente di Carlo Maria Giulini alla Los Angeles Philharmonic e poi direttore associato presso la stessa orchestra. Dal 1984 al 1990 \u00e8 stato direttore musicale dell&#8217;Orchestra della Saarl\u00e4ndischer Rundfunk; dal 1987 al 1992 direttore ospite principale del Teatro Comunale di Firenze; dal 1989 al 1994 direttore musicale dell&#8217;Op\u00e9ra Bastille, dal 1997 al 2005 direttore principale dell&#8217;Orchestra dell&#8217;Accademia Nazionale di Santa Cecilia e nel 1999 della KBS Symphony Orchestra in Corea del Sud. Dal 2000, inoltre, ha assunto la direzione musicale dell&#8217;Orchestre Philharmonique de Radio France fino al 2015, dal 2001 al 2010 \u00e8 Special Artistic Adviser della Tokyo Philharmonic Orchestra della quale dal 2011 \u00e8 Direttore Onorario e dal 2005 della Seoul Philharmonic Orchestra. Dal 2006 collabora costantemente con l&#8217;Orchestra Filarmonica della Scala di Milano. Ha diretto le pi\u00f9 prestigiose orchestre europee e statunitensi, fra cui i Berliner Philharmoniker, il Concertgebouw di Amsterdam, la London Symphony Orchestra e la London Philharmonic, i M\u00fcnchner Philharmoniker, l&#8217;Orchestre National de France e l&#8217;Orchestre de Paris, l&#8217;Orchestra Filarmonica della Scala, i Wiener Philharmoniker, la Boston Symphony Orchestra, la Chicago Symphony Orchestra, la Cleveland Orchestra, la New York Philharmonic e la Philadelphia Orchestra.<br \/>\nArtista esclusivo della Deutsche Grammophon dal 1990, le sue numerose incisioni hanno spesso ricevuto prestigiosi premi e riconoscimenti della critica musicale. La sua discografia include, tra l&#8217;altro, una serie dedicata alla musica sinfonica di Dvo\u0159\u00e1k, realizzata con i Wiener Philharmoniker, ed una dedicata alla musica sacra con l&#8217;Orchestra di Santa Cecilia.<br \/>\nParallelamente alla sua attivit\u00e0 musicale, Myung-Whun Chung \u00e8 impegnato in iniziative di carattere umanitario e di salvaguardia dell&#8217;ambiente. Dal 1992 \u00e8 Ambasciatore per il Drug Control Program alle Nazioni Unite (UNDCP). Nel dicembre 1995 \u00e8 stato nominato Man of the year dall&#8217;UNESCO e nel 1996 il governo della Corea gli ha conferito il Kumkuan, il pi\u00f9 importante riconoscimento in campo culturale del suo paese. Attualmente ha l&#8217;incarico di Ambasciatore onorario per la cultura per la Corea, il primo nella storia del governo del suo paese.<\/p>\n<p><strong>Programma:<\/strong><br \/>\nGustav Mahler Sinfonia n.2 \u201cResurrezione\u201d<\/p>\n<p><\/p>","protected":false},"excerpt":{"rendered":"<p class=\"qtranxs-available-languages-message qtranxs-available-languages-message-de\">Leider ist der Eintrag nur auf <a href=\"https:\/\/www.austriacult.roma.it\/it\/wp-json\/wp\/v2\/tribe_events\/630\" class=\"qtranxs-available-language-link qtranxs-available-language-link-it\" title=\"Italiano\">Italiano<\/a> verf\u00fcgbar. Der Inhalt wird unten in einer verf\u00fcgbaren Sprache angezeigt. Klicken Sie auf den Link, um die aktuelle Sprache zu \u00e4ndern.<\/p>\n<p>Il Forum Austriaco di Cultura Roma consiglia:<\/p>\n<p>3 febbraio 2014 \/ luned\u00ec \/ ore 20.30 e 4 febbraio 2014 \/ marted\u00ec \/ ore 19.30<\/p>\n<p>Carnet Forum Austriaco: Mahler, Sinfonia n.2 \u201cResurrezione\u201dOrchestra e coro dell\u2019Accademia Nazionale di Santa Cecilia \/ Ailish Tynan, soprano \/ Cristianne Stotijn, contralto \/ Myung-Whun Chung, [&#8230;]<\/p>\n","protected":false},"author":2,"featured_media":0,"comment_status":"closed","ping_status":"closed","template":"","meta":{"footnotes":""},"tags":[38],"tribe_events_cat":[3],"class_list":["post-630","tribe_events","type-tribe_events","status-publish","hentry","tag-carnet","tribe_events_cat-musik","cat_musik"],"_links":{"self":[{"href":"https:\/\/www.austriacult.roma.it\/de\/wp-json\/wp\/v2\/tribe_events\/630","targetHints":{"allow":["GET"]}}],"collection":[{"href":"https:\/\/www.austriacult.roma.it\/de\/wp-json\/wp\/v2\/tribe_events"}],"about":[{"href":"https:\/\/www.austriacult.roma.it\/de\/wp-json\/wp\/v2\/types\/tribe_events"}],"author":[{"embeddable":true,"href":"https:\/\/www.austriacult.roma.it\/de\/wp-json\/wp\/v2\/users\/2"}],"replies":[{"embeddable":true,"href":"https:\/\/www.austriacult.roma.it\/de\/wp-json\/wp\/v2\/comments?post=630"}],"version-history":[{"count":0,"href":"https:\/\/www.austriacult.roma.it\/de\/wp-json\/wp\/v2\/tribe_events\/630\/revisions"}],"wp:attachment":[{"href":"https:\/\/www.austriacult.roma.it\/de\/wp-json\/wp\/v2\/media?parent=630"}],"wp:term":[{"taxonomy":"post_tag","embeddable":true,"href":"https:\/\/www.austriacult.roma.it\/de\/wp-json\/wp\/v2\/tags?post=630"},{"taxonomy":"tribe_events_cat","embeddable":true,"href":"https:\/\/www.austriacult.roma.it\/de\/wp-json\/wp\/v2\/tribe_events_cat?post=630"}],"curies":[{"name":"wp","href":"https:\/\/api.w.org\/{rel}","templated":true}]}}

<p></p>
<p>Il Forum Austriaco di Cultura Roma consiglia:</p>
<p>3 febbraio 2014 / lunedì / ore 20.30 e 4 febbraio 2014 / martedì / ore 19.30</p>
<p><strong>Carnet Forum Austriaco: Mahler, Sinfonia n.2 “Resurrezione”</strong>Orchestra e coro dell’Accademia Nazionale di Santa Cecilia / Ailish Tynan, soprano / Cristianne Stotijn, contralto / Myung-Whun Chung, direttore</p>
<p>Sala Santa Cecilia, Auditorium Parco della Musica &#8211; Viale Pietro de Coubertin 10 &#8211; 00196 Roma</p>
<p><strong>SPECIALE FORUM AUSTRIACO</strong>: presentando <a href="http://new.austriacult.roma.it/wp-content/uploads/2014/01/nl-carnet-vi-2014.pdf"><strong>questa newsletter </strong></a>al botteghino potrai richiedere una riduzione del 10% sui singoli biglietti!</p>
<p>Dopo cinque anni torna sul podio dell&#8217;Orchestra e del Coro di Santa Cecilia Myung-Whun Chung. Un ritorno salutato con immenso entusiasmo e felicità dall&#8217;Orchestra che ha avuto il Maestro Chung come suo Direttore Principale dal 1997 al 2005 e con il quale ha un profondo legame artistico e umano.<!--more--></p>
<p>&#8222;Non farei certo musica sulla mia esperienza vissuta finché la posso riassumere in parole. La mia esigenza di esprimermi musicalmente, sinfonicamente, inizia solo là dove dominano le oscure sensazioni, sulla soglia che conduce all&#8217;altro mondo.&#8220; Così scriveva Gustav Mahler a proposito delle sue <strong>Sinfonie, viaggi interiori </strong>in cui egli affronta di volta in volta il tema che gli era più caro: <strong>l&#8217;enigma dell&#8217;esistenza umana</strong>. Il titolo &#8222;<strong>Resurrezione</strong>&#8222;, con cui è nota la Seconda Sinfonia, viene dall&#8217;ultimo dei cinque movimenti in cui Mahler <strong>esprime il trionfo della vita sulla morte in una lunga, poetica riflessione in musica</strong>. Attraverso la musica egli esplora il senso della vita per giungere alla conclusione che <strong>nulla avviene a caso e tutto confluisce nell&#8217;immensità cosmica </strong>con la quale l&#8217;uomo si ricongiunge alla fine del suo viaggio terreno. Le struggenti, gigantesche Sinfonie di Mahler sono opere di un compositore che, vissuto a cavallo di due secoli cruciali, l&#8217;Ottocento e Novecento, &#8220; trascorse la sua esistenza, &#8211; come disse Leonard Bernstein &#8211; con il cuore nel passato e lo sguardo rivolto al futuro&#8220;. Se i suoi riferimenti iniziali furono tra gli altri, le Sinfonie di Beethoven, la musica di Weber e Wagner, Mahler dilatò la forma ereditata dai suoi predecessori riuscendo a esprimere attraverso la musica l&#8217;intero mondo dei sentimenti.</p>
<p><strong>Myung-Whun Chung</strong> (Seul, 22 gennaio 1953) ha iniziato la sua carriera musicale come pianista, debuttando all&#8217;età di 7 anni con la Seul Philharmonic. Nel 1974 ha vinto il secondo premio al concorso pianistico Čajkovskij di Mosca. Ha completato gli studi musicali alla Juilliard School di New York e nel 1978 è diventato assistente di Carlo Maria Giulini alla Los Angeles Philharmonic e poi direttore associato presso la stessa orchestra. Dal 1984 al 1990 è stato direttore musicale dell&#8217;Orchestra della Saarländischer Rundfunk; dal 1987 al 1992 direttore ospite principale del Teatro Comunale di Firenze; dal 1989 al 1994 direttore musicale dell&#8217;Opéra Bastille, dal 1997 al 2005 direttore principale dell&#8217;Orchestra dell&#8217;Accademia Nazionale di Santa Cecilia e nel 1999 della KBS Symphony Orchestra in Corea del Sud. Dal 2000, inoltre, ha assunto la direzione musicale dell&#8217;Orchestre Philharmonique de Radio France fino al 2015, dal 2001 al 2010 è Special Artistic Adviser della Tokyo Philharmonic Orchestra della quale dal 2011 è Direttore Onorario e dal 2005 della Seoul Philharmonic Orchestra. Dal 2006 collabora costantemente con l&#8217;Orchestra Filarmonica della Scala di Milano. Ha diretto le più prestigiose orchestre europee e statunitensi, fra cui i Berliner Philharmoniker, il Concertgebouw di Amsterdam, la London Symphony Orchestra e la London Philharmonic, i Münchner Philharmoniker, l&#8217;Orchestre National de France e l&#8217;Orchestre de Paris, l&#8217;Orchestra Filarmonica della Scala, i Wiener Philharmoniker, la Boston Symphony Orchestra, la Chicago Symphony Orchestra, la Cleveland Orchestra, la New York Philharmonic e la Philadelphia Orchestra.<br />
Artista esclusivo della Deutsche Grammophon dal 1990, le sue numerose incisioni hanno spesso ricevuto prestigiosi premi e riconoscimenti della critica musicale. La sua discografia include, tra l&#8217;altro, una serie dedicata alla musica sinfonica di Dvořák, realizzata con i Wiener Philharmoniker, ed una dedicata alla musica sacra con l&#8217;Orchestra di Santa Cecilia.<br />
Parallelamente alla sua attività musicale, Myung-Whun Chung è impegnato in iniziative di carattere umanitario e di salvaguardia dell&#8217;ambiente. Dal 1992 è Ambasciatore per il Drug Control Program alle Nazioni Unite (UNDCP). Nel dicembre 1995 è stato nominato Man of the year dall&#8217;UNESCO e nel 1996 il governo della Corea gli ha conferito il Kumkuan, il più importante riconoscimento in campo culturale del suo paese. Attualmente ha l&#8217;incarico di Ambasciatore onorario per la cultura per la Corea, il primo nella storia del governo del suo paese.</p>
<p><strong>Programma:</strong><br />
Gustav Mahler Sinfonia n.2 “Resurrezione”</p>
<p></p>

<p class="qtranxs-available-languages-message qtranxs-available-languages-message-de">Leider ist der Eintrag nur auf <a href="https://www.austriacult.roma.it/it/wp-json/wp/v2/tribe_events/630" class="qtranxs-available-language-link qtranxs-available-language-link-it" title="Italiano">Italiano</a> verfügbar. Der Inhalt wird unten in einer verfügbaren Sprache angezeigt. Klicken Sie auf den Link, um die aktuelle Sprache zu ändern.</p>
<p>Il Forum Austriaco di Cultura Roma consiglia:</p>
<p>3 febbraio 2014 / lunedì / ore 20.30 e 4 febbraio 2014 / martedì / ore 19.30</p>
<p>Carnet Forum Austriaco: Mahler, Sinfonia n.2 “Resurrezione”Orchestra e coro dell’Accademia Nazionale di Santa Cecilia / Ailish Tynan, soprano / Cristianne Stotijn, contralto / Myung-Whun Chung, [&#8230;]</p>
