{"id":6293,"date":"2019-06-12T11:19:34","date_gmt":"2019-06-12T09:19:34","guid":{"rendered":"https:\/\/www.austriacult.roma.it\/de\/?post_type=tribe_events&#038;p=6293"},"modified":"2019-07-18T14:35:59","modified_gmt":"2019-07-18T12:35:59","slug":"angelo-film-in-v-o-con-sottotitoli-in-italiano","status":"publish","type":"tribe_events","link":"https:\/\/www.austriacult.roma.it\/de\/veranstaltung\/angelo-film-in-v-o-con-sottotitoli-in-italiano\/","title":{"rendered":"ANGELO &#8211; Einf\u00fchrung durch Alba Rohrwacher und Regisseur Markus Schleinzer"},"content":{"rendered":"<p><\/p>\n<p><strong><span style=\"color: #000000;\">Regie: Markus Schleinzer; mit <\/span><\/strong><strong><span style=\"color: #000000;\">Alba Rohrwacher, Christian Friedel, Michael Rotschopf. AT\/LUX 2018,111\u2019 (in dt. und franz. Originalfassung mit italienischen Untertiteln)<\/span><\/strong><\/p>\n<p><span style=\"color: #ff0000;\"><strong>Kurator Stefano Finesi stellt den Film um 20.30 Uhr im Gespr\u00e4ch mit Schauspielerin Alba Rohrwacher (in der Rolle der Comtesse) und Regisseur Michael Schleinzer vor, anschlie\u00dfend Vorf\u00fchrung.<\/strong><\/span><\/p>\n<p>Im Europa des fr\u00fchen 18. Jahrhundert wird ein junger Knabe, den man aus Afrika verschleppt hat, von einer Comtesse erw\u00e4hlt. Sie l\u00e4sst ihn christlich taufen, verschafft ihm Zugang zu Bildung und Musik und bereitet ihn auf das Leben im Adel vor. Angelo entwickelt sich rasch zu einem Lieblingsornament des Wiener Hofes, aber seine heimliche Eheschlie\u00dfung und ihre Folgen lassen ihn bald an die Grenzen seiner Sehns\u00fcchte sto\u00dfen.\u00a0<br \/>\nDer Film orientiert sich an der Biografie des nach Wien verschleppten\u00a0Angelo Soliman, der als Kammerdiener, Erzieher und Reisebegleiter in den Diensten Wiener Adelsfamilien stand.\u00a0<\/p>\n<p><a href=\"https:\/\/www.austriacult.roma.it\/wp-content\/uploads\/2019\/06\/flyer-aggiornato.pdf\"><span style=\"text-decoration: underline;\"><strong>Sommerkino &#8211; alle Filme<\/strong><\/span><\/a><\/p>\n<p>&nbsp;<\/p>\n<p>&nbsp;<\/p>\n<p>&nbsp;<\/p>\n<p><\/p>","protected":false},"excerpt":{"rendered":"<\/p>\n<p>Regie: Markus Schleinzer; mit Alba Rohrwacher, Christian Friedel, Michael Rotschopf. AT\/LUX 2018,111\u2019 (in dt. und franz. Originalfassung mit italienischen Untertiteln)<\/p>\n<p>Kurator Stefano Finesi stellt den Film um 20.30 Uhr im Gespr\u00e4ch mit Schauspielerin Alba Rohrwacher (in der Rolle der Comtesse) und Regisseur Michael Schleinzer vor, anschlie\u00dfend Vorf\u00fchrung.<\/p>\n<p>Im Europa des fr\u00fchen 18. Jahrhundert wird ein junger Knabe, den man aus Afrika verschleppt hat, von einer Comtesse erw\u00e4hlt. Sie l\u00e4sst ihn christlich taufen, verschafft ihm Zugang zu Bildung und Musik und bereitet ihn [&#8230;]<\/p>\n","protected":false},"author":2,"featured_media":6335,"comment_status":"closed","ping_status":"closed","template":"","meta":{"footnotes":""},"tags":[],"tribe_events_cat":[8],"class_list":["post-6293","tribe_events","type-tribe_events","status-publish","has-post-thumbnail","hentry","tribe_events_cat-kino","cat_kino"],"_links":{"self":[{"href":"https:\/\/www.austriacult.roma.it\/de\/wp-json\/wp\/v2\/tribe_events\/6293","targetHints":{"allow":["GET"]}}],"collection":[{"href":"https:\/\/www.austriacult.roma.it\/de\/wp-json\/wp\/v2\/tribe_events"}],"about":[{"href":"https:\/\/www.austriacult.roma.it\/de\/wp-json\/wp\/v2\/types\/tribe_events"}],"author":[{"embeddable":true,"href":"https:\/\/www.austriacult.roma.it\/de\/wp-json\/wp\/v2\/users\/2"}],"replies":[{"embeddable":true,"href":"https:\/\/www.austriacult.roma.it\/de\/wp-json\/wp\/v2\/comments?post=6293"}],"version-history":[{"count":0,"href":"https:\/\/www.austriacult.roma.it\/de\/wp-json\/wp\/v2\/tribe_events\/6293\/revisions"}],"wp:featuredmedia":[{"embeddable":true,"href":"https:\/\/www.austriacult.roma.it\/de\/wp-json\/wp\/v2\/media\/6335"}],"wp:attachment":[{"href":"https:\/\/www.austriacult.roma.it\/de\/wp-json\/wp\/v2\/media?parent=6293"}],"wp:term":[{"taxonomy":"post_tag","embeddable":true,"href":"https:\/\/www.austriacult.roma.it\/de\/wp-json\/wp\/v2\/tags?post=6293"},{"taxonomy":"tribe_events_cat","embeddable":true,"href":"https:\/\/www.austriacult.roma.it\/de\/wp-json\/wp\/v2\/tribe_events_cat?post=6293"}],"curies":[{"name":"wp","href":"https:\/\/api.w.org\/{rel}","templated":true}]}}

ANGELO &#8211; Einführung durch Alba Rohrwacher und Regisseur Markus Schleinzer

<p></p>
<p><strong><span style="color: #000000;">Regie: Markus Schleinzer; mit </span></strong><strong><span style="color: #000000;">Alba Rohrwacher, Christian Friedel, Michael Rotschopf. AT/LUX 2018,111’ (in dt. und franz. Originalfassung mit italienischen Untertiteln)</span></strong></p>
<p><span style="color: #ff0000;"><strong>Kurator Stefano Finesi stellt den Film um 20.30 Uhr im Gespräch mit Schauspielerin Alba Rohrwacher (in der Rolle der Comtesse) und Regisseur Michael Schleinzer vor, anschließend Vorführung.</strong></span></p>
<p>Im Europa des frühen 18. Jahrhundert wird ein junger Knabe, den man aus Afrika verschleppt hat, von einer Comtesse erwählt. Sie lässt ihn christlich taufen, verschafft ihm Zugang zu Bildung und Musik und bereitet ihn auf das Leben im Adel vor. Angelo entwickelt sich rasch zu einem Lieblingsornament des Wiener Hofes, aber seine heimliche Eheschließung und ihre Folgen lassen ihn bald an die Grenzen seiner Sehnsüchte stoßen. <br />
Der Film orientiert sich an der Biografie des nach Wien verschleppten Angelo Soliman, der als Kammerdiener, Erzieher und Reisebegleiter in den Diensten Wiener Adelsfamilien stand. </p>
<p><a href="https://www.austriacult.roma.it/wp-content/uploads/2019/06/flyer-aggiornato.pdf"><span style="text-decoration: underline;"><strong>Sommerkino &#8211; alle Filme</strong></span></a></p>
<p>&nbsp;</p>
<p>&nbsp;</p>
<p>&nbsp;</p>
<p></p>

</p>
<p>Regie: Markus Schleinzer; mit Alba Rohrwacher, Christian Friedel, Michael Rotschopf. AT/LUX 2018,111’ (in dt. und franz. Originalfassung mit italienischen Untertiteln)</p>
<p>Kurator Stefano Finesi stellt den Film um 20.30 Uhr im Gespräch mit Schauspielerin Alba Rohrwacher (in der Rolle der Comtesse) und Regisseur Michael Schleinzer vor, anschließend Vorführung.</p>
<p>Im Europa des frühen 18. Jahrhundert wird ein junger Knabe, den man aus Afrika verschleppt hat, von einer Comtesse erwählt. Sie lässt ihn christlich taufen, verschafft ihm Zugang zu Bildung und Musik und bereitet ihn [&#8230;]</p>
