{"id":564,"date":"2013-12-19T15:23:53","date_gmt":"2013-12-19T14:23:53","guid":{"rendered":"http:\/\/web.austriacult.roma.it\/de\/?post_type=tribe_events&#038;p=564"},"modified":"2019-09-04T12:45:11","modified_gmt":"2019-09-04T10:45:11","slug":"carnet-forum-austriaco-concerto-per-il-nuovo-anno-musiche-di-strauss-cajkovskij-brahms-lehar-arditi","status":"publish","type":"tribe_events","link":"https:\/\/www.austriacult.roma.it\/de\/veranstaltung\/carnet-forum-austriaco-concerto-per-il-nuovo-anno-musiche-di-strauss-cajkovskij-brahms-lehar-arditi\/","title":{"rendered":"*Carnet Forum Austriaco: Concerto per il nuovo anno &#8211; Musiche di Strauss, \u010cajkovskij, Brahms, Leh\u00e1r, Arditi"},"content":{"rendered":"<p><\/p>\n<p><img decoding=\"async\" class=\"alignnone size-full wp-image-569\" src=\"http:\/\/new.austriacult.roma.it\/wp-content\/uploads\/2013\/12\/rigaud-3-4.jpg\" alt=\"Rigaud 3.4\" \/><img decoding=\"async\" class=\"alignnone size-full wp-image-567\" src=\"http:\/\/new.austriacult.roma.it\/wp-content\/uploads\/2013\/12\/carnet-iv.jpg\" alt=\"Copyright Santa Cecilia\" \/><\/p>\n<p><b>SPECIALE FORUM AUSTRIACO: presentando questa newsletter al botteghino potrai richiedere una riduzione del 10% sui singoli biglietti!<\/b><\/p>\n<p>Sul podio dell&#8217;Orchestra dell&#8217;Accademia Nazionale di Santa Cecilia salir\u00e0 il <b>celebre direttore austriaco Manfred Honeck<\/b>, gi\u00e0 applaudito dal pubblico ceciliano in una memorabile esecuzione dell&#8217;Ottava Sinfonia di Dvo\u0159\u00e1k. E sempre con Dvo\u0159\u00e1k il Maestro Honeck ha appena riscosso un calorosissimo successo alla guida dei Berliner Philharmoniker.<\/p>\n<p>Per i concerti a Santa Cecilia, sulla scia delle feste natalizie, Honeck proporr\u00e0 un programma in gran parte dedicato alle musiche di <b>Johann Strauss jr, suo compositore d&#8217;elezione<\/b>. Accanto alle pagine del &#8222;Re del valzer&#8220; il concerto impaginer\u00e0 anche celebri brani di <b>Brahms, \u010cajkovskij, Lehar, Josef Strauss, Luigi Arditi<\/b>.<!--more--><\/p>\n<p><b>Honeck, fra i pi\u00f9 accreditati interpreti del repertorio austriaco<\/b>, ha esordito nella sua carriera come assistente di Claudio Abbado. Da allora, pur non essendo passati che pochi decenni, Honeck ha inanellato incarichi prestigiosi, che vanno dalla direzione della Staatsoper di Stoccarda alla Gewandhaus di Lipsia, dal Concertgebouw di Amsterdam alla Chicago Symphony. Oggi \u00e8 alla guida della Pittsburgh Symphony Orchestra, e se un anno fa a Roma aveva proposto Mozart e Dvo\u0159\u00e1k, il nuovo appuntamento <b>\u00e8 beneaugurante per un 2014 pi\u00f9 leggero e sereno come le Polke e i Valzer di Johann Strauss, che ci riportano immediatamente all&#8217;atmosfera leggiadra e decadente delle sale da ballo della Vienna fin de si\u00e8cle<\/b> di cui Strauss con le sue composizioni era l&#8217;indiscusso protagonista. Ancora: <b>arie e brani tratti dalla Giuditta e dalla Vedova allegra di Franz Leh\u00e1r<\/b> e la <b>Danza Ungherese n. 5 di Brahms<\/b>. E se proprio una vena di malinconia dovesse attraversare i nostri pensieri, che almeno abbia come sottofondo il <b>Valzer dei fiori dallo Schiaccianoci di \u010cajkovskij<\/b>.<\/p>\n<p><b>\u00a0<\/b><\/p>\n<p><b>\u00a0<\/b><\/p>\n<p><b>Programma:<\/b><\/p>\n<p>Johann Strauss\u00a0\u00a0\u00a0\u00a0\u00a0\u00a0\u00a0\u00a0\u00a0\u00a0\u00a0 Lo Zingaro Barone: Ouverture<\/p>\n<p>Franz Leh\u00e1r\u00a0\u00a0\u00a0\u00a0\u00a0\u00a0\u00a0\u00a0\u00a0\u00a0\u00a0\u00a0\u00a0\u00a0\u00a0\u00a0\u00a0 Giuditta: Le mie labbra che brucian d&#8217;ardor<\/p>\n<p>Johannes Brahms\u00a0\u00a0\u00a0\u00a0\u00a0\u00a0\u00a0\u00a0 Danza Ungherese n. 5<\/p>\n<p>P\u00ebtr Il&#8217;i\u010d \u010cajkovskij\u00a0\u00a0\u00a0\u00a0\u00a0\u00a0 Lo Schiaccianoci: Valzer dei fiori<\/p>\n<p>Franz Leh\u00e1r\u00a0\u00a0\u00a0\u00a0\u00a0\u00a0\u00a0\u00a0\u00a0\u00a0\u00a0\u00a0\u00a0\u00a0\u00a0\u00a0\u00a0 La Vedova Allegra: Vilja Lied<\/p>\n<p>Johann Strauss\u00a0\u00a0\u00a0\u00a0\u00a0\u00a0\u00a0\u00a0\u00a0\u00a0\u00a0 Rose del Sud<\/p>\n<p>Furioso Polka<\/p>\n<p>Il Pipistrello: Ouverture<\/p>\n<p>Josef Strauss\u00a0\u00a0\u00a0\u00a0\u00a0\u00a0\u00a0\u00a0\u00a0\u00a0\u00a0\u00a0\u00a0\u00a0 La Libellula<\/p>\n<p>Luigi Arditi\u00a0\u00a0\u00a0\u00a0\u00a0\u00a0\u00a0\u00a0\u00a0\u00a0\u00a0\u00a0\u00a0\u00a0\u00a0\u00a0\u00a0\u00a0\u00a0 Parla<\/p>\n<p>Johann Strauss\u00a0\u00a0\u00a0\u00a0\u00a0\u00a0\u00a0\u00a0\u00a0\u00a0\u00a0 Sangue Viennese<\/p>\n<p>A caccia!<\/p>\n<p>Nel bosco di Krapfen<\/p>\n<p>Il Pipistrello: &#8222;Spiel ich die Unschuld vom Lande&#8220;<\/p>\n<p><b>\u00a0<\/b><\/p>\n<p><b>\u00a0<\/b><\/p>\n<p><\/p>","protected":false},"excerpt":{"rendered":"<p class=\"qtranxs-available-languages-message qtranxs-available-languages-message-de\">Leider ist der Eintrag nur auf <a href=\"https:\/\/www.austriacult.roma.it\/it\/wp-json\/wp\/v2\/tribe_events\/564\" class=\"qtranxs-available-language-link qtranxs-available-language-link-it\" title=\"Italiano\">Italiano<\/a> verf\u00fcgbar. Der Inhalt wird unten in einer verf\u00fcgbaren Sprache angezeigt. Klicken Sie auf den Link, um die aktuelle Sprache zu \u00e4ndern.<\/p>\n<\/p>\n<p>SPECIALE FORUM AUSTRIACO: presentando questa newsletter al botteghino potrai richiedere una riduzione del 10% sui singoli biglietti!<\/p>\n<p>Sul podio dell&#8217;Orchestra dell&#8217;Accademia Nazionale di Santa Cecilia salir\u00e0 il celebre direttore austriaco Manfred Honeck, gi\u00e0 applaudito dal pubblico ceciliano in una memorabile esecuzione dell&#8217;Ottava Sinfonia di Dvo\u0159\u00e1k. E sempre con [&#8230;]<\/p>\n","protected":false},"author":2,"featured_media":0,"comment_status":"open","ping_status":"closed","template":"","meta":{"footnotes":""},"tags":[38],"tribe_events_cat":[3],"class_list":["post-564","tribe_events","type-tribe_events","status-publish","hentry","tag-carnet","tribe_events_cat-musik","cat_musik"],"_links":{"self":[{"href":"https:\/\/www.austriacult.roma.it\/de\/wp-json\/wp\/v2\/tribe_events\/564","targetHints":{"allow":["GET"]}}],"collection":[{"href":"https:\/\/www.austriacult.roma.it\/de\/wp-json\/wp\/v2\/tribe_events"}],"about":[{"href":"https:\/\/www.austriacult.roma.it\/de\/wp-json\/wp\/v2\/types\/tribe_events"}],"author":[{"embeddable":true,"href":"https:\/\/www.austriacult.roma.it\/de\/wp-json\/wp\/v2\/users\/2"}],"replies":[{"embeddable":true,"href":"https:\/\/www.austriacult.roma.it\/de\/wp-json\/wp\/v2\/comments?post=564"}],"version-history":[{"count":0,"href":"https:\/\/www.austriacult.roma.it\/de\/wp-json\/wp\/v2\/tribe_events\/564\/revisions"}],"wp:attachment":[{"href":"https:\/\/www.austriacult.roma.it\/de\/wp-json\/wp\/v2\/media?parent=564"}],"wp:term":[{"taxonomy":"post_tag","embeddable":true,"href":"https:\/\/www.austriacult.roma.it\/de\/wp-json\/wp\/v2\/tags?post=564"},{"taxonomy":"tribe_events_cat","embeddable":true,"href":"https:\/\/www.austriacult.roma.it\/de\/wp-json\/wp\/v2\/tribe_events_cat?post=564"}],"curies":[{"name":"wp","href":"https:\/\/api.w.org\/{rel}","templated":true}]}}

*Carnet Forum Austriaco: Concerto per il nuovo anno &#8211; Musiche di Strauss, Čajkovskij, Brahms, Lehár, Arditi

<p></p>
<p><img decoding="async" class="alignnone size-full wp-image-569" src="http://new.austriacult.roma.it/wp-content/uploads/2013/12/rigaud-3-4.jpg" alt="Rigaud 3.4" /><img decoding="async" class="alignnone size-full wp-image-567" src="http://new.austriacult.roma.it/wp-content/uploads/2013/12/carnet-iv.jpg" alt="Copyright Santa Cecilia" /></p>
<p><b>SPECIALE FORUM AUSTRIACO: presentando questa newsletter al botteghino potrai richiedere una riduzione del 10% sui singoli biglietti!</b></p>
<p>Sul podio dell&#8217;Orchestra dell&#8217;Accademia Nazionale di Santa Cecilia salirà il <b>celebre direttore austriaco Manfred Honeck</b>, già applaudito dal pubblico ceciliano in una memorabile esecuzione dell&#8217;Ottava Sinfonia di Dvořák. E sempre con Dvořák il Maestro Honeck ha appena riscosso un calorosissimo successo alla guida dei Berliner Philharmoniker.</p>
<p>Per i concerti a Santa Cecilia, sulla scia delle feste natalizie, Honeck proporrà un programma in gran parte dedicato alle musiche di <b>Johann Strauss jr, suo compositore d&#8217;elezione</b>. Accanto alle pagine del &#8222;Re del valzer&#8220; il concerto impaginerà anche celebri brani di <b>Brahms, Čajkovskij, Lehar, Josef Strauss, Luigi Arditi</b>.<!--more--></p>
<p><b>Honeck, fra i più accreditati interpreti del repertorio austriaco</b>, ha esordito nella sua carriera come assistente di Claudio Abbado. Da allora, pur non essendo passati che pochi decenni, Honeck ha inanellato incarichi prestigiosi, che vanno dalla direzione della Staatsoper di Stoccarda alla Gewandhaus di Lipsia, dal Concertgebouw di Amsterdam alla Chicago Symphony. Oggi è alla guida della Pittsburgh Symphony Orchestra, e se un anno fa a Roma aveva proposto Mozart e Dvořák, il nuovo appuntamento <b>è beneaugurante per un 2014 più leggero e sereno come le Polke e i Valzer di Johann Strauss, che ci riportano immediatamente all&#8217;atmosfera leggiadra e decadente delle sale da ballo della Vienna fin de siècle</b> di cui Strauss con le sue composizioni era l&#8217;indiscusso protagonista. Ancora: <b>arie e brani tratti dalla Giuditta e dalla Vedova allegra di Franz Lehár</b> e la <b>Danza Ungherese n. 5 di Brahms</b>. E se proprio una vena di malinconia dovesse attraversare i nostri pensieri, che almeno abbia come sottofondo il <b>Valzer dei fiori dallo Schiaccianoci di Čajkovskij</b>.</p>
<p><b> </b></p>
<p><b> </b></p>
<p><b>Programma:</b></p>
<p>Johann Strauss            Lo Zingaro Barone: Ouverture</p>
<p>Franz Lehár                  Giuditta: Le mie labbra che brucian d&#8217;ardor</p>
<p>Johannes Brahms         Danza Ungherese n. 5</p>
<p>Pëtr Il&#8217;ič Čajkovskij       Lo Schiaccianoci: Valzer dei fiori</p>
<p>Franz Lehár                  La Vedova Allegra: Vilja Lied</p>
<p>Johann Strauss            Rose del Sud</p>
<p>Furioso Polka</p>
<p>Il Pipistrello: Ouverture</p>
<p>Josef Strauss               La Libellula</p>
<p>Luigi Arditi                    Parla</p>
<p>Johann Strauss            Sangue Viennese</p>
<p>A caccia!</p>
<p>Nel bosco di Krapfen</p>
<p>Il Pipistrello: &#8222;Spiel ich die Unschuld vom Lande&#8220;</p>
<p><b> </b></p>
<p><b> </b></p>
<p></p>

<p class="qtranxs-available-languages-message qtranxs-available-languages-message-de">Leider ist der Eintrag nur auf <a href="https://www.austriacult.roma.it/it/wp-json/wp/v2/tribe_events/564" class="qtranxs-available-language-link qtranxs-available-language-link-it" title="Italiano">Italiano</a> verfügbar. Der Inhalt wird unten in einer verfügbaren Sprache angezeigt. Klicken Sie auf den Link, um die aktuelle Sprache zu ändern.</p>
</p>
<p>SPECIALE FORUM AUSTRIACO: presentando questa newsletter al botteghino potrai richiedere una riduzione del 10% sui singoli biglietti!</p>
<p>Sul podio dell&#8217;Orchestra dell&#8217;Accademia Nazionale di Santa Cecilia salirà il celebre direttore austriaco Manfred Honeck, già applaudito dal pubblico ceciliano in una memorabile esecuzione dell&#8217;Ottava Sinfonia di Dvořák. E sempre con [&#8230;]</p>
