{"id":4656,"date":"2017-10-30T11:51:17","date_gmt":"2017-10-30T10:51:17","guid":{"rendered":"http:\/\/new.austriacult.roma.it\/de\/?post_type=tribe_events&#038;p=4656"},"modified":"2017-10-30T15:00:15","modified_gmt":"2017-10-30T14:00:15","slug":"johann-sebastian-bach","status":"publish","type":"tribe_events","link":"https:\/\/www.austriacult.roma.it\/de\/veranstaltung\/johann-sebastian-bach\/","title":{"rendered":"Johann Sebastian Bach"},"content":{"rendered":"<p><strong>SPECIALE FORUM AUSTRIACO DI CULTURA <\/strong><\/p>\n<p><span style=\"color: #ff0000;\"><strong>Ingresso \u2013 Promo 20% &#8211; valido anche per un accompagnatore<\/strong><\/span><\/p>\n<p>&nbsp;<\/p>\n<p>Di <strong>Isabelle Faust<\/strong> il New York Times ha scritto: &#8222;Il suo suono ha passione, grinta ed elettricit\u00e0, ma anche un calore e una dolcezza disarmanti, che possono rivelare l&#8217;intimo lirismo della musica&#8220;. Dopo aver vinto in tenera et\u00e0 i prestigiosi concorsi &#8222;Leopold Mozart&#8220; e &#8222;Paganini&#8220;, Isabelle Faust \u00e8 stata invitata a suonare con le orchestre pi\u00f9 importanti del mondo, tra cui Berliner Philharmoniker, Orchestra of the Age of Enlightenment, Boston Symphony Orchestra e NHK Symphony Orchestra di Tokyo. Ha collaborato con molti grandi direttori ma ha instaurato un intenso rapporto artistico soprattutto con Claudio Abbado. Nel 2012 \u00e8 stata insignita anche del premio &#8222;Abbiati&#8220; della critica musicale italiana. Suona lo Stradivari &#8222;Bella addormentata&#8220; del 1704.<\/p>\n<p>Suo partner in questo concerto \u00e8 <strong>Kristian Bezuidenhout<\/strong> &#8211; uno specialista delle tastiere storiche come il clavicembalo e il fortepiano &#8211; che sta ottenendo crescente e unanime riconoscimento internazionale sia per la sua attivit\u00e0 concertistica che discografica. Sono in programma sei opere di Bach. Insieme eseguiranno la Sonata in sol maggiore per violino e basso continuo BWV 1021 e tre Sonate per violino e clavicembalo BWV 1015, 1016 e 1017. Inoltre la Faust da sola eseguir\u00e0 la Sonata n. 2 in la minore per violino BWV 1003, mentre Bezuidenhout da solo suoner\u00e0 la Toccata in re minore per clavicembalo BWV 913.<\/p>\n<p>&nbsp;<\/p>\n<p><strong>Programma<strong>\u00a0<\/strong><\/strong><\/p>\n<p><strong><em>Johann Sebastian Bach (1685 \u2013 1750)<\/em><\/strong><\/p>\n<p>Sonata in sol maggiore per violino e clavicembalo BWV 1021 Sonata n. 2 in la minore per violino solo BWV 1003 Sonata in mi maggiore per violino e clavicembalo BWV 1016 Sonata in do minore per violino e clavicembalo BWV 1017 Toccata in re minore per clavicembalo BWV 913 Sonata in la maggiore per violino e clavicembalo BWV 1015<\/p>\n<p><em>Biglietti ridotti per il Forum Austriaco di Cultura Roma esibendo il volantino al botteghino<\/em><\/p>\n<p><span style=\"color: #ff0000;\"><a style=\"color: #ff0000;\" href=\"http:\/\/new.austriacult.roma.it\/wp-content\/uploads\/2017\/10\/IUC-Promozione.pdf\">Volantino <\/a><\/span>con riduzione biglietti<\/p>\n","protected":false},"excerpt":{"rendered":"<p>SPECIALE FORUM AUSTRIACO DI CULTURA <\/p>\n<p>Ingresso \u2013 Promo 20% &#8211; valido anche per un accompagnatore<\/p>\n<p>&nbsp;<\/p>\n<p>Di Isabelle Faust il New York Times ha scritto: &#8222;Il suo suono ha passione, grinta ed elettricit\u00e0, ma anche un calore e una dolcezza disarmanti, che possono rivelare l&#8217;intimo lirismo della musica&#8220;. Dopo aver vinto in tenera et\u00e0 i prestigiosi concorsi &#8222;Leopold Mozart&#8220; e &#8222;Paganini&#8220;, Isabelle Faust \u00e8 stata invitata a suonare con le orchestre pi\u00f9 importanti del mondo, tra cui Berliner Philharmoniker, Orchestra of the [&#8230;]<\/p>\n","protected":false},"author":2,"featured_media":4657,"comment_status":"closed","ping_status":"closed","template":"","meta":{"footnotes":""},"tags":[],"tribe_events_cat":[3],"class_list":["post-4656","tribe_events","type-tribe_events","status-publish","has-post-thumbnail","hentry","tribe_events_cat-musik","cat_musik"],"_links":{"self":[{"href":"https:\/\/www.austriacult.roma.it\/de\/wp-json\/wp\/v2\/tribe_events\/4656","targetHints":{"allow":["GET"]}}],"collection":[{"href":"https:\/\/www.austriacult.roma.it\/de\/wp-json\/wp\/v2\/tribe_events"}],"about":[{"href":"https:\/\/www.austriacult.roma.it\/de\/wp-json\/wp\/v2\/types\/tribe_events"}],"author":[{"embeddable":true,"href":"https:\/\/www.austriacult.roma.it\/de\/wp-json\/wp\/v2\/users\/2"}],"replies":[{"embeddable":true,"href":"https:\/\/www.austriacult.roma.it\/de\/wp-json\/wp\/v2\/comments?post=4656"}],"version-history":[{"count":0,"href":"https:\/\/www.austriacult.roma.it\/de\/wp-json\/wp\/v2\/tribe_events\/4656\/revisions"}],"wp:featuredmedia":[{"embeddable":true,"href":"https:\/\/www.austriacult.roma.it\/de\/wp-json\/wp\/v2\/media\/4657"}],"wp:attachment":[{"href":"https:\/\/www.austriacult.roma.it\/de\/wp-json\/wp\/v2\/media?parent=4656"}],"wp:term":[{"taxonomy":"post_tag","embeddable":true,"href":"https:\/\/www.austriacult.roma.it\/de\/wp-json\/wp\/v2\/tags?post=4656"},{"taxonomy":"tribe_events_cat","embeddable":true,"href":"https:\/\/www.austriacult.roma.it\/de\/wp-json\/wp\/v2\/tribe_events_cat?post=4656"}],"curies":[{"name":"wp","href":"https:\/\/api.w.org\/{rel}","templated":true}]}}

<p><strong>SPECIALE FORUM AUSTRIACO DI CULTURA </strong></p>
<p><span style="color: #ff0000;"><strong>Ingresso – Promo 20% &#8211; valido anche per un accompagnatore</strong></span></p>
<p>&nbsp;</p>
<p>Di <strong>Isabelle Faust</strong> il New York Times ha scritto: &#8222;Il suo suono ha passione, grinta ed elettricità, ma anche un calore e una dolcezza disarmanti, che possono rivelare l&#8217;intimo lirismo della musica&#8220;. Dopo aver vinto in tenera età i prestigiosi concorsi &#8222;Leopold Mozart&#8220; e &#8222;Paganini&#8220;, Isabelle Faust è stata invitata a suonare con le orchestre più importanti del mondo, tra cui Berliner Philharmoniker, Orchestra of the Age of Enlightenment, Boston Symphony Orchestra e NHK Symphony Orchestra di Tokyo. Ha collaborato con molti grandi direttori ma ha instaurato un intenso rapporto artistico soprattutto con Claudio Abbado. Nel 2012 è stata insignita anche del premio &#8222;Abbiati&#8220; della critica musicale italiana. Suona lo Stradivari &#8222;Bella addormentata&#8220; del 1704.</p>
<p>Suo partner in questo concerto è <strong>Kristian Bezuidenhout</strong> &#8211; uno specialista delle tastiere storiche come il clavicembalo e il fortepiano &#8211; che sta ottenendo crescente e unanime riconoscimento internazionale sia per la sua attività concertistica che discografica. Sono in programma sei opere di Bach. Insieme eseguiranno la Sonata in sol maggiore per violino e basso continuo BWV 1021 e tre Sonate per violino e clavicembalo BWV 1015, 1016 e 1017. Inoltre la Faust da sola eseguirà la Sonata n. 2 in la minore per violino BWV 1003, mentre Bezuidenhout da solo suonerà la Toccata in re minore per clavicembalo BWV 913.</p>
<p>&nbsp;</p>
<p><strong>Programma<strong> </strong></strong></p>
<p><strong><em>Johann Sebastian Bach (1685 – 1750)</em></strong></p>
<p>Sonata in sol maggiore per violino e clavicembalo BWV 1021 Sonata n. 2 in la minore per violino solo BWV 1003 Sonata in mi maggiore per violino e clavicembalo BWV 1016 Sonata in do minore per violino e clavicembalo BWV 1017 Toccata in re minore per clavicembalo BWV 913 Sonata in la maggiore per violino e clavicembalo BWV 1015</p>
<p><em>Biglietti ridotti per il Forum Austriaco di Cultura Roma esibendo il volantino al botteghino</em></p>
<p><span style="color: #ff0000;"><a style="color: #ff0000;" href="http://new.austriacult.roma.it/wp-content/uploads/2017/10/IUC-Promozione.pdf">Volantino </a></span>con riduzione biglietti</p>

<p>SPECIALE FORUM AUSTRIACO DI CULTURA </p>
<p>Ingresso – Promo 20% &#8211; valido anche per un accompagnatore</p>
<p>&nbsp;</p>
<p>Di Isabelle Faust il New York Times ha scritto: &#8222;Il suo suono ha passione, grinta ed elettricità, ma anche un calore e una dolcezza disarmanti, che possono rivelare l&#8217;intimo lirismo della musica&#8220;. Dopo aver vinto in tenera età i prestigiosi concorsi &#8222;Leopold Mozart&#8220; e &#8222;Paganini&#8220;, Isabelle Faust è stata invitata a suonare con le orchestre più importanti del mondo, tra cui Berliner Philharmoniker, Orchestra of the [&#8230;]</p>
