{"id":3228,"date":"2016-01-19T14:31:33","date_gmt":"2016-01-19T13:31:33","guid":{"rendered":"http:\/\/new.austriacult.roma.it\/de\/?post_type=tribe_events&#038;p=3228"},"modified":"2016-01-19T14:34:03","modified_gmt":"2016-01-19T13:34:03","slug":"katharina-anna-loidl-panopticon-2","status":"publish","type":"tribe_events","link":"https:\/\/www.austriacult.roma.it\/de\/veranstaltung\/katharina-anna-loidl-panopticon-2\/","title":{"rendered":"Katharina Anna Loidl &#8211; PANOPTICON"},"content":{"rendered":"<p style=\"text-align: justify;\">Katharina Anna Loidl espone a Firenze il risultato della propria residenza artistica presso <em>Le Murate<\/em>, centro di produzione artistica e di scambi internazionali ospitato negli spazi restaurati dell\u2019ex carcere di Firenze. Decisivi per la vincita dell\u2019artista austriaca \u201cl\u2019alta qualit\u00e0 del suo percorso artistico e del progetto esposto, pertinente alle finalit\u00e0 del bando e alla specificit\u00e0 del luogo\u201d (direzione artistica <em>Le Murate<\/em>).<\/p>\n<p style=\"text-align: justify;\">Punto di partenza dell\u2019installazione <em>site-specific<\/em> \u00e8 il peculiare assetto architettonico del luogo, che riflette la struttura carceraria ideata dal filosofo e giurista Jeremy Bentham nel 1791: il <em>Panopticon<\/em>. Il termine affonda le proprie radici nella\u00a0mitologia greca, in cui Argo Panoptes, gigante dai cento occhi, era considerato il guardiano per eccellenza. L\u2019ex carcere maschile \u00e8 stato progettato seguendo la planimetria del <em>Panopticon<\/em>, ovvero in modo tale da permettere a un unico sorvegliante di osservare da una torre centrale tutti i detenuti, senza che essi sappiano se in quel momento si trovano o meno sotto gli occhi della guardia carceraria.<\/p>\n<p style=\"text-align: justify;\">Con il proprio progetto artistico, Katharina Loidl attinge a queste\u00a0suggestioni rievocando il concetto di osservazione, traslato in\u00a0termini contemporanei. L\u2019artista austriaca crea un legame tra il <em>Panopticon<\/em> e il controllo\u00a0cui\u00a0quotidianamente ci\u00a0sottoponiamo\u00a0tramite l\u2019uso costante della tecnologia,\u00a0che ci espone costantemente a uno spazio dove\u00a0non esistono confini\u00a0della\u00a0sfera privata. Come\u00a0il carcere,\u00a0il web viene\u00a0percepito quale\u00a0 \u201cluogo altro\u201d, uno spazio nuovo, che Michel Foucault definirebbe eterotopico, in quanto realt\u00e0 che risponde a &#8222;quegli spazi che hanno la particolare caratteristica di essere connessi a tutti gli altri spazi, ma in modo tale da sospendere, neutralizzare o invertire l&#8217;insieme dei rapporti che essi stessi designano, riflettono o rispecchiano&#8220; (Foucault M., <em>Le parole e le cose. Un&#8217;archeologia delle scienze <\/em><em>umane<\/em>, 1963).<\/p>\n<p style=\"text-align: justify;\">\n<p style=\"text-align: justify;\">video dell\u2019inaugurazione: <span style=\"color: #3366ff;\"><a style=\"color: #3366ff;\" href=\"http:\/\/justbeautiful.it\/it\/panopticon-privacy-e-liberta\/\">http:\/\/justbeautiful.it\/it\/panopticon-privacy-e-liberta\/<\/a><\/span><\/p>\n<p style=\"text-align: justify;\">Il progetto \u00e8 realizzato\u00a0con il sostegno della Regione Toscana e del Centro per l\u2019Arte Contemporanea Luigi Pecci nell\u2019ambito del progetto regionale \u201cCantiere Toscana Contemporanea\u201d.<\/p>\n<p style=\"text-align: justify;\">\n<p style=\"text-align: justify;\">\n<p style=\"text-align: justify;\"><strong>Katharina Anna Loidl<\/strong> (1978) laureata con lode nel 2012 alla University of Art &amp; Design Linz (Austria),\u00a0ricercatrice e artista concettuale, dal 2009 realizza installazioni e progetti site-specific combinando\u00a0scultura,\u00a0video e fotografia.\u00a0Premiata con riconoscimenti e produzioni internazionali, Katharina Loidl \u00e8 stata artist-in-residence a Berlino, Marsiglia, Berna (Stadtgalerie) e Algeri, in Indonesia (Sewon Art Space, Yogykarta) e Quebec (Sporobole-Centre en art actuel, Sherbrooke), ed ha realizzato progetti di arte pubblica in Austria. Sue opere sono state acquisite da istituzioni pubbliche e private in Austria e Canada.<\/p>\n<p style=\"text-align: justify;\"><span style=\"color: #3366ff;\"><a style=\"color: #3366ff;\" href=\"http:\/\/lllk.at\/\">http:\/\/lllk.at\/<\/a><\/span><\/p>\n","protected":false},"excerpt":{"rendered":"<p style=\"text-align: justify;\">Katharina Anna Loidl espone a Firenze il risultato della propria residenza artistica presso Le Murate, centro di produzione artistica e di scambi internazionali ospitato negli spazi restaurati dell\u2019ex carcere di Firenze. Decisivi per la vincita dell\u2019artista austriaca \u201cl\u2019alta qualit\u00e0 del suo percorso artistico e del progetto esposto, pertinente alle finalit\u00e0 del bando e alla specificit\u00e0 del luogo\u201d (direzione artistica Le Murate).<\/p>\n<p style=\"text-align: justify;\">Punto di partenza dell\u2019installazione site-specific \u00e8 il peculiare assetto architettonico del luogo, che riflette la struttura [&#8230;]<\/p>\n","protected":false},"author":2,"featured_media":3217,"comment_status":"closed","ping_status":"closed","template":"","meta":{"footnotes":""},"tags":[],"tribe_events_cat":[],"class_list":["post-3228","tribe_events","type-tribe_events","status-publish","has-post-thumbnail","hentry"],"_links":{"self":[{"href":"https:\/\/www.austriacult.roma.it\/de\/wp-json\/wp\/v2\/tribe_events\/3228","targetHints":{"allow":["GET"]}}],"collection":[{"href":"https:\/\/www.austriacult.roma.it\/de\/wp-json\/wp\/v2\/tribe_events"}],"about":[{"href":"https:\/\/www.austriacult.roma.it\/de\/wp-json\/wp\/v2\/types\/tribe_events"}],"author":[{"embeddable":true,"href":"https:\/\/www.austriacult.roma.it\/de\/wp-json\/wp\/v2\/users\/2"}],"replies":[{"embeddable":true,"href":"https:\/\/www.austriacult.roma.it\/de\/wp-json\/wp\/v2\/comments?post=3228"}],"version-history":[{"count":0,"href":"https:\/\/www.austriacult.roma.it\/de\/wp-json\/wp\/v2\/tribe_events\/3228\/revisions"}],"wp:featuredmedia":[{"embeddable":true,"href":"https:\/\/www.austriacult.roma.it\/de\/wp-json\/wp\/v2\/media\/3217"}],"wp:attachment":[{"href":"https:\/\/www.austriacult.roma.it\/de\/wp-json\/wp\/v2\/media?parent=3228"}],"wp:term":[{"taxonomy":"post_tag","embeddable":true,"href":"https:\/\/www.austriacult.roma.it\/de\/wp-json\/wp\/v2\/tags?post=3228"},{"taxonomy":"tribe_events_cat","embeddable":true,"href":"https:\/\/www.austriacult.roma.it\/de\/wp-json\/wp\/v2\/tribe_events_cat?post=3228"}],"curies":[{"name":"wp","href":"https:\/\/api.w.org\/{rel}","templated":true}]}}

<p style="text-align: justify;">Katharina Anna Loidl espone a Firenze il risultato della propria residenza artistica presso <em>Le Murate</em>, centro di produzione artistica e di scambi internazionali ospitato negli spazi restaurati dell’ex carcere di Firenze. Decisivi per la vincita dell’artista austriaca “l’alta qualità del suo percorso artistico e del progetto esposto, pertinente alle finalità del bando e alla specificità del luogo” (direzione artistica <em>Le Murate</em>).</p>
<p style="text-align: justify;">Punto di partenza dell’installazione <em>site-specific</em> è il peculiare assetto architettonico del luogo, che riflette la struttura carceraria ideata dal filosofo e giurista Jeremy Bentham nel 1791: il <em>Panopticon</em>. Il termine affonda le proprie radici nella mitologia greca, in cui Argo Panoptes, gigante dai cento occhi, era considerato il guardiano per eccellenza. L’ex carcere maschile è stato progettato seguendo la planimetria del <em>Panopticon</em>, ovvero in modo tale da permettere a un unico sorvegliante di osservare da una torre centrale tutti i detenuti, senza che essi sappiano se in quel momento si trovano o meno sotto gli occhi della guardia carceraria.</p>
<p style="text-align: justify;">Con il proprio progetto artistico, Katharina Loidl attinge a queste suggestioni rievocando il concetto di osservazione, traslato in termini contemporanei. L’artista austriaca crea un legame tra il <em>Panopticon</em> e il controllo cui quotidianamente ci sottoponiamo tramite l’uso costante della tecnologia, che ci espone costantemente a uno spazio dove non esistono confini della sfera privata. Come il carcere, il web viene percepito quale  “luogo altro”, uno spazio nuovo, che Michel Foucault definirebbe eterotopico, in quanto realtà che risponde a &#8222;quegli spazi che hanno la particolare caratteristica di essere connessi a tutti gli altri spazi, ma in modo tale da sospendere, neutralizzare o invertire l&#8217;insieme dei rapporti che essi stessi designano, riflettono o rispecchiano&#8220; (Foucault M., <em>Le parole e le cose. Un&#8217;archeologia delle scienze </em><em>umane</em>, 1963).</p>
<p style="text-align: justify;">
<p style="text-align: justify;">video dell’inaugurazione: <span style="color: #3366ff;"><a style="color: #3366ff;" href="http://justbeautiful.it/it/panopticon-privacy-e-liberta/">http://justbeautiful.it/it/panopticon-privacy-e-liberta/</a></span></p>
<p style="text-align: justify;">Il progetto è realizzato con il sostegno della Regione Toscana e del Centro per l’Arte Contemporanea Luigi Pecci nell’ambito del progetto regionale “Cantiere Toscana Contemporanea”.</p>
<p style="text-align: justify;">
<p style="text-align: justify;">
<p style="text-align: justify;"><strong>Katharina Anna Loidl</strong> (1978) laureata con lode nel 2012 alla University of Art &amp; Design Linz (Austria), ricercatrice e artista concettuale, dal 2009 realizza installazioni e progetti site-specific combinando scultura, video e fotografia. Premiata con riconoscimenti e produzioni internazionali, Katharina Loidl è stata artist-in-residence a Berlino, Marsiglia, Berna (Stadtgalerie) e Algeri, in Indonesia (Sewon Art Space, Yogykarta) e Quebec (Sporobole-Centre en art actuel, Sherbrooke), ed ha realizzato progetti di arte pubblica in Austria. Sue opere sono state acquisite da istituzioni pubbliche e private in Austria e Canada.</p>
<p style="text-align: justify;"><span style="color: #3366ff;"><a style="color: #3366ff;" href="http://lllk.at/">http://lllk.at/</a></span></p>

<p style="text-align: justify;">Katharina Anna Loidl espone a Firenze il risultato della propria residenza artistica presso Le Murate, centro di produzione artistica e di scambi internazionali ospitato negli spazi restaurati dell’ex carcere di Firenze. Decisivi per la vincita dell’artista austriaca “l’alta qualità del suo percorso artistico e del progetto esposto, pertinente alle finalità del bando e alla specificità del luogo” (direzione artistica Le Murate).</p>
<p style="text-align: justify;">Punto di partenza dell’installazione site-specific è il peculiare assetto architettonico del luogo, che riflette la struttura [&#8230;]</p>
