{"id":3167,"date":"2015-12-14T12:18:26","date_gmt":"2015-12-14T11:18:26","guid":{"rendered":"http:\/\/new.austriacult.roma.it\/de\/?post_type=tribe_events&#038;p=3167"},"modified":"2016-02-04T10:48:49","modified_gmt":"2016-02-04T09:48:49","slug":"sabine-gruber","status":"publish","type":"tribe_events","link":"https:\/\/www.austriacult.roma.it\/de\/veranstaltung\/sabine-gruber\/","title":{"rendered":"Sabine Gruber-incontro con l\u2019autrice"},"content":{"rendered":"<p style=\"text-align: justify;\">Gioved\u00ec 25 febbraio, alle ore 15.00, seguir\u00e0 un secondo appuntamento presso il Dipartimento di Lingue, Letterature e Culture Straniere dell\u2019universit\u00e0 di Roma Tre (Via del Valco di San Paolo 19, Roma).<\/p>\n<p><strong>modera<\/strong><\/p>\n<p><strong>Francesco Fiorentino,<\/strong> Professore di Letteratura tedesca all\u2019Universit\u00e0 Roma Tre<\/p>\n<p style=\"text-align: justify;\">\u201cTra le voci pi\u00f9 incisive di una letteratura che racconta di una terra di confine e di un&#8217;identit\u00e0 da ricostruire, Sabine Gruber ha scritto un grande romanzo in cui, dall&#8217;Alto Adige a Roma, il privato s&#8217;innesta nella Storia. Alla ricerca di una verit\u00e0, rivelando crimini e tradimenti, racconta l&#8217;intreccio tra i destini individuali e la politica, a volte cos\u00ec potente da determinare la felicit\u00e0, l&#8217;amore, e la nostalgia, di ognuno di noi.\u201d Cos\u00ec la casa editrice italiana presenta al pubblico \u201cStillbach o della nostalgia\u201d, il romanzo scelto a inaugurare la collana che Marsilio editore dedica ai migliori autori italiani di lingua tedesca.<\/p>\n<p style=\"text-align: justify;\">Sabine Gruber disegna una scena dedicata alle donne: Emma Manente, partita da Stillbach negli anni \u201830 e mai pi\u00f9 tornata, Ines, arrivata a Roma alla fine degli anni \u201870 e andata a lavorare nell\u2019albergo dei Manente, e la sua amica Clara, in viaggio per Roma in seguito alla morte improvvisa di Ines. Clara nel 2009, Ines nel 1978 ed Emma nel 1943, sono questi i tre filoni che si inseguono e si sovrappongono nel romanzo, dando forma a una vicenda che si sviluppa parallelamente a momenti decisivi nella storia d\u2019Italia: l\u2019attentato di via Rasella, le Fosse Ardeatine, le Brigate Rosse, l\u2019assassinio di Aldo Moro. Un romanzo nel romanzo, che racconta di identit\u00e0 e patria.<\/p>\n<p style=\"text-align: justify;\">Il romanzo, uscito nel 2011 in tedesco e nel 2014 in italiano, riceve ottime critiche in entrambi gli ambiti culturali. Il quotidiano tedesco <em>Frankfurter Allgemeine Zeitung<\/em> segnala Sabine Gruber tra gli scrittori di area austriaca \u201cdi maggiore talento dai tempi di Elfriede Jelinek\u201d. Claudio Magris commenta cos\u00ec per il <em>Corriere della Sera<\/em> \u201cC&#8217;\u00e8 un Alto Adige di lingua tedesca culturalmente aperto, che ha avuto una assai notevole letteratura, da Franz Tumler alla recente e molto interessante Sabine Gruber&#8220;.<\/p>\n<p style=\"text-align: justify;\">Il <em>Vereinigten B\u00fchnen Bozen<\/em> ne fa un lavoro teatrale che debutta il 21 febbraio 2015 al Teatro Comunale di Bolzano; la regia \u00e8 affidata a Petra Luisa Meyer e la drammaturgia \u00e8 di Ina Tartler.<strong>\u00a0<\/strong><\/p>\n<p style=\"text-align: justify;\"><strong>Sabine Gruber<\/strong> (1963) nasce a Merano e studia Germanistica, Letteratura e Scienze Politiche a Innsbruck e a Vienna. Dal 1988 al 1992 \u00e8 lettrice all&#8217;Universit\u00e0 Ca\u2019 Foscari Venezia. Dal 2000 \u00e8 docente di lettere, vive oggi a Vienna. Autrice di prosa, poesia e teatro, ha ottenuto prestigiosi riconoscimenti letterari e si \u00e8 conquistata una solida fama di scrittrice a livello internazionale.<\/p>\n<p style=\"text-align: justify;\"><span style=\"color: #0000ff;\"><a style=\"color: #0000ff;\" href=\"http:\/\/www.sabinegruber.at\/\">http:\/\/www.sabinegruber.at\/<\/a><strong>\u00a0<\/strong><\/span><\/p>\n<p style=\"text-align: justify;\"><strong>Francesco Fiorentino<\/strong> insegna letteratura tedesca all\u2019Universit\u00e0 Roma Tre. Si occupa soprattutto di letteratura e teatro tedesco del Novecento, nonch\u00e9 di questioni riguardanti gli studi culturali e la teoria letteraria, in particolare il rapporto tra geografia e letteratura. \u00c8 autore di <em>La sentinella perduta. Ernst J\u00fcnger e la Grande Guerra e La letteratura della Svizzera tedesca<\/em>. Ha curato, tra l\u2019altro, l\u2019<em>Atlante della letteratura tedesca<\/em>.<\/p>\n<p style=\"text-align: justify;\"><strong>Per le proprie manifestazioni il Forum Austriaco di Cultura Roma si avvale di un servizio di vigilanza, che provvede a un controllo di sicurezza all\u2019ingresso. L\u2019ingresso alle manifestazioni \u00e8 consentito a partire da un\u2019ora prima dell\u2019inizio della manifestazione.<\/strong><\/p>\n<p style=\"text-align: justify;\"><strong>Durante le manifestazioni del Forum Austriaco di Cultura Roma, gli organizzatori produrranno materiale foto e\/o video che potr\u00e0 essere utilizzato dall\u2019istituto.<\/strong><\/p>\n<p>&nbsp;<\/p>\n<p>&nbsp;<\/p>\n","protected":false},"excerpt":{"rendered":"<p style=\"text-align: justify;\">Gioved\u00ec 25 febbraio, alle ore 15.00, seguir\u00e0 un secondo appuntamento presso il Dipartimento di Lingue, Letterature e Culture Straniere dell\u2019universit\u00e0 di Roma Tre (Via del Valco di San Paolo 19, Roma).<\/p>\n<p>modera<\/p>\n<p>Francesco Fiorentino, Professore di Letteratura tedesca all\u2019Universit\u00e0 Roma Tre<\/p>\n<p style=\"text-align: justify;\">\u201cTra le voci pi\u00f9 incisive di una letteratura che racconta di una terra di confine e di un&#8217;identit\u00e0 da ricostruire, Sabine Gruber ha scritto un grande romanzo in cui, dall&#8217;Alto Adige a Roma, il privato s&#8217;innesta nella Storia. [&#8230;]<\/p>\n","protected":false},"author":2,"featured_media":0,"comment_status":"closed","ping_status":"closed","template":"","meta":{"footnotes":""},"tags":[],"tribe_events_cat":[4],"class_list":["post-3167","tribe_events","type-tribe_events","status-publish","hentry","tribe_events_cat-literatur","cat_literatur"],"_links":{"self":[{"href":"https:\/\/www.austriacult.roma.it\/de\/wp-json\/wp\/v2\/tribe_events\/3167","targetHints":{"allow":["GET"]}}],"collection":[{"href":"https:\/\/www.austriacult.roma.it\/de\/wp-json\/wp\/v2\/tribe_events"}],"about":[{"href":"https:\/\/www.austriacult.roma.it\/de\/wp-json\/wp\/v2\/types\/tribe_events"}],"author":[{"embeddable":true,"href":"https:\/\/www.austriacult.roma.it\/de\/wp-json\/wp\/v2\/users\/2"}],"replies":[{"embeddable":true,"href":"https:\/\/www.austriacult.roma.it\/de\/wp-json\/wp\/v2\/comments?post=3167"}],"version-history":[{"count":0,"href":"https:\/\/www.austriacult.roma.it\/de\/wp-json\/wp\/v2\/tribe_events\/3167\/revisions"}],"wp:attachment":[{"href":"https:\/\/www.austriacult.roma.it\/de\/wp-json\/wp\/v2\/media?parent=3167"}],"wp:term":[{"taxonomy":"post_tag","embeddable":true,"href":"https:\/\/www.austriacult.roma.it\/de\/wp-json\/wp\/v2\/tags?post=3167"},{"taxonomy":"tribe_events_cat","embeddable":true,"href":"https:\/\/www.austriacult.roma.it\/de\/wp-json\/wp\/v2\/tribe_events_cat?post=3167"}],"curies":[{"name":"wp","href":"https:\/\/api.w.org\/{rel}","templated":true}]}}

<p style="text-align: justify;">Giovedì 25 febbraio, alle ore 15.00, seguirà un secondo appuntamento presso il Dipartimento di Lingue, Letterature e Culture Straniere dell’università di Roma Tre (Via del Valco di San Paolo 19, Roma).</p>
<p><strong>modera</strong></p>
<p><strong>Francesco Fiorentino,</strong> Professore di Letteratura tedesca all’Università Roma Tre</p>
<p style="text-align: justify;">“Tra le voci più incisive di una letteratura che racconta di una terra di confine e di un&#8217;identità da ricostruire, Sabine Gruber ha scritto un grande romanzo in cui, dall&#8217;Alto Adige a Roma, il privato s&#8217;innesta nella Storia. Alla ricerca di una verità, rivelando crimini e tradimenti, racconta l&#8217;intreccio tra i destini individuali e la politica, a volte così potente da determinare la felicità, l&#8217;amore, e la nostalgia, di ognuno di noi.” Così la casa editrice italiana presenta al pubblico “Stillbach o della nostalgia”, il romanzo scelto a inaugurare la collana che Marsilio editore dedica ai migliori autori italiani di lingua tedesca.</p>
<p style="text-align: justify;">Sabine Gruber disegna una scena dedicata alle donne: Emma Manente, partita da Stillbach negli anni ‘30 e mai più tornata, Ines, arrivata a Roma alla fine degli anni ‘70 e andata a lavorare nell’albergo dei Manente, e la sua amica Clara, in viaggio per Roma in seguito alla morte improvvisa di Ines. Clara nel 2009, Ines nel 1978 ed Emma nel 1943, sono questi i tre filoni che si inseguono e si sovrappongono nel romanzo, dando forma a una vicenda che si sviluppa parallelamente a momenti decisivi nella storia d’Italia: l’attentato di via Rasella, le Fosse Ardeatine, le Brigate Rosse, l’assassinio di Aldo Moro. Un romanzo nel romanzo, che racconta di identità e patria.</p>
<p style="text-align: justify;">Il romanzo, uscito nel 2011 in tedesco e nel 2014 in italiano, riceve ottime critiche in entrambi gli ambiti culturali. Il quotidiano tedesco <em>Frankfurter Allgemeine Zeitung</em> segnala Sabine Gruber tra gli scrittori di area austriaca “di maggiore talento dai tempi di Elfriede Jelinek”. Claudio Magris commenta così per il <em>Corriere della Sera</em> “C&#8217;è un Alto Adige di lingua tedesca culturalmente aperto, che ha avuto una assai notevole letteratura, da Franz Tumler alla recente e molto interessante Sabine Gruber&#8220;.</p>
<p style="text-align: justify;">Il <em>Vereinigten Bühnen Bozen</em> ne fa un lavoro teatrale che debutta il 21 febbraio 2015 al Teatro Comunale di Bolzano; la regia è affidata a Petra Luisa Meyer e la drammaturgia è di Ina Tartler.<strong> </strong></p>
<p style="text-align: justify;"><strong>Sabine Gruber</strong> (1963) nasce a Merano e studia Germanistica, Letteratura e Scienze Politiche a Innsbruck e a Vienna. Dal 1988 al 1992 è lettrice all&#8217;Università Ca’ Foscari Venezia. Dal 2000 è docente di lettere, vive oggi a Vienna. Autrice di prosa, poesia e teatro, ha ottenuto prestigiosi riconoscimenti letterari e si è conquistata una solida fama di scrittrice a livello internazionale.</p>
<p style="text-align: justify;"><span style="color: #0000ff;"><a style="color: #0000ff;" href="http://www.sabinegruber.at/">http://www.sabinegruber.at/</a><strong> </strong></span></p>
<p style="text-align: justify;"><strong>Francesco Fiorentino</strong> insegna letteratura tedesca all’Università Roma Tre. Si occupa soprattutto di letteratura e teatro tedesco del Novecento, nonché di questioni riguardanti gli studi culturali e la teoria letteraria, in particolare il rapporto tra geografia e letteratura. È autore di <em>La sentinella perduta. Ernst Jünger e la Grande Guerra e La letteratura della Svizzera tedesca</em>. Ha curato, tra l’altro, l’<em>Atlante della letteratura tedesca</em>.</p>
<p style="text-align: justify;"><strong>Per le proprie manifestazioni il Forum Austriaco di Cultura Roma si avvale di un servizio di vigilanza, che provvede a un controllo di sicurezza all’ingresso. L’ingresso alle manifestazioni è consentito a partire da un’ora prima dell’inizio della manifestazione.</strong></p>
<p style="text-align: justify;"><strong>Durante le manifestazioni del Forum Austriaco di Cultura Roma, gli organizzatori produrranno materiale foto e/o video che potrà essere utilizzato dall’istituto.</strong></p>
<p>&nbsp;</p>
<p>&nbsp;</p>

<p style="text-align: justify;">Giovedì 25 febbraio, alle ore 15.00, seguirà un secondo appuntamento presso il Dipartimento di Lingue, Letterature e Culture Straniere dell’università di Roma Tre (Via del Valco di San Paolo 19, Roma).</p>
<p>modera</p>
<p>Francesco Fiorentino, Professore di Letteratura tedesca all’Università Roma Tre</p>
<p style="text-align: justify;">“Tra le voci più incisive di una letteratura che racconta di una terra di confine e di un&#8217;identità da ricostruire, Sabine Gruber ha scritto un grande romanzo in cui, dall&#8217;Alto Adige a Roma, il privato s&#8217;innesta nella Storia. [&#8230;]</p>
