{"id":3160,"date":"2015-11-26T15:01:55","date_gmt":"2015-11-26T14:01:55","guid":{"rendered":"http:\/\/new.austriacult.roma.it\/de\/?post_type=tribe_events&#038;p=3160"},"modified":"2015-11-30T11:36:48","modified_gmt":"2015-11-30T10:36:48","slug":"piu-libri-piu-liberi-il-ruolo-e-la-responsabilita-dello-scrittore-di-fronte-ai-grandi-mutamenti-sociali-contemporanei","status":"publish","type":"tribe_events","link":"https:\/\/www.austriacult.roma.it\/de\/veranstaltung\/piu-libri-piu-liberi-il-ruolo-e-la-responsabilita-dello-scrittore-di-fronte-ai-grandi-mutamenti-sociali-contemporanei\/","title":{"rendered":"Pi\u00f9 libri pi\u00f9 liberi: Il ruolo e la responsabilit\u00e0 dello scrittore di fronte ai grandi mutamenti sociali contemporanei"},"content":{"rendered":"<p>Dopo la partita fra le nazionali di calcio degli scrittori austriaci e italiani, Egyd Gst\u00e4ttner, Hannes Werthner, Fabio Geda e Carlo Grande intervengono alla discussione sul ruolo e sulla responsabilit\u00e0 dello scrittore di fronte ai grandi mutamenti sociali contemporanei, affrontando il tema attuale della persistente ondata di profughi. L\u2019incontro si terr\u00e0 alle ore 19.00 presso il caff\u00e8 letterario del Palazzo dei Congressi, coordina Christiana Ruggeri. A cura dell\u2019Osvaldo Soriano FC &#8211; Nazionale Italiana Scrittori.<\/p>\n<p>Per informazioni aggiornate <span style=\"color: #0000ff;\"><a style=\"color: #0000ff;\" href=\"http:\/\/www.piulibripiuliberi.it\/\">http:\/\/www.piulibripiuliberi.it\/<\/a><\/span><\/p>\n","protected":false},"excerpt":{"rendered":"<p>Dopo la partita fra le nazionali di calcio degli scrittori austriaci e italiani, Egyd Gst\u00e4ttner, Hannes Werthner, Fabio Geda e Carlo Grande intervengono alla discussione sul ruolo e sulla responsabilit\u00e0 dello scrittore di fronte ai grandi mutamenti sociali contemporanei, affrontando il tema attuale della persistente ondata di profughi. L\u2019incontro si terr\u00e0 alle ore 19.00 presso il caff\u00e8 letterario del Palazzo dei Congressi, coordina Christiana Ruggeri. A cura dell\u2019Osvaldo Soriano FC &#8211; Nazionale Italiana Scrittori.<\/p>\n<p>Per informazioni aggiornate <a style=\"color: #0000ff;\" href=\"http:\/\/www.piulibripiuliberi.it\/\">http:\/\/www.piulibripiuliberi.it\/<\/a><\/p>\n","protected":false},"author":2,"featured_media":0,"comment_status":"closed","ping_status":"closed","template":"","meta":{"footnotes":""},"tags":[],"tribe_events_cat":[],"class_list":["post-3160","tribe_events","type-tribe_events","status-publish","hentry"],"_links":{"self":[{"href":"https:\/\/www.austriacult.roma.it\/de\/wp-json\/wp\/v2\/tribe_events\/3160","targetHints":{"allow":["GET"]}}],"collection":[{"href":"https:\/\/www.austriacult.roma.it\/de\/wp-json\/wp\/v2\/tribe_events"}],"about":[{"href":"https:\/\/www.austriacult.roma.it\/de\/wp-json\/wp\/v2\/types\/tribe_events"}],"author":[{"embeddable":true,"href":"https:\/\/www.austriacult.roma.it\/de\/wp-json\/wp\/v2\/users\/2"}],"replies":[{"embeddable":true,"href":"https:\/\/www.austriacult.roma.it\/de\/wp-json\/wp\/v2\/comments?post=3160"}],"version-history":[{"count":0,"href":"https:\/\/www.austriacult.roma.it\/de\/wp-json\/wp\/v2\/tribe_events\/3160\/revisions"}],"wp:attachment":[{"href":"https:\/\/www.austriacult.roma.it\/de\/wp-json\/wp\/v2\/media?parent=3160"}],"wp:term":[{"taxonomy":"post_tag","embeddable":true,"href":"https:\/\/www.austriacult.roma.it\/de\/wp-json\/wp\/v2\/tags?post=3160"},{"taxonomy":"tribe_events_cat","embeddable":true,"href":"https:\/\/www.austriacult.roma.it\/de\/wp-json\/wp\/v2\/tribe_events_cat?post=3160"}],"curies":[{"name":"wp","href":"https:\/\/api.w.org\/{rel}","templated":true}]}}

Più libri più liberi: Il ruolo e la responsabilità dello scrittore di fronte ai grandi mutamenti sociali contemporanei

<p>Dopo la partita fra le nazionali di calcio degli scrittori austriaci e italiani, Egyd Gstättner, Hannes Werthner, Fabio Geda e Carlo Grande intervengono alla discussione sul ruolo e sulla responsabilità dello scrittore di fronte ai grandi mutamenti sociali contemporanei, affrontando il tema attuale della persistente ondata di profughi. L’incontro si terrà alle ore 19.00 presso il caffè letterario del Palazzo dei Congressi, coordina Christiana Ruggeri. A cura dell’Osvaldo Soriano FC &#8211; Nazionale Italiana Scrittori.</p>
<p>Per informazioni aggiornate <span style="color: #0000ff;"><a style="color: #0000ff;" href="http://www.piulibripiuliberi.it/">http://www.piulibripiuliberi.it/</a></span></p>

<p>Dopo la partita fra le nazionali di calcio degli scrittori austriaci e italiani, Egyd Gstättner, Hannes Werthner, Fabio Geda e Carlo Grande intervengono alla discussione sul ruolo e sulla responsabilità dello scrittore di fronte ai grandi mutamenti sociali contemporanei, affrontando il tema attuale della persistente ondata di profughi. L’incontro si terrà alle ore 19.00 presso il caffè letterario del Palazzo dei Congressi, coordina Christiana Ruggeri. A cura dell’Osvaldo Soriano FC &#8211; Nazionale Italiana Scrittori.</p>
<p>Per informazioni aggiornate <a style="color: #0000ff;" href="http://www.piulibripiuliberi.it/">http://www.piulibripiuliberi.it/</a></p>
