{"id":3157,"date":"2015-11-26T14:57:58","date_gmt":"2015-11-26T13:57:58","guid":{"rendered":"http:\/\/new.austriacult.roma.it\/de\/?post_type=tribe_events&#038;p=3157"},"modified":"2015-12-01T10:32:27","modified_gmt":"2015-12-01T09:32:27","slug":"nazionale-scrittori-partita-di-calcio-italia-austria","status":"publish","type":"tribe_events","link":"https:\/\/www.austriacult.roma.it\/de\/veranstaltung\/nazionale-scrittori-partita-di-calcio-italia-austria\/","title":{"rendered":"nazionale scrittori: partita di calcio Italia &#8211; Austria"},"content":{"rendered":"<p><span style=\"text-decoration: underline;\"><strong>ore 10.30<\/strong><\/span><\/p>\n<p>Nell\u2019ambito dell\u2019annuale edizione della Fiera Nazionale della Piccola e Media Editoria <em>Pi\u00f9 libri pi\u00f9 liberi<\/em>, il 5 dicembre si svolger\u00e0 la partita di calcio fra la nazionale scrittori austriaca e quella italiana.<\/p>\n<p>In campo per la squadra austriaca: Martin Amanshauser, Clemens Berger, Egyd Gst\u00e4ttner,\u00a0Wolfgang Ilkerl, Willy Kaipel,\u00a0Christian K\u00f6ssler,\u00a0Hans Krameritsch,\u00a0Andi Leikauf,\u00a0Kurt Leutgeb,\u00a0Rudi Lindorfer,\u00a0Paul Pechmann,\u00a0Thomas P\u00f6ltl,\u00a0Thomas Schafferer,\u00a0G\u00fcnther Stocker,\u00a0Oliver Wenninger e Hannes Werthner. In formazione per l\u2019Italia: Stefano Lazzarini, Marco Cassardo, Fabio Geda, Giampaolo Simi, Marco Mathieu, Luigi Sardiello, Walter Lazzarin, Emmanuele Bianco, Emiliano Sbaraglia, Gianluca Lombardi D&#8217;Acquino, Dino Giarrusso, Emiliano Zannoni, Marco Bernini, Carlo Grande, Francesco Trento, Emiliano Audisio, Carlo D\u2019Amicis e Nicola Boccola.<\/p>\n<p>Alle ore 19.00 della stessa giornata, Egyd Gst\u00e4ttner, Hannes Werthner, Fabio Geda e Carlo Grande, si incontreranno al caff\u00e8 letterario del Palazzo dei Congressi per discutere sul suolo e sulla responsabilit\u00e0 dello scrittore di fronte ai grandi mutamenti sociali contemporanei.<\/p>\n","protected":false},"excerpt":{"rendered":"<p>ore 10.30<\/p>\n<p>Nell\u2019ambito dell\u2019annuale edizione della Fiera Nazionale della Piccola e Media Editoria Pi\u00f9 libri pi\u00f9 liberi, il 5 dicembre si svolger\u00e0 la partita di calcio fra la nazionale scrittori austriaca e quella italiana.<\/p>\n<p>In campo per la squadra austriaca: Martin Amanshauser, Clemens Berger, Egyd Gst\u00e4ttner,\u00a0Wolfgang Ilkerl, Willy Kaipel,\u00a0Christian K\u00f6ssler,\u00a0Hans Krameritsch,\u00a0Andi Leikauf,\u00a0Kurt Leutgeb,\u00a0Rudi Lindorfer,\u00a0Paul Pechmann,\u00a0Thomas P\u00f6ltl,\u00a0Thomas Schafferer,\u00a0G\u00fcnther Stocker,\u00a0Oliver Wenninger e Hannes Werthner. In formazione per l\u2019Italia: Stefano Lazzarini, Marco Cassardo, Fabio Geda, Giampaolo Simi, Marco Mathieu, Luigi Sardiello, Walter Lazzarin, Emmanuele Bianco, [&#8230;]<\/p>\n","protected":false},"author":2,"featured_media":3165,"comment_status":"closed","ping_status":"closed","template":"","meta":{"footnotes":""},"tags":[],"tribe_events_cat":[],"class_list":["post-3157","tribe_events","type-tribe_events","status-publish","has-post-thumbnail","hentry"],"_links":{"self":[{"href":"https:\/\/www.austriacult.roma.it\/de\/wp-json\/wp\/v2\/tribe_events\/3157","targetHints":{"allow":["GET"]}}],"collection":[{"href":"https:\/\/www.austriacult.roma.it\/de\/wp-json\/wp\/v2\/tribe_events"}],"about":[{"href":"https:\/\/www.austriacult.roma.it\/de\/wp-json\/wp\/v2\/types\/tribe_events"}],"author":[{"embeddable":true,"href":"https:\/\/www.austriacult.roma.it\/de\/wp-json\/wp\/v2\/users\/2"}],"replies":[{"embeddable":true,"href":"https:\/\/www.austriacult.roma.it\/de\/wp-json\/wp\/v2\/comments?post=3157"}],"version-history":[{"count":0,"href":"https:\/\/www.austriacult.roma.it\/de\/wp-json\/wp\/v2\/tribe_events\/3157\/revisions"}],"wp:featuredmedia":[{"embeddable":true,"href":"https:\/\/www.austriacult.roma.it\/de\/wp-json\/wp\/v2\/media\/3165"}],"wp:attachment":[{"href":"https:\/\/www.austriacult.roma.it\/de\/wp-json\/wp\/v2\/media?parent=3157"}],"wp:term":[{"taxonomy":"post_tag","embeddable":true,"href":"https:\/\/www.austriacult.roma.it\/de\/wp-json\/wp\/v2\/tags?post=3157"},{"taxonomy":"tribe_events_cat","embeddable":true,"href":"https:\/\/www.austriacult.roma.it\/de\/wp-json\/wp\/v2\/tribe_events_cat?post=3157"}],"curies":[{"name":"wp","href":"https:\/\/api.w.org\/{rel}","templated":true}]}}

<p><span style="text-decoration: underline;"><strong>ore 10.30</strong></span></p>
<p>Nell’ambito dell’annuale edizione della Fiera Nazionale della Piccola e Media Editoria <em>Più libri più liberi</em>, il 5 dicembre si svolgerà la partita di calcio fra la nazionale scrittori austriaca e quella italiana.</p>
<p>In campo per la squadra austriaca: Martin Amanshauser, Clemens Berger, Egyd Gstättner, Wolfgang Ilkerl, Willy Kaipel, Christian Kössler, Hans Krameritsch, Andi Leikauf, Kurt Leutgeb, Rudi Lindorfer, Paul Pechmann, Thomas Pöltl, Thomas Schafferer, Günther Stocker, Oliver Wenninger e Hannes Werthner. In formazione per l’Italia: Stefano Lazzarini, Marco Cassardo, Fabio Geda, Giampaolo Simi, Marco Mathieu, Luigi Sardiello, Walter Lazzarin, Emmanuele Bianco, Emiliano Sbaraglia, Gianluca Lombardi D&#8217;Acquino, Dino Giarrusso, Emiliano Zannoni, Marco Bernini, Carlo Grande, Francesco Trento, Emiliano Audisio, Carlo D’Amicis e Nicola Boccola.</p>
<p>Alle ore 19.00 della stessa giornata, Egyd Gstättner, Hannes Werthner, Fabio Geda e Carlo Grande, si incontreranno al caffè letterario del Palazzo dei Congressi per discutere sul suolo e sulla responsabilità dello scrittore di fronte ai grandi mutamenti sociali contemporanei.</p>

<p>ore 10.30</p>
<p>Nell’ambito dell’annuale edizione della Fiera Nazionale della Piccola e Media Editoria Più libri più liberi, il 5 dicembre si svolgerà la partita di calcio fra la nazionale scrittori austriaca e quella italiana.</p>
<p>In campo per la squadra austriaca: Martin Amanshauser, Clemens Berger, Egyd Gstättner, Wolfgang Ilkerl, Willy Kaipel, Christian Kössler, Hans Krameritsch, Andi Leikauf, Kurt Leutgeb, Rudi Lindorfer, Paul Pechmann, Thomas Pöltl, Thomas Schafferer, Günther Stocker, Oliver Wenninger e Hannes Werthner. In formazione per l’Italia: Stefano Lazzarini, Marco Cassardo, Fabio Geda, Giampaolo Simi, Marco Mathieu, Luigi Sardiello, Walter Lazzarin, Emmanuele Bianco, [&#8230;]</p>
