{"id":27449,"date":"2026-09-04T15:38:25","date_gmt":"2026-09-04T13:38:25","guid":{"rendered":"https:\/\/www.austriacult.roma.it\/?post_type=tribe_events&#038;p=27449"},"modified":"2026-09-04T15:43:16","modified_gmt":"2026-09-04T13:43:16","slug":"pathos-con-monika-hartl-2","status":"publish","type":"tribe_events","link":"https:\/\/www.austriacult.roma.it\/de\/veranstaltung\/pathos-mit-monika-hartl-2\/","title":{"rendered":"PATHOS | mit Monika Hartl"},"content":{"rendered":"<p><\/p>\n<p>Im Rahmen der Gruppenausstellung PATHOS zeigt die \u00f6sterreichische K\u00fcnstlerin Monika Hartl ihre neue Installation: AURA.<\/p>\n<p>Das Zentrum von Monika Hartls k\u00fcnstlerischem Werk dreht sich um den Menschen. Der Kopf des Menschen ist die H\u00fclle eines Wissensreichtums und der Freiheit der Gedanken, das Gesicht ist der Ort der Identit\u00e4t. Die Installation AURA umfasst eine Keramikskulptur und steht vor einem runden Spiegel, in dem der weite Himmel vom Betrachter reflektiert wird. Licht und Schatten, Licht und Dunkelheit, Einsamkeit und Einheit wollen damit symbolisiert werden.<\/p>\n<p>&nbsp;<\/p>\n<p>Die Gruppenausstellung, kuratiert von Anna Isopo mit Beteiligung der Kunsthistorikerin Martina Scavone, findet w\u00e4hrend der der elften Ausgabe der Rome Art Week im Oktober 2026 statt.<\/p>\n<p>Gef\u00fchle und Emotionen erwachen in dieser Schau zum Leben, die eindrucksvoll PATHOS hei\u00dft, und darauf abzielt, einen Geist des Dialogs und Austauschs zwischen Malerei, Skulptur und Fotografie zu f\u00f6rdern und \u2013 durch die Energie, die k\u00fcnstlerischen Ausdruck leitet \u2013 eine emotionale Ladung zu verbreiten, die reich an Pathos ist. Ein Gef\u00fchl, das die Menschheit bewegt, am Schnittpunkt von Herz und Kreativit\u00e4t, wo Kunst und Leben miteinander verflochten sind.<\/p>\n<p>Die Rome Art Week ist eine j\u00e4hrliche Veranstaltung, die darauf abzielt, ein Netzwerk zwischen K\u00fcnstlern, Ausstellungsorten, Kritikern, Kuratoren und allen Fachleuten des Kunstsektors sowie der \u00d6ffentlichkeit zu schaffen.<\/p>\n<p>&nbsp;<\/p>\n<p><strong>Monika Hartl<\/strong><\/p>\n<p>Geboren in Grieskirchen, \u00d6sterreich, lebt und arbeitet in Salzburg und Meran. Die vielseitige Salzburger K\u00fcnstlerin, die ihren Master of Arts 2014 erwarb und bei K\u00fcnstlerinnen wie Lotte Ranft und Xenia Hausner studierte, gestaltet Figuren und K\u00f6pfe in Keramik und Bronze. Mit diesen Plastiken und auch mit Fotografie und Malerei ist sie in \u00d6sterreich und in St\u00e4dten wie London, K\u00f6ln, Helsinki, Vilnius, Rom und Genua vertreten. Immer wieder interdisziplin\u00e4re Projekte mit K\u00fcnstler:innen aus der Musik und dem Tanz. F\u00fcr die Mountain-Art 2024 in Filzmoos ist sie als Titelbild-K\u00fcnstlerin ausgew\u00e4hlt worden, 2025 folgt die Teilnahme an der 6. Biennale di Genova.<\/p>\n<p><a href=\"http:\/\/www.monikahartl.at\">www.monikahartl.at<\/a>\u00a0\u00a0\u00a0\u00a0\u00a0\u00a0\u00a0\u00a0\u00a0\u00a0\u00a0\u00a0\u00a0\u00a0\u00a0\u00a0\u00a0\u00a0<\/p>\n<p>&nbsp;<\/p>\n<p><span style=\"color: #ff0000;\"><em>Praktische Infos<\/em><\/span><\/p>\n<p>Eintritt frei<\/p>\n<p>DAUER DER AUSSTELLUNG:<\/p>\n<p>bis 25.Oktober 2026<\/p>\n<p>t\u00e4glich 12.-19. Uhr<\/p>\n<p><\/p>","protected":false},"excerpt":{"rendered":"<\/p>\n<p>Im Rahmen der Gruppenausstellung PATHOS zeigt die \u00f6sterreichische K\u00fcnstlerin Monika Hartl ihre neue Installation: AURA.<\/p>\n<p>Das Zentrum von Monika Hartls k\u00fcnstlerischem Werk dreht sich um den Menschen. Der Kopf des Menschen ist die H\u00fclle eines Wissensreichtums und der Freiheit der Gedanken, das Gesicht ist der Ort der Identit\u00e4t. Die Installation AURA umfasst eine Keramikskulptur und steht vor einem runden Spiegel, in dem der weite Himmel vom Betrachter reflektiert wird. Licht und Schatten, Licht und Dunkelheit, Einsamkeit und Einheit wollen damit symbolisiert [&#8230;]<\/p>\n","protected":false},"author":2,"featured_media":27446,"comment_status":"closed","ping_status":"closed","template":"","meta":{"footnotes":""},"tags":[],"tribe_events_cat":[20],"class_list":["post-27449","tribe_events","type-tribe_events","status-publish","has-post-thumbnail","hentry","tribe_events_cat-mostre","cat_mostre"],"_links":{"self":[{"href":"https:\/\/www.austriacult.roma.it\/de\/wp-json\/wp\/v2\/tribe_events\/27449","targetHints":{"allow":["GET"]}}],"collection":[{"href":"https:\/\/www.austriacult.roma.it\/de\/wp-json\/wp\/v2\/tribe_events"}],"about":[{"href":"https:\/\/www.austriacult.roma.it\/de\/wp-json\/wp\/v2\/types\/tribe_events"}],"author":[{"embeddable":true,"href":"https:\/\/www.austriacult.roma.it\/de\/wp-json\/wp\/v2\/users\/2"}],"replies":[{"embeddable":true,"href":"https:\/\/www.austriacult.roma.it\/de\/wp-json\/wp\/v2\/comments?post=27449"}],"version-history":[{"count":2,"href":"https:\/\/www.austriacult.roma.it\/de\/wp-json\/wp\/v2\/tribe_events\/27449\/revisions"}],"predecessor-version":[{"id":27451,"href":"https:\/\/www.austriacult.roma.it\/de\/wp-json\/wp\/v2\/tribe_events\/27449\/revisions\/27451"}],"wp:featuredmedia":[{"embeddable":true,"href":"https:\/\/www.austriacult.roma.it\/de\/wp-json\/wp\/v2\/media\/27446"}],"wp:attachment":[{"href":"https:\/\/www.austriacult.roma.it\/de\/wp-json\/wp\/v2\/media?parent=27449"}],"wp:term":[{"taxonomy":"post_tag","embeddable":true,"href":"https:\/\/www.austriacult.roma.it\/de\/wp-json\/wp\/v2\/tags?post=27449"},{"taxonomy":"tribe_events_cat","embeddable":true,"href":"https:\/\/www.austriacult.roma.it\/de\/wp-json\/wp\/v2\/tribe_events_cat?post=27449"}],"curies":[{"name":"wp","href":"https:\/\/api.w.org\/{rel}","templated":true}]}}

<p></p>
<p>Im Rahmen der Gruppenausstellung PATHOS zeigt die österreichische Künstlerin Monika Hartl ihre neue Installation: AURA.</p>
<p>Das Zentrum von Monika Hartls künstlerischem Werk dreht sich um den Menschen. Der Kopf des Menschen ist die Hülle eines Wissensreichtums und der Freiheit der Gedanken, das Gesicht ist der Ort der Identität. Die Installation AURA umfasst eine Keramikskulptur und steht vor einem runden Spiegel, in dem der weite Himmel vom Betrachter reflektiert wird. Licht und Schatten, Licht und Dunkelheit, Einsamkeit und Einheit wollen damit symbolisiert werden.</p>
<p>&nbsp;</p>
<p>Die Gruppenausstellung, kuratiert von Anna Isopo mit Beteiligung der Kunsthistorikerin Martina Scavone, findet während der der elften Ausgabe der Rome Art Week im Oktober 2026 statt.</p>
<p>Gefühle und Emotionen erwachen in dieser Schau zum Leben, die eindrucksvoll PATHOS heißt, und darauf abzielt, einen Geist des Dialogs und Austauschs zwischen Malerei, Skulptur und Fotografie zu fördern und – durch die Energie, die künstlerischen Ausdruck leitet – eine emotionale Ladung zu verbreiten, die reich an Pathos ist. Ein Gefühl, das die Menschheit bewegt, am Schnittpunkt von Herz und Kreativität, wo Kunst und Leben miteinander verflochten sind.</p>
<p>Die Rome Art Week ist eine jährliche Veranstaltung, die darauf abzielt, ein Netzwerk zwischen Künstlern, Ausstellungsorten, Kritikern, Kuratoren und allen Fachleuten des Kunstsektors sowie der Öffentlichkeit zu schaffen.</p>
<p>&nbsp;</p>
<p><strong>Monika Hartl</strong></p>
<p>Geboren in Grieskirchen, Österreich, lebt und arbeitet in Salzburg und Meran. Die vielseitige Salzburger Künstlerin, die ihren Master of Arts 2014 erwarb und bei Künstlerinnen wie Lotte Ranft und Xenia Hausner studierte, gestaltet Figuren und Köpfe in Keramik und Bronze. Mit diesen Plastiken und auch mit Fotografie und Malerei ist sie in Österreich und in Städten wie London, Köln, Helsinki, Vilnius, Rom und Genua vertreten. Immer wieder interdisziplinäre Projekte mit Künstler:innen aus der Musik und dem Tanz. Für die Mountain-Art 2024 in Filzmoos ist sie als Titelbild-Künstlerin ausgewählt worden, 2025 folgt die Teilnahme an der 6. Biennale di Genova.</p>
<p><a href="http://www.monikahartl.at">www.monikahartl.at</a>                  </p>
<p>&nbsp;</p>
<p><span style="color: #ff0000;"><em>Praktische Infos</em></span></p>
<p>Eintritt frei</p>
<p>DAUER DER AUSSTELLUNG:</p>
<p>bis 25.Oktober 2026</p>
<p>täglich 12.-19. Uhr</p>
<p></p>

</p>
<p>Im Rahmen der Gruppenausstellung PATHOS zeigt die österreichische Künstlerin Monika Hartl ihre neue Installation: AURA.</p>
<p>Das Zentrum von Monika Hartls künstlerischem Werk dreht sich um den Menschen. Der Kopf des Menschen ist die Hülle eines Wissensreichtums und der Freiheit der Gedanken, das Gesicht ist der Ort der Identität. Die Installation AURA umfasst eine Keramikskulptur und steht vor einem runden Spiegel, in dem der weite Himmel vom Betrachter reflektiert wird. Licht und Schatten, Licht und Dunkelheit, Einsamkeit und Einheit wollen damit symbolisiert [&#8230;]</p>
