{"id":27436,"date":"2026-09-04T15:12:58","date_gmt":"2026-09-04T13:12:58","guid":{"rendered":"https:\/\/www.austriacult.roma.it\/?post_type=tribe_events&#038;p=27436"},"modified":"2026-09-04T15:12:58","modified_gmt":"2026-09-04T13:12:58","slug":"iris-vladimir-kostadinovic-group","status":"publish","type":"tribe_events","link":"https:\/\/www.austriacult.roma.it\/de\/veranstaltung\/iris-vladimir-kostadinovic-group\/","title":{"rendered":"IRIS | Vladimir Kostadinovic group"},"content":{"rendered":"<p><\/p>\n<p>Im Oktober 2026 pr\u00e4sentiert Vladimir Kostadinovic sein aktuelles Album IRIS, das 2025 beim renommierten New Yorker Label Criss Cross Jazz erschienen ist und von <em>DownBeat<\/em> als eines der besten Jazz-Alben des Jahres ausgezeichnet wurde.<\/p>\n<p>F\u00fcr die kommende Tour bringt Kostadinovic die Musik von IRIS mit einer hochkar\u00e4tigen internationalen Besetzung auf die B\u00fchne. Gemeinsam mit dem amerikanischen Vibraphonisten Joe Locke und weiteren renommierten Musikern pr\u00e4sentiert er einen modernen, energiegeladenen Jazz, der tief in der Tradition verwurzelt ist und zugleich eine ganz eigene zeitgen\u00f6ssische musikalische Sprache entwickelt.<\/p>\n<p>Das Album IRIS vereint Kostadinovic mit einigen der herausragendsten Musiker der internationalen Jazzszene, darunter Chris Potter, Ben Wendel, Alex Sipiagin, Joe Locke, Geoffrey Keezer und Matt Brewer. Die Kompositionen verbinden melodische Tiefe, rhythmische Komplexit\u00e4t und gro\u00dfe improvisatorische Freiheit.<\/p>\n<p>Die Tour im Oktober bietet die Gelegenheit, dieses besondere Projekt live zu erleben und die Musik von IRIS in einer dynamischen Konzertbesetzung zu entdecken.<\/p>\n<p>VLADIMIR KOSTADINOVIC GROUP<\/p>\n<p>Vladimir Kostadinovic-dr<\/p>\n<p>Joe Locke-vib<\/p>\n<p>Alex Sipiagin-tp<\/p>\n<p>Will Vinson-as<\/p>\n<p>Josh Ginsburg-b<\/p>\n<p>&nbsp;<\/p>\n<p><a href=\"https:\/\/www.austriacult.roma.it\/wp-content\/uploads\/2026\/09\/tour.pdf\">Konzerttournee<\/a><\/p>\n<p>&nbsp;<\/p>\n<p><strong>Vladimir Kostadinovic<\/strong> ist ein international renommierter Jazzdrummer, Komponist und Bandleader mit Sitz in Wien. Seine musikalische Laufbahn f\u00fchrte ihn auf B\u00fchnen in Europa, den USA und Asien, wo er mit zahlreichen Gr\u00f6\u00dfen der internationalen Jazzszene zusammenarbeitete. Sein aktuelles Album IRIS (Criss Cross Jazz) wurde von <em>DownBeat<\/em> als eines der besten Jazz-Alben des Jahres ausgezeichnet. Zu den G\u00e4sten z\u00e4hlen Chris Potter, Ben Wendel, Alex Sipiagin, Joe Locke, Geoffrey Keezer und Matt Brewer.<\/p>\n<p>FB\u00a0<a href=\"https:\/\/www.facebook.com\/vladimir.kostadinovic1\/\"><strong>https:\/\/www.facebook.com\/vladimir.kostadinovic1\/<\/strong><\/a><\/p>\n<p>IG\u00a0<a href=\"https:\/\/www.instagram.com\/lefty_beatzz\/\"><strong>https:\/\/www.instagram.com\/lefty_beatzz\/<\/strong><\/a><\/p>\n<p>&nbsp;<\/p>\n<p><span style=\"color: #ff0000;\"><em>Praktische Infos<\/em><\/span><\/p>\n<p><a href=\"https:\/\/www.culturefestival.eu\"><strong>https:\/\/www.culturefestival.eu<\/strong><\/a><\/p>\n<p><\/p>","protected":false},"excerpt":{"rendered":"<\/p>\n<p>Im Oktober 2026 pr\u00e4sentiert Vladimir Kostadinovic sein aktuelles Album IRIS, das 2025 beim renommierten New Yorker Label Criss Cross Jazz erschienen ist und von DownBeat als eines der besten Jazz-Alben des Jahres ausgezeichnet wurde.<\/p>\n<p>F\u00fcr die kommende Tour bringt Kostadinovic die Musik von IRIS mit einer hochkar\u00e4tigen internationalen Besetzung auf die B\u00fchne. Gemeinsam mit dem amerikanischen Vibraphonisten Joe Locke und weiteren renommierten Musikern pr\u00e4sentiert er einen modernen, energiegeladenen Jazz, der tief in der Tradition verwurzelt ist und zugleich eine ganz eigene [&#8230;]<\/p>\n","protected":false},"author":2,"featured_media":27439,"comment_status":"closed","ping_status":"closed","template":"","meta":{"footnotes":""},"tags":[],"tribe_events_cat":[313],"class_list":["post-27436","tribe_events","type-tribe_events","status-publish","has-post-thumbnail","hentry","tribe_events_cat-concerto","cat_concerto"],"_links":{"self":[{"href":"https:\/\/www.austriacult.roma.it\/de\/wp-json\/wp\/v2\/tribe_events\/27436","targetHints":{"allow":["GET"]}}],"collection":[{"href":"https:\/\/www.austriacult.roma.it\/de\/wp-json\/wp\/v2\/tribe_events"}],"about":[{"href":"https:\/\/www.austriacult.roma.it\/de\/wp-json\/wp\/v2\/types\/tribe_events"}],"author":[{"embeddable":true,"href":"https:\/\/www.austriacult.roma.it\/de\/wp-json\/wp\/v2\/users\/2"}],"replies":[{"embeddable":true,"href":"https:\/\/www.austriacult.roma.it\/de\/wp-json\/wp\/v2\/comments?post=27436"}],"version-history":[{"count":1,"href":"https:\/\/www.austriacult.roma.it\/de\/wp-json\/wp\/v2\/tribe_events\/27436\/revisions"}],"predecessor-version":[{"id":27441,"href":"https:\/\/www.austriacult.roma.it\/de\/wp-json\/wp\/v2\/tribe_events\/27436\/revisions\/27441"}],"wp:featuredmedia":[{"embeddable":true,"href":"https:\/\/www.austriacult.roma.it\/de\/wp-json\/wp\/v2\/media\/27439"}],"wp:attachment":[{"href":"https:\/\/www.austriacult.roma.it\/de\/wp-json\/wp\/v2\/media?parent=27436"}],"wp:term":[{"taxonomy":"post_tag","embeddable":true,"href":"https:\/\/www.austriacult.roma.it\/de\/wp-json\/wp\/v2\/tags?post=27436"},{"taxonomy":"tribe_events_cat","embeddable":true,"href":"https:\/\/www.austriacult.roma.it\/de\/wp-json\/wp\/v2\/tribe_events_cat?post=27436"}],"curies":[{"name":"wp","href":"https:\/\/api.w.org\/{rel}","templated":true}]}}

<p></p>
<p>Im Oktober 2026 präsentiert Vladimir Kostadinovic sein aktuelles Album IRIS, das 2025 beim renommierten New Yorker Label Criss Cross Jazz erschienen ist und von <em>DownBeat</em> als eines der besten Jazz-Alben des Jahres ausgezeichnet wurde.</p>
<p>Für die kommende Tour bringt Kostadinovic die Musik von IRIS mit einer hochkarätigen internationalen Besetzung auf die Bühne. Gemeinsam mit dem amerikanischen Vibraphonisten Joe Locke und weiteren renommierten Musikern präsentiert er einen modernen, energiegeladenen Jazz, der tief in der Tradition verwurzelt ist und zugleich eine ganz eigene zeitgenössische musikalische Sprache entwickelt.</p>
<p>Das Album IRIS vereint Kostadinovic mit einigen der herausragendsten Musiker der internationalen Jazzszene, darunter Chris Potter, Ben Wendel, Alex Sipiagin, Joe Locke, Geoffrey Keezer und Matt Brewer. Die Kompositionen verbinden melodische Tiefe, rhythmische Komplexität und große improvisatorische Freiheit.</p>
<p>Die Tour im Oktober bietet die Gelegenheit, dieses besondere Projekt live zu erleben und die Musik von IRIS in einer dynamischen Konzertbesetzung zu entdecken.</p>
<p>VLADIMIR KOSTADINOVIC GROUP</p>
<p>Vladimir Kostadinovic-dr</p>
<p>Joe Locke-vib</p>
<p>Alex Sipiagin-tp</p>
<p>Will Vinson-as</p>
<p>Josh Ginsburg-b</p>
<p>&nbsp;</p>
<p><a href="https://www.austriacult.roma.it/wp-content/uploads/2026/09/tour.pdf">Konzerttournee</a></p>
<p>&nbsp;</p>
<p><strong>Vladimir Kostadinovic</strong> ist ein international renommierter Jazzdrummer, Komponist und Bandleader mit Sitz in Wien. Seine musikalische Laufbahn führte ihn auf Bühnen in Europa, den USA und Asien, wo er mit zahlreichen Größen der internationalen Jazzszene zusammenarbeitete. Sein aktuelles Album IRIS (Criss Cross Jazz) wurde von <em>DownBeat</em> als eines der besten Jazz-Alben des Jahres ausgezeichnet. Zu den Gästen zählen Chris Potter, Ben Wendel, Alex Sipiagin, Joe Locke, Geoffrey Keezer und Matt Brewer.</p>
<p>FB <a href="https://www.facebook.com/vladimir.kostadinovic1/"><strong>https://www.facebook.com/vladimir.kostadinovic1/</strong></a></p>
<p>IG <a href="https://www.instagram.com/lefty_beatzz/"><strong>https://www.instagram.com/lefty_beatzz/</strong></a></p>
<p>&nbsp;</p>
<p><span style="color: #ff0000;"><em>Praktische Infos</em></span></p>
<p><a href="https://www.culturefestival.eu"><strong>https://www.culturefestival.eu</strong></a></p>
<p></p>

</p>
<p>Im Oktober 2026 präsentiert Vladimir Kostadinovic sein aktuelles Album IRIS, das 2025 beim renommierten New Yorker Label Criss Cross Jazz erschienen ist und von DownBeat als eines der besten Jazz-Alben des Jahres ausgezeichnet wurde.</p>
<p>Für die kommende Tour bringt Kostadinovic die Musik von IRIS mit einer hochkarätigen internationalen Besetzung auf die Bühne. Gemeinsam mit dem amerikanischen Vibraphonisten Joe Locke und weiteren renommierten Musikern präsentiert er einen modernen, energiegeladenen Jazz, der tief in der Tradition verwurzelt ist und zugleich eine ganz eigene [&#8230;]</p>
