{"id":27432,"date":"2026-09-04T12:32:12","date_gmt":"2026-09-04T10:32:12","guid":{"rendered":"https:\/\/www.austriacult.roma.it\/?post_type=tribe_events&#038;p=27432"},"modified":"2026-09-04T12:32:12","modified_gmt":"2026-09-04T10:32:12","slug":"sole-nero-con-robert-gschwantner","status":"publish","type":"tribe_events","link":"https:\/\/www.austriacult.roma.it\/de\/veranstaltung\/sole-nero-mit-robert-gschwantner\/","title":{"rendered":"SOLE NERO | mit Robert Gschwantner"},"content":{"rendered":"<p><\/p>\n<p><strong>Robert Gschwantner<\/strong> wurde eingeladen, an der Gruppenausstellung <strong>SOLE NERO. Petrolio e arte contemporanea <\/strong>(Schwarze Sonne. Erd\u00f6l uns zeitgen\u00f6ssische Kunst), teilzunehmen. Das Kunstwerk des \u00f6sterreichischen K\u00fcnstlers \u2013 ERIKA0050E \u2013 ist der Sektion \u201cmarea nera\u201d (\u00d6lpest) zu sehen, mit Arbeiten, die sich mit Unf\u00e4llen in der Erd\u00f6lindustrie auseinandersetzen.<\/p>\n<p>Am 12. Dezember 1999 sank der \u00d6ltanker <em>Erika <\/em>des franz\u00f6sischen Konzerns TotalFinaElf vor der bretonischen K\u00fcste. 20 000 Tonnen Roh\u00f6l traten aus und verursachten eine massive Umweltkatastrophe. Robert Gschwantner fuhr an die franz\u00f6sische K\u00fcste, sammelte ausgeflossenes Erd\u00f6l ein und verarbeitete es zu einen <em>\u00d6l-Teppich. <\/em>Dabei wurde die schwarze Masse des Roh\u00f6ls durch Kochen verfl\u00fcssigt und mit Hilfe einer Spritze in einen Handgeflochtenen Teppich aus transparenten PVC-Schl\u00e4uchen gef\u00fcllt.<\/p>\n<p>&nbsp;<\/p>\n<p>Robert Gschwantner (*1968 in Steyr) lebt und arbeitet seit 2004 in Berlin. Im Zentrum seiner k\u00fcnstlerischen Arbeit steht der menschliche Eingriff in die Natur und die Transformation von Landschaft. Seine Arbeiten aus transparenten PVC-Schl\u00e4uchen sind mit Materialien wie Erd\u00f6l, Schwermetallschlamm oder Wasser aus europ\u00e4ischen Landschaften gef\u00fcllt. Urspr\u00fcnglich auf die \u00d6kologie ausgerichtet erweiterte sich sein Fokus auf k\u00fcnstlich geschaffene Wasserlandschaften. Erg\u00e4nzend arbeitet er mit Video, Fotografie und Zeichnung.<\/p>\n<p><a href=\"http:\/\/www.robertgschwantner.com\">www.robertgschwantner.com<\/a><\/p>\n<p>&nbsp;<\/p>\n<p>&nbsp;<\/p>\n<p><span style=\"color: #ff0000;\"><em>Praktische Infos\u00a0<\/em><\/span><\/p>\n<p>Tickets: <a href=\"https:\/\/villamedici.it\/it\/programme\/sole-nero\/#text_3\">Sole nero &#8211; Villa Medici<\/a><\/p>\n<p>DAUER DER AUSSTELLUNG:<\/p>\n<p>bis 18. J\u00e4nner 2027<br \/>\nt\u00e4glich 10 \u2013 19 Uhr, letzter Eintritt 18:30 Uhr<br \/>\nDienstag geschlossen<\/p>\n<p><\/p>","protected":false},"excerpt":{"rendered":"<\/p>\n<p>Robert Gschwantner wurde eingeladen, an der Gruppenausstellung SOLE NERO. Petrolio e arte contemporanea (Schwarze Sonne. Erd\u00f6l uns zeitgen\u00f6ssische Kunst), teilzunehmen. Das Kunstwerk des \u00f6sterreichischen K\u00fcnstlers \u2013 ERIKA0050E \u2013 ist der Sektion \u201cmarea nera\u201d (\u00d6lpest) zu sehen, mit Arbeiten, die sich mit Unf\u00e4llen in der Erd\u00f6lindustrie auseinandersetzen.<\/p>\n<p>Am 12. Dezember 1999 sank der \u00d6ltanker Erika des franz\u00f6sischen Konzerns TotalFinaElf vor der bretonischen K\u00fcste. 20 000 Tonnen Roh\u00f6l traten aus und verursachten eine massive Umweltkatastrophe. Robert Gschwantner fuhr an die franz\u00f6sische K\u00fcste, sammelte [&#8230;]<\/p>\n","protected":false},"author":2,"featured_media":27433,"comment_status":"closed","ping_status":"closed","template":"","meta":{"footnotes":""},"tags":[],"tribe_events_cat":[20],"class_list":["post-27432","tribe_events","type-tribe_events","status-publish","has-post-thumbnail","hentry","tribe_events_cat-mostre","cat_mostre"],"_links":{"self":[{"href":"https:\/\/www.austriacult.roma.it\/de\/wp-json\/wp\/v2\/tribe_events\/27432","targetHints":{"allow":["GET"]}}],"collection":[{"href":"https:\/\/www.austriacult.roma.it\/de\/wp-json\/wp\/v2\/tribe_events"}],"about":[{"href":"https:\/\/www.austriacult.roma.it\/de\/wp-json\/wp\/v2\/types\/tribe_events"}],"author":[{"embeddable":true,"href":"https:\/\/www.austriacult.roma.it\/de\/wp-json\/wp\/v2\/users\/2"}],"replies":[{"embeddable":true,"href":"https:\/\/www.austriacult.roma.it\/de\/wp-json\/wp\/v2\/comments?post=27432"}],"version-history":[{"count":2,"href":"https:\/\/www.austriacult.roma.it\/de\/wp-json\/wp\/v2\/tribe_events\/27432\/revisions"}],"predecessor-version":[{"id":27445,"href":"https:\/\/www.austriacult.roma.it\/de\/wp-json\/wp\/v2\/tribe_events\/27432\/revisions\/27445"}],"wp:featuredmedia":[{"embeddable":true,"href":"https:\/\/www.austriacult.roma.it\/de\/wp-json\/wp\/v2\/media\/27433"}],"wp:attachment":[{"href":"https:\/\/www.austriacult.roma.it\/de\/wp-json\/wp\/v2\/media?parent=27432"}],"wp:term":[{"taxonomy":"post_tag","embeddable":true,"href":"https:\/\/www.austriacult.roma.it\/de\/wp-json\/wp\/v2\/tags?post=27432"},{"taxonomy":"tribe_events_cat","embeddable":true,"href":"https:\/\/www.austriacult.roma.it\/de\/wp-json\/wp\/v2\/tribe_events_cat?post=27432"}],"curies":[{"name":"wp","href":"https:\/\/api.w.org\/{rel}","templated":true}]}}

<p></p>
<p><strong>Robert Gschwantner</strong> wurde eingeladen, an der Gruppenausstellung <strong>SOLE NERO. Petrolio e arte contemporanea </strong>(Schwarze Sonne. Erdöl uns zeitgenössische Kunst), teilzunehmen. Das Kunstwerk des österreichischen Künstlers – ERIKA0050E – ist der Sektion “marea nera” (Ölpest) zu sehen, mit Arbeiten, die sich mit Unfällen in der Erdölindustrie auseinandersetzen.</p>
<p>Am 12. Dezember 1999 sank der Öltanker <em>Erika </em>des französischen Konzerns TotalFinaElf vor der bretonischen Küste. 20 000 Tonnen Rohöl traten aus und verursachten eine massive Umweltkatastrophe. Robert Gschwantner fuhr an die französische Küste, sammelte ausgeflossenes Erdöl ein und verarbeitete es zu einen <em>Öl-Teppich. </em>Dabei wurde die schwarze Masse des Rohöls durch Kochen verflüssigt und mit Hilfe einer Spritze in einen Handgeflochtenen Teppich aus transparenten PVC-Schläuchen gefüllt.</p>
<p>&nbsp;</p>
<p>Robert Gschwantner (*1968 in Steyr) lebt und arbeitet seit 2004 in Berlin. Im Zentrum seiner künstlerischen Arbeit steht der menschliche Eingriff in die Natur und die Transformation von Landschaft. Seine Arbeiten aus transparenten PVC-Schläuchen sind mit Materialien wie Erdöl, Schwermetallschlamm oder Wasser aus europäischen Landschaften gefüllt. Ursprünglich auf die Ökologie ausgerichtet erweiterte sich sein Fokus auf künstlich geschaffene Wasserlandschaften. Ergänzend arbeitet er mit Video, Fotografie und Zeichnung.</p>
<p><a href="http://www.robertgschwantner.com">www.robertgschwantner.com</a></p>
<p>&nbsp;</p>
<p>&nbsp;</p>
<p><span style="color: #ff0000;"><em>Praktische Infos </em></span></p>
<p>Tickets: <a href="https://villamedici.it/it/programme/sole-nero/#text_3">Sole nero &#8211; Villa Medici</a></p>
<p>DAUER DER AUSSTELLUNG:</p>
<p>bis 18. Jänner 2027<br />
täglich 10 – 19 Uhr, letzter Eintritt 18:30 Uhr<br />
Dienstag geschlossen</p>
<p></p>

</p>
<p>Robert Gschwantner wurde eingeladen, an der Gruppenausstellung SOLE NERO. Petrolio e arte contemporanea (Schwarze Sonne. Erdöl uns zeitgenössische Kunst), teilzunehmen. Das Kunstwerk des österreichischen Künstlers – ERIKA0050E – ist der Sektion “marea nera” (Ölpest) zu sehen, mit Arbeiten, die sich mit Unfällen in der Erdölindustrie auseinandersetzen.</p>
<p>Am 12. Dezember 1999 sank der Öltanker Erika des französischen Konzerns TotalFinaElf vor der bretonischen Küste. 20 000 Tonnen Rohöl traten aus und verursachten eine massive Umweltkatastrophe. Robert Gschwantner fuhr an die französische Küste, sammelte [&#8230;]</p>
