{"id":27359,"date":"2026-08-14T16:45:06","date_gmt":"2026-08-14T14:45:06","guid":{"rendered":"https:\/\/www.austriacult.roma.it\/?post_type=tribe_events&#038;p=27359"},"modified":"2026-09-01T11:40:44","modified_gmt":"2026-09-01T09:40:44","slug":"when-time-condensate-bernd-oppl","status":"publish","type":"tribe_events","link":"https:\/\/www.austriacult.roma.it\/de\/veranstaltung\/when-time-condensate-bernd-oppl\/","title":{"rendered":"WHEN TIME CONDENSATE | Bernd Oppl"},"content":{"rendered":"<p><\/p>\n<p><strong>Bernd Oppl<\/strong> ist mit seiner Einzelschau <strong>WHEN TIME CONDENSATE <\/strong>bis zum 26. September in den r\u00f6mischen Zisternen in Fermo zu sehen. \u201eIn diesem von Erinnerung gepr\u00e4gten R\u00e4umlichkeiten f\u00fcgen sich die Werke des \u00f6sterreichischen K\u00fcnstlers als Zeichen eines kontinuierlichen Werdens ein. Weder einfache Ruinen noch blo\u00dfe Projektionen: Alles befindet sich in einem Schwebezustand, in dem Vergangenheit und Zukunft, Wachstum und Verfall, Erinnerung und Simulation nahtlos miteinander verflochten sind.\u201c (so der Journalist Danilo Monterubbianesi in seinem Artikel in der italienischen Tageszeitung <em>il Resto del Carlino<\/em>)<\/p>\n<p>&nbsp;<\/p>\n<p><strong>Bernd Oppl<\/strong><\/p>\n<p>Geboren 1980 in Innsbruck. Studium der Malerei und Grafik an der Kunstuniversit\u00e4t Linz sowie Video- und Videoinstallation an der Akademie der Bildenden K\u00fcnste Wien. Lebt und arbeitet in Wien.<\/p>\n<p><a href=\"https:\/\/berndoppl.net\/\">berndoppl.net<\/a><\/p>\n<p>&nbsp;<\/p>\n<p>DAUER DER AUSSTELLUNG:<\/p>\n<p>Die Ausstellung ist bis zum 26. September 2026 \u00f6ffentlich zug\u00e4nglich.<\/p>\n<p>Uhrzeiten: Freitag 17.00-20.00 Uh , Samstag und Sonntag 11.00-13.00 Uhr und 17.00-20.00 Uhr<\/p>\n<p><\/p>","protected":false},"excerpt":{"rendered":"<\/p>\n<p>Bernd Oppl ist mit seiner Einzelschau WHEN TIME CONDENSATE bis zum 26. September in den r\u00f6mischen Zisternen in Fermo zu sehen. \u201eIn diesem von Erinnerung gepr\u00e4gten R\u00e4umlichkeiten f\u00fcgen sich die Werke des \u00f6sterreichischen K\u00fcnstlers als Zeichen eines kontinuierlichen Werdens ein. Weder einfache Ruinen noch blo\u00dfe Projektionen: Alles befindet sich in einem Schwebezustand, in dem Vergangenheit und Zukunft, Wachstum und Verfall, Erinnerung und Simulation nahtlos miteinander verflochten sind.\u201c (so der Journalist Danilo Monterubbianesi in seinem Artikel in der italienischen Tageszeitung il [&#8230;]<\/p>\n","protected":false},"author":2,"featured_media":27360,"comment_status":"closed","ping_status":"closed","template":"","meta":{"footnotes":""},"tags":[],"tribe_events_cat":[312],"class_list":["post-27359","tribe_events","type-tribe_events","status-publish","has-post-thumbnail","hentry","tribe_events_cat-arte-contemporanea","cat_arte-contemporanea"],"_links":{"self":[{"href":"https:\/\/www.austriacult.roma.it\/de\/wp-json\/wp\/v2\/tribe_events\/27359","targetHints":{"allow":["GET"]}}],"collection":[{"href":"https:\/\/www.austriacult.roma.it\/de\/wp-json\/wp\/v2\/tribe_events"}],"about":[{"href":"https:\/\/www.austriacult.roma.it\/de\/wp-json\/wp\/v2\/types\/tribe_events"}],"author":[{"embeddable":true,"href":"https:\/\/www.austriacult.roma.it\/de\/wp-json\/wp\/v2\/users\/2"}],"replies":[{"embeddable":true,"href":"https:\/\/www.austriacult.roma.it\/de\/wp-json\/wp\/v2\/comments?post=27359"}],"version-history":[{"count":3,"href":"https:\/\/www.austriacult.roma.it\/de\/wp-json\/wp\/v2\/tribe_events\/27359\/revisions"}],"predecessor-version":[{"id":27427,"href":"https:\/\/www.austriacult.roma.it\/de\/wp-json\/wp\/v2\/tribe_events\/27359\/revisions\/27427"}],"wp:featuredmedia":[{"embeddable":true,"href":"https:\/\/www.austriacult.roma.it\/de\/wp-json\/wp\/v2\/media\/27360"}],"wp:attachment":[{"href":"https:\/\/www.austriacult.roma.it\/de\/wp-json\/wp\/v2\/media?parent=27359"}],"wp:term":[{"taxonomy":"post_tag","embeddable":true,"href":"https:\/\/www.austriacult.roma.it\/de\/wp-json\/wp\/v2\/tags?post=27359"},{"taxonomy":"tribe_events_cat","embeddable":true,"href":"https:\/\/www.austriacult.roma.it\/de\/wp-json\/wp\/v2\/tribe_events_cat?post=27359"}],"curies":[{"name":"wp","href":"https:\/\/api.w.org\/{rel}","templated":true}]}}

<p></p>
<p><strong>Bernd Oppl</strong> ist mit seiner Einzelschau <strong>WHEN TIME CONDENSATE </strong>bis zum 26. September in den römischen Zisternen in Fermo zu sehen. „In diesem von Erinnerung geprägten Räumlichkeiten fügen sich die Werke des österreichischen Künstlers als Zeichen eines kontinuierlichen Werdens ein. Weder einfache Ruinen noch bloße Projektionen: Alles befindet sich in einem Schwebezustand, in dem Vergangenheit und Zukunft, Wachstum und Verfall, Erinnerung und Simulation nahtlos miteinander verflochten sind.“ (so der Journalist Danilo Monterubbianesi in seinem Artikel in der italienischen Tageszeitung <em>il Resto del Carlino</em>)</p>
<p>&nbsp;</p>
<p><strong>Bernd Oppl</strong></p>
<p>Geboren 1980 in Innsbruck. Studium der Malerei und Grafik an der Kunstuniversität Linz sowie Video- und Videoinstallation an der Akademie der Bildenden Künste Wien. Lebt und arbeitet in Wien.</p>
<p><a href="https://berndoppl.net/">berndoppl.net</a></p>
<p>&nbsp;</p>
<p>DAUER DER AUSSTELLUNG:</p>
<p>Die Ausstellung ist bis zum 26. September 2026 öffentlich zugänglich.</p>
<p>Uhrzeiten: Freitag 17.00-20.00 Uh , Samstag und Sonntag 11.00-13.00 Uhr und 17.00-20.00 Uhr</p>
<p></p>

</p>
<p>Bernd Oppl ist mit seiner Einzelschau WHEN TIME CONDENSATE bis zum 26. September in den römischen Zisternen in Fermo zu sehen. „In diesem von Erinnerung geprägten Räumlichkeiten fügen sich die Werke des österreichischen Künstlers als Zeichen eines kontinuierlichen Werdens ein. Weder einfache Ruinen noch bloße Projektionen: Alles befindet sich in einem Schwebezustand, in dem Vergangenheit und Zukunft, Wachstum und Verfall, Erinnerung und Simulation nahtlos miteinander verflochten sind.“ (so der Journalist Danilo Monterubbianesi in seinem Artikel in der italienischen Tageszeitung il [&#8230;]</p>
