{"id":26150,"date":"2026-04-27T16:28:44","date_gmt":"2026-04-27T14:28:44","guid":{"rendered":"https:\/\/www.austriacult.roma.it\/?post_type=tribe_events&#038;p=26150"},"modified":"2026-04-27T16:28:44","modified_gmt":"2026-04-27T14:28:44","slug":"vostro-mare-nostro-peter-assmann","status":"publish","type":"tribe_events","link":"https:\/\/www.austriacult.roma.it\/de\/veranstaltung\/vostro-mare-nostro-peter-assmann\/","title":{"rendered":"vostro MARE nostro | Peter Assmann"},"content":{"rendered":"<p><\/p>\n<p>\u201e<em>Das Wasser ist fremd und das Wasser ist dein, von hier und doch nicht von hier<\/em>.\u201c (R. M. Rilke)<\/p>\n<p>Unter diesem historisch aufgeladenen Titel erarbeitet Peter Assmann eine Rauminstallation mit unterschiedlichen Zeichnungen und wasserbezogenen Elementen, die das Verh\u00e4ltnis des Menschen zum Meer aus aktueller Perspektive beleuchten: Umweltverschmutzung, \u00dcberfischung, Overtourismus, Flucht und Wirtschaftstransfer, aber auch die tiefe Sehnsucht nach einem maritimen, utopischen R\u00fcckzugsort und die grunds\u00e4tzliche Bedeutung des Wassers f\u00fcr das menschliche (\u00dcber)Leben sind nur einige Themen, die Assmann\u00a0 in seiner charakteristischen k\u00fcnstlerischen Gestaltungshandschrift, die stets zwischen Ironie und Poesie agiert, erarbeitet. Seine k\u00fcnstlerischen Kompositionen vertiefen das metaphorische Verh\u00e4ltnis von Wort und Bild und orientieren sich an unterschiedlichen Sprachsystemen.<\/p>\n<p>Kuratiert von Valentina Piredda-Sardinia<\/p>\n<p>&nbsp;<\/p>\n<p>Assmann, Jahrgang 1963, ist Bildender K\u00fcnstler, Schriftsteller, Kunsthistoriker, Sachverst\u00e4ndiger, Kunstkurator, Universit\u00e4tslektor, Museumsdirektor Em. \u2026 unter vielem anderem, siehe auch: <a href=\"http:\/\/www.peter-assmann.info\">peter-assmann.info<\/a><\/p>\n<p>&nbsp;<\/p>\n<p><span style=\"color: #ff0000;\">Infos<\/span><\/p>\n<p>Dauer der Ausstellung: 14. \u2013 28. Mai 2026<\/p>\n<p>T\u00e4glich, Uhrzeiten: 18.00-20.00 Uhr.<\/p>\n<p>Auch nach Vereinbarung per Email an: galleriacult@gmail.com<\/p>\n<p>Am 20. Mai, geschlossen.<\/p>\n<p><\/p>","protected":false},"excerpt":{"rendered":"<\/p>\n<p>\u201eDas Wasser ist fremd und das Wasser ist dein, von hier und doch nicht von hier.\u201c (R. M. Rilke)<\/p>\n<p>Unter diesem historisch aufgeladenen Titel erarbeitet Peter Assmann eine Rauminstallation mit unterschiedlichen Zeichnungen und wasserbezogenen Elementen, die das Verh\u00e4ltnis des Menschen zum Meer aus aktueller Perspektive beleuchten: Umweltverschmutzung, \u00dcberfischung, Overtourismus, Flucht und Wirtschaftstransfer, aber auch die tiefe Sehnsucht nach einem maritimen, utopischen R\u00fcckzugsort und die grunds\u00e4tzliche Bedeutung des Wassers f\u00fcr das menschliche (\u00dcber)Leben sind nur einige Themen, die Assmann\u00a0 in seiner charakteristischen [&#8230;]<\/p>\n","protected":false},"author":2,"featured_media":26151,"comment_status":"closed","ping_status":"closed","template":"","meta":{"footnotes":""},"tags":[],"tribe_events_cat":[312,290],"class_list":["post-26150","tribe_events","type-tribe_events","status-publish","has-post-thumbnail","hentry","tribe_events_cat-arte-contemporanea","tribe_events_cat-inaugurazione","cat_arte-contemporanea","cat_inaugurazione"],"_links":{"self":[{"href":"https:\/\/www.austriacult.roma.it\/de\/wp-json\/wp\/v2\/tribe_events\/26150","targetHints":{"allow":["GET"]}}],"collection":[{"href":"https:\/\/www.austriacult.roma.it\/de\/wp-json\/wp\/v2\/tribe_events"}],"about":[{"href":"https:\/\/www.austriacult.roma.it\/de\/wp-json\/wp\/v2\/types\/tribe_events"}],"author":[{"embeddable":true,"href":"https:\/\/www.austriacult.roma.it\/de\/wp-json\/wp\/v2\/users\/2"}],"replies":[{"embeddable":true,"href":"https:\/\/www.austriacult.roma.it\/de\/wp-json\/wp\/v2\/comments?post=26150"}],"version-history":[{"count":1,"href":"https:\/\/www.austriacult.roma.it\/de\/wp-json\/wp\/v2\/tribe_events\/26150\/revisions"}],"predecessor-version":[{"id":26152,"href":"https:\/\/www.austriacult.roma.it\/de\/wp-json\/wp\/v2\/tribe_events\/26150\/revisions\/26152"}],"wp:featuredmedia":[{"embeddable":true,"href":"https:\/\/www.austriacult.roma.it\/de\/wp-json\/wp\/v2\/media\/26151"}],"wp:attachment":[{"href":"https:\/\/www.austriacult.roma.it\/de\/wp-json\/wp\/v2\/media?parent=26150"}],"wp:term":[{"taxonomy":"post_tag","embeddable":true,"href":"https:\/\/www.austriacult.roma.it\/de\/wp-json\/wp\/v2\/tags?post=26150"},{"taxonomy":"tribe_events_cat","embeddable":true,"href":"https:\/\/www.austriacult.roma.it\/de\/wp-json\/wp\/v2\/tribe_events_cat?post=26150"}],"curies":[{"name":"wp","href":"https:\/\/api.w.org\/{rel}","templated":true}]}}

<p></p>
<p>„<em>Das Wasser ist fremd und das Wasser ist dein, von hier und doch nicht von hier</em>.“ (R. M. Rilke)</p>
<p>Unter diesem historisch aufgeladenen Titel erarbeitet Peter Assmann eine Rauminstallation mit unterschiedlichen Zeichnungen und wasserbezogenen Elementen, die das Verhältnis des Menschen zum Meer aus aktueller Perspektive beleuchten: Umweltverschmutzung, Überfischung, Overtourismus, Flucht und Wirtschaftstransfer, aber auch die tiefe Sehnsucht nach einem maritimen, utopischen Rückzugsort und die grundsätzliche Bedeutung des Wassers für das menschliche (Über)Leben sind nur einige Themen, die Assmann  in seiner charakteristischen künstlerischen Gestaltungshandschrift, die stets zwischen Ironie und Poesie agiert, erarbeitet. Seine künstlerischen Kompositionen vertiefen das metaphorische Verhältnis von Wort und Bild und orientieren sich an unterschiedlichen Sprachsystemen.</p>
<p>Kuratiert von Valentina Piredda-Sardinia</p>
<p>&nbsp;</p>
<p>Assmann, Jahrgang 1963, ist Bildender Künstler, Schriftsteller, Kunsthistoriker, Sachverständiger, Kunstkurator, Universitätslektor, Museumsdirektor Em. … unter vielem anderem, siehe auch: <a href="http://www.peter-assmann.info">peter-assmann.info</a></p>
<p>&nbsp;</p>
<p><span style="color: #ff0000;">Infos</span></p>
<p>Dauer der Ausstellung: 14. – 28. Mai 2026</p>
<p>Täglich, Uhrzeiten: 18.00-20.00 Uhr.</p>
<p>Auch nach Vereinbarung per Email an: galleriacult@gmail.com</p>
<p>Am 20. Mai, geschlossen.</p>
<p></p>

</p>
<p>„Das Wasser ist fremd und das Wasser ist dein, von hier und doch nicht von hier.“ (R. M. Rilke)</p>
<p>Unter diesem historisch aufgeladenen Titel erarbeitet Peter Assmann eine Rauminstallation mit unterschiedlichen Zeichnungen und wasserbezogenen Elementen, die das Verhältnis des Menschen zum Meer aus aktueller Perspektive beleuchten: Umweltverschmutzung, Überfischung, Overtourismus, Flucht und Wirtschaftstransfer, aber auch die tiefe Sehnsucht nach einem maritimen, utopischen Rückzugsort und die grundsätzliche Bedeutung des Wassers für das menschliche (Über)Leben sind nur einige Themen, die Assmann  in seiner charakteristischen [&#8230;]</p>
