{"id":26102,"date":"2026-04-23T15:02:37","date_gmt":"2026-04-23T13:02:37","guid":{"rendered":"https:\/\/www.austriacult.roma.it\/?post_type=tribe_events&#038;p=26102"},"modified":"2026-04-23T15:04:43","modified_gmt":"2026-04-23T13:04:43","slug":"osterreich-in-rom-ein-institut-und-seine-menschen-gudrun-sailer","status":"publish","type":"tribe_events","link":"https:\/\/www.austriacult.roma.it\/de\/veranstaltung\/osterreich-in-rom-ein-institut-und-seine-menschen-gudrun-sailer\/","title":{"rendered":"\u00d6STERREICH IN ROM. Ein Institut und seine Menschen | Gudrun Sailer"},"content":{"rendered":"<p>Ein Buch, das die gemeinsame Geschichte des \u00d6sterreichischen Kulturforums Rom und des \u00d6sterreichischen Historischen Instituts \u00fcber Jahrzehnte hinweg erz\u00e4hlt.<\/p>\n<p>Die Autorin, Gudrun Sailer, im Gespr\u00e4ch mit Cornelia Vospernik<br \/>\nAlessandro Budroni (Rezitation)<br \/>\nMojca Pregeljc (Klavier)<\/p>\n<p>&nbsp;<\/p>\n<p>Geschenkt, nicht gekauft, ist der Grund, auf dem dieses Haus steht.<br \/>\nHier finden \u00f6sterreichische Kultur und Geisteswissenschaften seit Jahrzehnten ihren Platz in Rom. Ein Haus mit Geschichte \u2013 getragen von Begegnungen.<br \/>\nDavon erz\u00e4hlen die hier versammelten 24 Interviews. Zu Wort kommen Pers\u00f6nlichkeiten aus Forschung, Kunst und Kulturdiplomatie, die das \u00f6sterreichische Haus in der Valle Giulia zu dem gemacht haben, was es ist. So entsteht das Portr\u00e4t eines Ortes, das Rom als Sehnsuchtsraum \u00f6ffnet und zugleich ein lebendiges St\u00fcck europ\u00e4ischen Kulturtransfers sichtbar macht.<\/p>\n<p>&nbsp;<\/p>\n<p>GUDRUN SAILER, geboren 1970 in St. P\u00f6lten, ist Redakteurin bei Vatican News und arbeitet am liebsten zu Kultur- und Geschichtsthemen, zumal dann, wenn sie Rom betreten. \u201e\u00d6sterreich in Rom\u201c ist ihr viertes Buch.<\/p>\n<p>&nbsp;<\/p>\n<p><span style=\"color: #0000ff;\"><a style=\"color: #0000ff;\" href=\"https:\/\/www.austriacult.roma.it\/wp-content\/uploads\/2026\/04\/einladung-buch-sailer-KF-27mai26.pdf\">Einladung<\/a><\/span><\/p>\n<p>&nbsp;<\/p>\n","protected":false},"excerpt":{"rendered":"<p>Ein Buch, das die gemeinsame Geschichte des \u00d6sterreichischen Kulturforums Rom und des \u00d6sterreichischen Historischen Instituts \u00fcber Jahrzehnte hinweg erz\u00e4hlt.<\/p>\n<p>Die Autorin, Gudrun Sailer, im Gespr\u00e4ch mit Cornelia Vospernik<br \/>\nAlessandro Budroni (Rezitation)<br \/>\nMojca Pregeljc (Klavier)<\/p>\n<p>&nbsp;<\/p>\n<p>Geschenkt, nicht gekauft, ist der Grund, auf dem dieses Haus steht.<br \/>\nHier finden \u00f6sterreichische Kultur und Geisteswissenschaften seit Jahrzehnten ihren Platz in Rom. Ein Haus mit Geschichte \u2013 getragen von Begegnungen.<br \/>\nDavon erz\u00e4hlen die hier versammelten 24 Interviews. Zu Wort kommen Pers\u00f6nlichkeiten aus Forschung, Kunst und Kulturdiplomatie, die [&#8230;]<\/p>\n","protected":false},"author":2,"featured_media":26104,"comment_status":"closed","ping_status":"closed","template":"","meta":{"footnotes":""},"tags":[],"tribe_events_cat":[319],"class_list":["post-26102","tribe_events","type-tribe_events","status-publish","has-post-thumbnail","hentry","tribe_events_cat-incontro","cat_incontro"],"_links":{"self":[{"href":"https:\/\/www.austriacult.roma.it\/de\/wp-json\/wp\/v2\/tribe_events\/26102","targetHints":{"allow":["GET"]}}],"collection":[{"href":"https:\/\/www.austriacult.roma.it\/de\/wp-json\/wp\/v2\/tribe_events"}],"about":[{"href":"https:\/\/www.austriacult.roma.it\/de\/wp-json\/wp\/v2\/types\/tribe_events"}],"author":[{"embeddable":true,"href":"https:\/\/www.austriacult.roma.it\/de\/wp-json\/wp\/v2\/users\/2"}],"replies":[{"embeddable":true,"href":"https:\/\/www.austriacult.roma.it\/de\/wp-json\/wp\/v2\/comments?post=26102"}],"version-history":[{"count":5,"href":"https:\/\/www.austriacult.roma.it\/de\/wp-json\/wp\/v2\/tribe_events\/26102\/revisions"}],"predecessor-version":[{"id":26112,"href":"https:\/\/www.austriacult.roma.it\/de\/wp-json\/wp\/v2\/tribe_events\/26102\/revisions\/26112"}],"wp:featuredmedia":[{"embeddable":true,"href":"https:\/\/www.austriacult.roma.it\/de\/wp-json\/wp\/v2\/media\/26104"}],"wp:attachment":[{"href":"https:\/\/www.austriacult.roma.it\/de\/wp-json\/wp\/v2\/media?parent=26102"}],"wp:term":[{"taxonomy":"post_tag","embeddable":true,"href":"https:\/\/www.austriacult.roma.it\/de\/wp-json\/wp\/v2\/tags?post=26102"},{"taxonomy":"tribe_events_cat","embeddable":true,"href":"https:\/\/www.austriacult.roma.it\/de\/wp-json\/wp\/v2\/tribe_events_cat?post=26102"}],"curies":[{"name":"wp","href":"https:\/\/api.w.org\/{rel}","templated":true}]}}

ÖSTERREICH IN ROM. Ein Institut und seine Menschen | Gudrun Sailer

<p>Ein Buch, das die gemeinsame Geschichte des Österreichischen Kulturforums Rom und des Österreichischen Historischen Instituts über Jahrzehnte hinweg erzählt.</p>
<p>Die Autorin, Gudrun Sailer, im Gespräch mit Cornelia Vospernik<br />
Alessandro Budroni (Rezitation)<br />
Mojca Pregeljc (Klavier)</p>
<p>&nbsp;</p>
<p>Geschenkt, nicht gekauft, ist der Grund, auf dem dieses Haus steht.<br />
Hier finden österreichische Kultur und Geisteswissenschaften seit Jahrzehnten ihren Platz in Rom. Ein Haus mit Geschichte – getragen von Begegnungen.<br />
Davon erzählen die hier versammelten 24 Interviews. Zu Wort kommen Persönlichkeiten aus Forschung, Kunst und Kulturdiplomatie, die das österreichische Haus in der Valle Giulia zu dem gemacht haben, was es ist. So entsteht das Porträt eines Ortes, das Rom als Sehnsuchtsraum öffnet und zugleich ein lebendiges Stück europäischen Kulturtransfers sichtbar macht.</p>
<p>&nbsp;</p>
<p>GUDRUN SAILER, geboren 1970 in St. Pölten, ist Redakteurin bei Vatican News und arbeitet am liebsten zu Kultur- und Geschichtsthemen, zumal dann, wenn sie Rom betreten. „Österreich in Rom“ ist ihr viertes Buch.</p>
<p>&nbsp;</p>
<p><span style="color: #0000ff;"><a style="color: #0000ff;" href="https://www.austriacult.roma.it/wp-content/uploads/2026/04/einladung-buch-sailer-KF-27mai26.pdf">Einladung</a></span></p>
<p>&nbsp;</p>

<p>Ein Buch, das die gemeinsame Geschichte des Österreichischen Kulturforums Rom und des Österreichischen Historischen Instituts über Jahrzehnte hinweg erzählt.</p>
<p>Die Autorin, Gudrun Sailer, im Gespräch mit Cornelia Vospernik<br />
Alessandro Budroni (Rezitation)<br />
Mojca Pregeljc (Klavier)</p>
<p>&nbsp;</p>
<p>Geschenkt, nicht gekauft, ist der Grund, auf dem dieses Haus steht.<br />
Hier finden österreichische Kultur und Geisteswissenschaften seit Jahrzehnten ihren Platz in Rom. Ein Haus mit Geschichte – getragen von Begegnungen.<br />
Davon erzählen die hier versammelten 24 Interviews. Zu Wort kommen Persönlichkeiten aus Forschung, Kunst und Kulturdiplomatie, die [&#8230;]</p>
