{"id":26094,"date":"2026-04-23T12:33:35","date_gmt":"2026-04-23T10:33:35","guid":{"rendered":"https:\/\/www.austriacult.roma.it\/?post_type=tribe_events&#038;p=26094"},"modified":"2026-04-23T12:33:35","modified_gmt":"2026-04-23T10:33:35","slug":"luci-sullatlante-da-un-testo-di-christoph-ransmayr-regia-di-claudio-di-palma","status":"publish","type":"tribe_events","link":"https:\/\/www.austriacult.roma.it\/de\/veranstaltung\/luci-sullatlante-da-un-testo-di-christoph-ransmayr-regia-di-claudio-di-palma\/","title":{"rendered":"LUCI SULL\u2019ATLANTE | da un testo di Christoph Ransmayr, regia di Claudio di Palma"},"content":{"rendered":"<p><\/p>\n<p><strong>Christoph Ransmayr<\/strong>\u00a0vertritt \u00d6sterreich bei der Ausgabe 2026 von\u00a0<strong>RACCONTI PER RICOMINCIARE<\/strong>, dem Festival f\u00fcr das Gegenwartstheater rund um den Vesuv. Inszeniert wird LUCI SULL\u2019ATLANTE, unter der Regie von Claudio Di Palma, die Adaption von \u201eAtlas eines \u00e4ngstlichen Mannes\u201c. Das Theaterst\u00fcck wird in der pr\u00e4chtigen Villa Vannucci aufgef\u00fchrt aus dem 18 Jhd, sicher unter den faszinierendsten Orten am Fu\u00df des Vesuvs.<\/p>\n<p>Festivalprogramm: <span style=\"text-decoration: underline;\"><span style=\"color: #0000ff;\"><a style=\"color: #0000ff; text-decoration: underline;\" href=\"http:\/\/www.raccontiperricominciare.it\">www.raccontiperricominciare.it<\/a><\/span><\/span><\/p>\n<p><strong>\u00a0<\/strong><\/p>\n<p><strong>Christoph Ransmayr<\/strong>\u00a0(Wels, \u00d6sterreich, 1954) ist einer der bedeutendsten \u00f6sterreichischen Gegenwartsautoren. Nach dem Studium der Philosophie und Ethnologie in Wien arbeitete er als Autor und Redakteur f\u00fcr verschiedene Zeitschriften. 1984 erschien sein erster Roman\u00a0<em>Die Schrecken des Eises und der Finsternis<\/em>, seither erhielt er weltweit begehrte Auszeichnungen, darunter den Gro\u00dfen Literaturpreis der Bayerischen Akademie der Sch\u00f6nen K\u00fcnste (1992), den Solothurner Literaturpreis (1997), den \u00d6sterreichischer W\u00fcrdigungspreis f\u00fcr Literatur (2004), den Prix du Meilleur livre \u00e9tranger (2015) und den Kleist-Preis (2018). Nachdem er jahrelang durch die Welt gereist ist, lebt Christoph Ransmayr nun wieder in Wien.<\/p>\n<p>Zu den ins Italienische \u00fcbersetzten Titeln geh\u00f6ren:<\/p>\n<p><em>Il mondo estremo<\/em>\u00a0(Feltrinelli 1989)<br \/>\n<em>Il morbo Kitahara<\/em>\u00a0(Feltrinelli 1997)<br \/>\n<em>Gli orrori dei ghiacci e delle tenebre<\/em>\u00a0(Feltrinelli 2008)<br \/>\n<em>Atlante di un uomo irrequieto<\/em>\u00a0(Feltrinelli 2015)<br \/>\n<em>Cox o il corso del tempo<\/em>\u00a0(Feltrinelli 2018)<br \/>\n<em>Il Maestro della cascata<\/em>\u00a0(Feltrinelli 2022)<br \/>\n<em>L\u2019inchino del gigante\u00a0<\/em>(L\u2019Orma 2023)<\/p>\n<p>&nbsp;<\/p>\n<p><span style=\"color: #ff0000;\"><em>Praktische Infos<\/em><\/span><\/p>\n<p>Tickets: AbonnentInnen des Newsletters des \u00d6KF Rom erhalten f\u00fcr alle im Festivalprogramm aufgef\u00fchrten Vorstellungen erm\u00e4\u00dfigte Tickets (10\u20ac anstatt 12\u20ac) bei Vorlage des Newsletters (gedruckt oder digital) an der Abendkassa.<\/p>\n<p>&nbsp;<\/p>\n<p><strong>Racconti per Ricominciare<\/strong>\u00a0fand 2020 erstmals statt mit dem Ziel, junge Theaterautoren dem s\u00fcditalienischen Publikum bekannt zu machen. Dar\u00fcber hinaus setzt das Festival einen Schwerpunkt auf das Thema Nachhaltigkeit und Schutz der Naturlandschaft. Nicht von ungef\u00e4hr hei\u00dft der Kulturverein, der diese ungew\u00f6hnliche Initiative ins Leben gerufen hat, Vesuvioteatro. Alle Veranstaltungen finden unter freiem Himmel statt: in der Natur oder in dem Publikum normalerweise nicht zug\u00e4nglichen Baudenkm\u00e4lern. Dabei soll weitestgehend auf technische Unterst\u00fctzung (Strom, Licht etc.) verzichtet und die nat\u00fcrliche Ger\u00e4uschkulisse und die nat\u00fcrlichen Lichtverh\u00e4ltnisse dramaturgisch eingesetzt werden.<\/p>\n<p><\/p>","protected":false},"excerpt":{"rendered":"<\/p>\n<p>Christoph Ransmayr\u00a0vertritt \u00d6sterreich bei der Ausgabe 2026 von\u00a0RACCONTI PER RICOMINCIARE, dem Festival f\u00fcr das Gegenwartstheater rund um den Vesuv. Inszeniert wird LUCI SULL\u2019ATLANTE, unter der Regie von Claudio Di Palma, die Adaption von \u201eAtlas eines \u00e4ngstlichen Mannes\u201c. Das Theaterst\u00fcck wird in der pr\u00e4chtigen Villa Vannucci aufgef\u00fchrt aus dem 18 Jhd, sicher unter den faszinierendsten Orten am Fu\u00df des Vesuvs.<\/p>\n<p>Festivalprogramm: <a style=\"color: #0000ff; text-decoration: underline;\" href=\"http:\/\/www.raccontiperricominciare.it\">www.raccontiperricominciare.it<\/a><\/p>\n<p>\u00a0<\/p>\n<p>Christoph Ransmayr\u00a0(Wels, \u00d6sterreich, 1954) ist einer der bedeutendsten \u00f6sterreichischen Gegenwartsautoren. Nach dem Studium der Philosophie und [&#8230;]<\/p>\n","protected":false},"author":2,"featured_media":26095,"comment_status":"closed","ping_status":"closed","template":"","meta":{"footnotes":""},"tags":[],"tribe_events_cat":[306,4],"class_list":["post-26094","tribe_events","type-tribe_events","status-publish","has-post-thumbnail","hentry","tribe_events_cat-teatro","tribe_events_cat-literatur","cat_teatro","cat_literatur"],"_links":{"self":[{"href":"https:\/\/www.austriacult.roma.it\/de\/wp-json\/wp\/v2\/tribe_events\/26094","targetHints":{"allow":["GET"]}}],"collection":[{"href":"https:\/\/www.austriacult.roma.it\/de\/wp-json\/wp\/v2\/tribe_events"}],"about":[{"href":"https:\/\/www.austriacult.roma.it\/de\/wp-json\/wp\/v2\/types\/tribe_events"}],"author":[{"embeddable":true,"href":"https:\/\/www.austriacult.roma.it\/de\/wp-json\/wp\/v2\/users\/2"}],"replies":[{"embeddable":true,"href":"https:\/\/www.austriacult.roma.it\/de\/wp-json\/wp\/v2\/comments?post=26094"}],"version-history":[{"count":1,"href":"https:\/\/www.austriacult.roma.it\/de\/wp-json\/wp\/v2\/tribe_events\/26094\/revisions"}],"predecessor-version":[{"id":26097,"href":"https:\/\/www.austriacult.roma.it\/de\/wp-json\/wp\/v2\/tribe_events\/26094\/revisions\/26097"}],"wp:featuredmedia":[{"embeddable":true,"href":"https:\/\/www.austriacult.roma.it\/de\/wp-json\/wp\/v2\/media\/26095"}],"wp:attachment":[{"href":"https:\/\/www.austriacult.roma.it\/de\/wp-json\/wp\/v2\/media?parent=26094"}],"wp:term":[{"taxonomy":"post_tag","embeddable":true,"href":"https:\/\/www.austriacult.roma.it\/de\/wp-json\/wp\/v2\/tags?post=26094"},{"taxonomy":"tribe_events_cat","embeddable":true,"href":"https:\/\/www.austriacult.roma.it\/de\/wp-json\/wp\/v2\/tribe_events_cat?post=26094"}],"curies":[{"name":"wp","href":"https:\/\/api.w.org\/{rel}","templated":true}]}}

<p></p>
<p><strong>Christoph Ransmayr</strong> vertritt Österreich bei der Ausgabe 2026 von <strong>RACCONTI PER RICOMINCIARE</strong>, dem Festival für das Gegenwartstheater rund um den Vesuv. Inszeniert wird LUCI SULL’ATLANTE, unter der Regie von Claudio Di Palma, die Adaption von „Atlas eines ängstlichen Mannes“. Das Theaterstück wird in der prächtigen Villa Vannucci aufgeführt aus dem 18 Jhd, sicher unter den faszinierendsten Orten am Fuß des Vesuvs.</p>
<p>Festivalprogramm: <span style="text-decoration: underline;"><span style="color: #0000ff;"><a style="color: #0000ff; text-decoration: underline;" href="http://www.raccontiperricominciare.it">www.raccontiperricominciare.it</a></span></span></p>
<p><strong> </strong></p>
<p><strong>Christoph Ransmayr</strong> (Wels, Österreich, 1954) ist einer der bedeutendsten österreichischen Gegenwartsautoren. Nach dem Studium der Philosophie und Ethnologie in Wien arbeitete er als Autor und Redakteur für verschiedene Zeitschriften. 1984 erschien sein erster Roman <em>Die Schrecken des Eises und der Finsternis</em>, seither erhielt er weltweit begehrte Auszeichnungen, darunter den Großen Literaturpreis der Bayerischen Akademie der Schönen Künste (1992), den Solothurner Literaturpreis (1997), den Österreichischer Würdigungspreis für Literatur (2004), den Prix du Meilleur livre étranger (2015) und den Kleist-Preis (2018). Nachdem er jahrelang durch die Welt gereist ist, lebt Christoph Ransmayr nun wieder in Wien.</p>
<p>Zu den ins Italienische übersetzten Titeln gehören:</p>
<p><em>Il mondo estremo</em> (Feltrinelli 1989)<br />
<em>Il morbo Kitahara</em> (Feltrinelli 1997)<br />
<em>Gli orrori dei ghiacci e delle tenebre</em> (Feltrinelli 2008)<br />
<em>Atlante di un uomo irrequieto</em> (Feltrinelli 2015)<br />
<em>Cox o il corso del tempo</em> (Feltrinelli 2018)<br />
<em>Il Maestro della cascata</em> (Feltrinelli 2022)<br />
<em>L’inchino del gigante </em>(L’Orma 2023)</p>
<p>&nbsp;</p>
<p><span style="color: #ff0000;"><em>Praktische Infos</em></span></p>
<p>Tickets: AbonnentInnen des Newsletters des ÖKF Rom erhalten für alle im Festivalprogramm aufgeführten Vorstellungen ermäßigte Tickets (10€ anstatt 12€) bei Vorlage des Newsletters (gedruckt oder digital) an der Abendkassa.</p>
<p>&nbsp;</p>
<p><strong>Racconti per Ricominciare</strong> fand 2020 erstmals statt mit dem Ziel, junge Theaterautoren dem süditalienischen Publikum bekannt zu machen. Darüber hinaus setzt das Festival einen Schwerpunkt auf das Thema Nachhaltigkeit und Schutz der Naturlandschaft. Nicht von ungefähr heißt der Kulturverein, der diese ungewöhnliche Initiative ins Leben gerufen hat, Vesuvioteatro. Alle Veranstaltungen finden unter freiem Himmel statt: in der Natur oder in dem Publikum normalerweise nicht zugänglichen Baudenkmälern. Dabei soll weitestgehend auf technische Unterstützung (Strom, Licht etc.) verzichtet und die natürliche Geräuschkulisse und die natürlichen Lichtverhältnisse dramaturgisch eingesetzt werden.</p>
<p></p>

</p>
<p>Christoph Ransmayr vertritt Österreich bei der Ausgabe 2026 von RACCONTI PER RICOMINCIARE, dem Festival für das Gegenwartstheater rund um den Vesuv. Inszeniert wird LUCI SULL’ATLANTE, unter der Regie von Claudio Di Palma, die Adaption von „Atlas eines ängstlichen Mannes“. Das Theaterstück wird in der prächtigen Villa Vannucci aufgeführt aus dem 18 Jhd, sicher unter den faszinierendsten Orten am Fuß des Vesuvs.</p>
<p>Festivalprogramm: <a style="color: #0000ff; text-decoration: underline;" href="http://www.raccontiperricominciare.it">www.raccontiperricominciare.it</a></p>
<p> </p>
<p>Christoph Ransmayr (Wels, Österreich, 1954) ist einer der bedeutendsten österreichischen Gegenwartsautoren. Nach dem Studium der Philosophie und [&#8230;]</p>
