{"id":26083,"date":"2026-04-22T16:04:11","date_gmt":"2026-04-22T14:04:11","guid":{"rendered":"https:\/\/www.austriacult.roma.it\/?post_type=tribe_events&#038;p=26083"},"modified":"2026-04-22T16:04:11","modified_gmt":"2026-04-22T14:04:11","slug":"karl-eichinger-pianoforte-2","status":"publish","type":"tribe_events","link":"https:\/\/www.austriacult.roma.it\/de\/veranstaltung\/karl-eichinger-klavier\/","title":{"rendered":"KARL EICHINGER (Klavier)"},"content":{"rendered":"<p><\/p>\n<p>Der \u00f6sterreichische Pianist Karl Eichinger wurde eingeladen, ein Klavierkonzert bei Contursi Terme bei Salerno zu spielen. Am Programm stehen Werk von Beethoven, Debussy, Gulda und Gershwin.<\/p>\n<p><strong>Programm: <\/strong><span style=\"text-decoration: underline;\"><span style=\"color: #0000ff; text-decoration: underline;\">https:\/\/www.artconcerto.it\/karl-eichinger\/<\/span><\/span><\/p>\n<p>&nbsp;<\/p>\n<p><strong>Karl Eichinger <\/strong><\/p>\n<p>Im Zentrum seiner aktuellen pianistischen Arbeit steht das Repertoire des 20. Jahrhunderts, insbesondere die Verbindung von klassischer Virtuosit\u00e4t und jazzaffiner Klangsprache. Das amerikanische Musikmagazin FANFARE hob dabei besonders Eichingers stilistische Souver\u00e4nit\u00e4t und seine N\u00e4he zu bedeutenden Gershwin-Interpreten hervor.<\/p>\n<p>Als Solist hat Karl Eichinger mit Orchestern wie den Br\u00fcnner Philharmonikern, dem Dubrovnik Symphony Orchestra, dem Kazhak Symphony State Orchestra, der M\u00e4hrischen Philharmonie, dem Radio Symphony Orchestra Tirana, der Sarajewo Philharmonie, dem Tonk\u00fcnstler Orchester Nieder\u00f6sterreich, den Berliner Symphonikern und dem Wiener Concert-Verein gearbeitet. Er trat mit Caspar Richter,\u00a0 Tonci Bilic, Daniela Fally, Hans Gansch, Peter Matic, Karl Merkatz, Petra Morze, Cornelius Obonya, Ildik\u00f3 Raimondi, Caspar Richter, Andreas Schager, Julia Stemberger, Hari Zlodre und vielen anderen auf.<\/p>\n<p>Seine Konzertt\u00e4tigkeit f\u00fchrte ihn solistisch und kammermusikalisch u. a. in den Musikverein Wien (2024, 2027), an den Wolkenturm Grafenegg (2024), in das Wiener Konzerthaus, zum Sommerfestival Dubrovnik, in das Konzerthaus Astana,\u00a0\u00a0 in das Radiokulturhaus sowie zu Festivals wie dem Kammermusikfestival \u201eAllegro Vivo\u201c, den Bregenzer Festspielen, dem Carinthischen Sommer, dem Festival Pablo Casals in Frankreich, den Festwochen Gmunden, den Festwochen St. P\u00f6lten, der Jeunesse Musicale, dem KlangBogen Wien, dem Kultursommer St. Paul, dem Mozartfestival Salzkammergut, den Musikwochen Langenargen, den Musikwochen Millstatt, den Musikwochen Stams und nach Schloss Halbturn. <a href=\"http:\/\/www.karl-eichinger.at\">www.karl-eichinger.at<\/a><\/p>\n<p>&nbsp;<\/p>\n<p>&nbsp;<\/p>\n<p><span style=\"color: #ff0000;\"><em>Praktische Infos<\/em><\/span><\/p>\n<p>Einlassbestimmungen: <a href=\"mailto:veliaclassica1@gmail.com\">veliaclassica1@gmail.com<\/a> | Handy: + 39 392 6834669<\/p>\n<p><\/p>","protected":false},"excerpt":{"rendered":"<\/p>\n<p>Der \u00f6sterreichische Pianist Karl Eichinger wurde eingeladen, ein Klavierkonzert bei Contursi Terme bei Salerno zu spielen. Am Programm stehen Werk von Beethoven, Debussy, Gulda und Gershwin.<\/p>\n<p>Programm: https:\/\/www.artconcerto.it\/karl-eichinger\/<\/p>\n<p>&nbsp;<\/p>\n<p>Karl Eichinger <\/p>\n<p>Im Zentrum seiner aktuellen pianistischen Arbeit steht das Repertoire des 20. Jahrhunderts, insbesondere die Verbindung von klassischer Virtuosit\u00e4t und jazzaffiner Klangsprache. Das amerikanische Musikmagazin FANFARE hob dabei besonders Eichingers stilistische Souver\u00e4nit\u00e4t und seine N\u00e4he zu bedeutenden Gershwin-Interpreten hervor.<\/p>\n<p>Als Solist hat Karl Eichinger mit Orchestern wie den Br\u00fcnner Philharmonikern, dem Dubrovnik Symphony Orchestra, [&#8230;]<\/p>\n","protected":false},"author":2,"featured_media":26084,"comment_status":"closed","ping_status":"closed","template":"","meta":{"footnotes":""},"tags":[],"tribe_events_cat":[313],"class_list":["post-26083","tribe_events","type-tribe_events","status-publish","has-post-thumbnail","hentry","tribe_events_cat-concerto","cat_concerto"],"_links":{"self":[{"href":"https:\/\/www.austriacult.roma.it\/de\/wp-json\/wp\/v2\/tribe_events\/26083","targetHints":{"allow":["GET"]}}],"collection":[{"href":"https:\/\/www.austriacult.roma.it\/de\/wp-json\/wp\/v2\/tribe_events"}],"about":[{"href":"https:\/\/www.austriacult.roma.it\/de\/wp-json\/wp\/v2\/types\/tribe_events"}],"author":[{"embeddable":true,"href":"https:\/\/www.austriacult.roma.it\/de\/wp-json\/wp\/v2\/users\/2"}],"replies":[{"embeddable":true,"href":"https:\/\/www.austriacult.roma.it\/de\/wp-json\/wp\/v2\/comments?post=26083"}],"version-history":[{"count":1,"href":"https:\/\/www.austriacult.roma.it\/de\/wp-json\/wp\/v2\/tribe_events\/26083\/revisions"}],"predecessor-version":[{"id":26087,"href":"https:\/\/www.austriacult.roma.it\/de\/wp-json\/wp\/v2\/tribe_events\/26083\/revisions\/26087"}],"wp:featuredmedia":[{"embeddable":true,"href":"https:\/\/www.austriacult.roma.it\/de\/wp-json\/wp\/v2\/media\/26084"}],"wp:attachment":[{"href":"https:\/\/www.austriacult.roma.it\/de\/wp-json\/wp\/v2\/media?parent=26083"}],"wp:term":[{"taxonomy":"post_tag","embeddable":true,"href":"https:\/\/www.austriacult.roma.it\/de\/wp-json\/wp\/v2\/tags?post=26083"},{"taxonomy":"tribe_events_cat","embeddable":true,"href":"https:\/\/www.austriacult.roma.it\/de\/wp-json\/wp\/v2\/tribe_events_cat?post=26083"}],"curies":[{"name":"wp","href":"https:\/\/api.w.org\/{rel}","templated":true}]}}

<p></p>
<p>Der österreichische Pianist Karl Eichinger wurde eingeladen, ein Klavierkonzert bei Contursi Terme bei Salerno zu spielen. Am Programm stehen Werk von Beethoven, Debussy, Gulda und Gershwin.</p>
<p><strong>Programm: </strong><span style="text-decoration: underline;"><span style="color: #0000ff; text-decoration: underline;">https://www.artconcerto.it/karl-eichinger/</span></span></p>
<p>&nbsp;</p>
<p><strong>Karl Eichinger </strong></p>
<p>Im Zentrum seiner aktuellen pianistischen Arbeit steht das Repertoire des 20. Jahrhunderts, insbesondere die Verbindung von klassischer Virtuosität und jazzaffiner Klangsprache. Das amerikanische Musikmagazin FANFARE hob dabei besonders Eichingers stilistische Souveränität und seine Nähe zu bedeutenden Gershwin-Interpreten hervor.</p>
<p>Als Solist hat Karl Eichinger mit Orchestern wie den Brünner Philharmonikern, dem Dubrovnik Symphony Orchestra, dem Kazhak Symphony State Orchestra, der Mährischen Philharmonie, dem Radio Symphony Orchestra Tirana, der Sarajewo Philharmonie, dem Tonkünstler Orchester Niederösterreich, den Berliner Symphonikern und dem Wiener Concert-Verein gearbeitet. Er trat mit Caspar Richter,  Tonci Bilic, Daniela Fally, Hans Gansch, Peter Matic, Karl Merkatz, Petra Morze, Cornelius Obonya, Ildikó Raimondi, Caspar Richter, Andreas Schager, Julia Stemberger, Hari Zlodre und vielen anderen auf.</p>
<p>Seine Konzerttätigkeit führte ihn solistisch und kammermusikalisch u. a. in den Musikverein Wien (2024, 2027), an den Wolkenturm Grafenegg (2024), in das Wiener Konzerthaus, zum Sommerfestival Dubrovnik, in das Konzerthaus Astana,   in das Radiokulturhaus sowie zu Festivals wie dem Kammermusikfestival „Allegro Vivo“, den Bregenzer Festspielen, dem Carinthischen Sommer, dem Festival Pablo Casals in Frankreich, den Festwochen Gmunden, den Festwochen St. Pölten, der Jeunesse Musicale, dem KlangBogen Wien, dem Kultursommer St. Paul, dem Mozartfestival Salzkammergut, den Musikwochen Langenargen, den Musikwochen Millstatt, den Musikwochen Stams und nach Schloss Halbturn. <a href="http://www.karl-eichinger.at">www.karl-eichinger.at</a></p>
<p>&nbsp;</p>
<p>&nbsp;</p>
<p><span style="color: #ff0000;"><em>Praktische Infos</em></span></p>
<p>Einlassbestimmungen: <a href="mailto:veliaclassica1@gmail.com">veliaclassica1@gmail.com</a> | Handy: + 39 392 6834669</p>
<p></p>

</p>
<p>Der österreichische Pianist Karl Eichinger wurde eingeladen, ein Klavierkonzert bei Contursi Terme bei Salerno zu spielen. Am Programm stehen Werk von Beethoven, Debussy, Gulda und Gershwin.</p>
<p>Programm: https://www.artconcerto.it/karl-eichinger/</p>
<p>&nbsp;</p>
<p>Karl Eichinger </p>
<p>Im Zentrum seiner aktuellen pianistischen Arbeit steht das Repertoire des 20. Jahrhunderts, insbesondere die Verbindung von klassischer Virtuosität und jazzaffiner Klangsprache. Das amerikanische Musikmagazin FANFARE hob dabei besonders Eichingers stilistische Souveränität und seine Nähe zu bedeutenden Gershwin-Interpreten hervor.</p>
<p>Als Solist hat Karl Eichinger mit Orchestern wie den Brünner Philharmonikern, dem Dubrovnik Symphony Orchestra, [&#8230;]</p>
