{"id":25820,"date":"2026-03-30T13:45:25","date_gmt":"2026-03-30T11:45:25","guid":{"rendered":"https:\/\/www.austriacult.roma.it\/?post_type=tribe_events&#038;p=25820"},"modified":"2026-03-30T16:19:28","modified_gmt":"2026-03-30T14:19:28","slug":"f-schubert-1-concerto-dellintegrale-delle-sonate-per-pianoforte-luigi-carroccia","status":"publish","type":"tribe_events","link":"https:\/\/www.austriacult.roma.it\/de\/veranstaltung\/f-schubert-1-concerto-dellintegrale-delle-sonate-per-pianoforte-luigi-carroccia\/","title":{"rendered":"F. Schubert: 1. Konzert der Klaviersonaten (Gesamtzyklus) | Luigi Carroccia"},"content":{"rendered":"<p><\/p>\n<p><strong>Luigi Carroccia<\/strong>, Artist in Residence der Fondazione Nicola Bulgari, pr\u00e4sentiert dem r\u00f6mischen Publikum das erste Recital des Gesamtzyklus der Klaviersonaten von Franz Schubert.<\/p>\n<p>Dabei erklingt auch die ber\u00fchmte \u201eFantasie\u201c, die von Robert Schumann mit gro\u00dfer Begeisterung aufgenommen und im Vergleich zu den zeitgen\u00f6ssischen Sonaten D 845 und D 850 als \u201edie vollkommenste in Form und Geist\u201c bezeichnet wurde.<\/p>\n<p>&nbsp;<\/p>\n<p><span style=\"text-decoration: underline;\">Programm<\/span><br \/>\nSonate A-Dur D 664 op. posth. 120<br \/>\nSonate a-Moll D 784 op. 140<br \/>\nSonate G-Dur \u201eFantasie\u201c D 894 op. 78<\/p>\n<p>&nbsp;<\/p>\n<p>Dieses Konzert markiert den Auftakt eines Projekts, das die Auff\u00fchrung von 11 Sonaten in vier Recitals vorsieht, in denen Luigi Carroccia bis 2028, dem Jahr des 200. Todestages von Franz Schubert, den Gesamtzyklus der Klaviersonaten des \u00f6sterreichischen Komponisten pr\u00e4sentiert.<\/p>\n<p>Die 2021 gegr\u00fcndete Stiftung hat es sich im musikalischen Bereich zum Hauptziel gesetzt, junge K\u00fcnstler*innen zu f\u00f6rdern und das musikalische Erbe der Vergangenheit lebendig zu halten.<\/p>\n<p>&nbsp;<\/p>\n<p><span style=\"text-decoration: underline;\">Zur Biographie<\/span><\/p>\n<p>Als Preistr\u00e4ger zahlreicher internationaler Wettbewerbe, darunter der Virtuoso Prize beim Vendome Piano Prize im Rahmen des Verbier Festivals 2019 sowie der zweite Preis des Premio Abbado, ausgeschrieben vom italienischen Bildungsministerium (MIUR) im Gedenken an Claudio Abbado, hat sich <strong>Luigi Carroccia<\/strong> auf nationaler und internationaler Ebene etabliert. Er nahm an renommierten Wettbewerben wie dem Van Cliburn in Fort Worth, dem Ferruccio Busoni in Bozen und dem Fryderyk-Chopin-Wettbewerb in Warschau teil. Seither f\u00fchrt ihn seine Konzertt\u00e4tigkeit regelm\u00e4\u00dfig zu Festivals wie dem Duszniki International Chopin Piano Festival und den Dresdner Musikfestspielen sowie in bedeutende S\u00e4le, darunter die Ishibashi Memorial Hall der Universit\u00e4t Tokio, Flagey in Br\u00fcssel, die Symphony Hall und die Town Hall in Birmingham, die Sale Apollinee des Teatro La Fenice in Venedig, das Teatro Bibiena in Mantua, die Salle Bourgie in Montreal und das Staatliche Konservatorium Tiflis.<\/p>\n<p>&nbsp;<\/p>\n<p><span style=\"text-decoration: underline; color: #0000ff;\"><a style=\"color: #0000ff; text-decoration: underline;\" href=\"https:\/\/www.austriacult.roma.it\/wp-content\/uploads\/2026\/03\/Brochure-Stagione-concertistica-2026-Fondazione-Nicola-Bulgari.pdf\">Brosch\u00fcre der Konzertsaison 2026 der Fondazione Nicola Bulgari<\/a><\/span><\/p>\n<p>&nbsp;<\/p>\n<p><em>Informationen zum Event:<\/em><\/p>\n<p><a href=\"https:\/\/ticketing.teatrodellacometa.com\/dettaglio-spettacolo.php?negozio_spettacolo_id=829\"><span style=\"color: #ff0000;\"><b><u>TICKETS<\/u><\/b><\/span><\/a><\/p>\n<p>&nbsp;<\/p>\n<p><\/p>","protected":false},"excerpt":{"rendered":"<\/p>\n<p>Luigi Carroccia, Artist in Residence der Fondazione Nicola Bulgari, pr\u00e4sentiert dem r\u00f6mischen Publikum das erste Recital des Gesamtzyklus der Klaviersonaten von Franz Schubert.<\/p>\n<p>Dabei erklingt auch die ber\u00fchmte \u201eFantasie\u201c, die von Robert Schumann mit gro\u00dfer Begeisterung aufgenommen und im Vergleich zu den zeitgen\u00f6ssischen Sonaten D 845 und D 850 als \u201edie vollkommenste in Form und Geist\u201c bezeichnet wurde.<\/p>\n<p>&nbsp;<\/p>\n<p>Programm<br \/>\nSonate A-Dur D 664 op. posth. 120<br \/>\nSonate a-Moll D 784 op. 140<br \/>\nSonate G-Dur \u201eFantasie\u201c D 894 op. 78<\/p>\n<p>&nbsp;<\/p>\n<p>Dieses Konzert markiert den [&#8230;]<\/p>\n","protected":false},"author":2,"featured_media":25822,"comment_status":"closed","ping_status":"closed","template":"","meta":{"footnotes":""},"tags":[],"tribe_events_cat":[313],"class_list":["post-25820","tribe_events","type-tribe_events","status-publish","has-post-thumbnail","hentry","tribe_events_cat-concerto","cat_concerto"],"_links":{"self":[{"href":"https:\/\/www.austriacult.roma.it\/de\/wp-json\/wp\/v2\/tribe_events\/25820","targetHints":{"allow":["GET"]}}],"collection":[{"href":"https:\/\/www.austriacult.roma.it\/de\/wp-json\/wp\/v2\/tribe_events"}],"about":[{"href":"https:\/\/www.austriacult.roma.it\/de\/wp-json\/wp\/v2\/types\/tribe_events"}],"author":[{"embeddable":true,"href":"https:\/\/www.austriacult.roma.it\/de\/wp-json\/wp\/v2\/users\/2"}],"replies":[{"embeddable":true,"href":"https:\/\/www.austriacult.roma.it\/de\/wp-json\/wp\/v2\/comments?post=25820"}],"version-history":[{"count":15,"href":"https:\/\/www.austriacult.roma.it\/de\/wp-json\/wp\/v2\/tribe_events\/25820\/revisions"}],"predecessor-version":[{"id":25842,"href":"https:\/\/www.austriacult.roma.it\/de\/wp-json\/wp\/v2\/tribe_events\/25820\/revisions\/25842"}],"wp:featuredmedia":[{"embeddable":true,"href":"https:\/\/www.austriacult.roma.it\/de\/wp-json\/wp\/v2\/media\/25822"}],"wp:attachment":[{"href":"https:\/\/www.austriacult.roma.it\/de\/wp-json\/wp\/v2\/media?parent=25820"}],"wp:term":[{"taxonomy":"post_tag","embeddable":true,"href":"https:\/\/www.austriacult.roma.it\/de\/wp-json\/wp\/v2\/tags?post=25820"},{"taxonomy":"tribe_events_cat","embeddable":true,"href":"https:\/\/www.austriacult.roma.it\/de\/wp-json\/wp\/v2\/tribe_events_cat?post=25820"}],"curies":[{"name":"wp","href":"https:\/\/api.w.org\/{rel}","templated":true}]}}

<p></p>
<p><strong>Luigi Carroccia</strong>, Artist in Residence der Fondazione Nicola Bulgari, präsentiert dem römischen Publikum das erste Recital des Gesamtzyklus der Klaviersonaten von Franz Schubert.</p>
<p>Dabei erklingt auch die berühmte „Fantasie“, die von Robert Schumann mit großer Begeisterung aufgenommen und im Vergleich zu den zeitgenössischen Sonaten D 845 und D 850 als „die vollkommenste in Form und Geist“ bezeichnet wurde.</p>
<p>&nbsp;</p>
<p><span style="text-decoration: underline;">Programm</span><br />
Sonate A-Dur D 664 op. posth. 120<br />
Sonate a-Moll D 784 op. 140<br />
Sonate G-Dur „Fantasie“ D 894 op. 78</p>
<p>&nbsp;</p>
<p>Dieses Konzert markiert den Auftakt eines Projekts, das die Aufführung von 11 Sonaten in vier Recitals vorsieht, in denen Luigi Carroccia bis 2028, dem Jahr des 200. Todestages von Franz Schubert, den Gesamtzyklus der Klaviersonaten des österreichischen Komponisten präsentiert.</p>
<p>Die 2021 gegründete Stiftung hat es sich im musikalischen Bereich zum Hauptziel gesetzt, junge Künstler*innen zu fördern und das musikalische Erbe der Vergangenheit lebendig zu halten.</p>
<p>&nbsp;</p>
<p><span style="text-decoration: underline;">Zur Biographie</span></p>
<p>Als Preisträger zahlreicher internationaler Wettbewerbe, darunter der Virtuoso Prize beim Vendome Piano Prize im Rahmen des Verbier Festivals 2019 sowie der zweite Preis des Premio Abbado, ausgeschrieben vom italienischen Bildungsministerium (MIUR) im Gedenken an Claudio Abbado, hat sich <strong>Luigi Carroccia</strong> auf nationaler und internationaler Ebene etabliert. Er nahm an renommierten Wettbewerben wie dem Van Cliburn in Fort Worth, dem Ferruccio Busoni in Bozen und dem Fryderyk-Chopin-Wettbewerb in Warschau teil. Seither führt ihn seine Konzerttätigkeit regelmäßig zu Festivals wie dem Duszniki International Chopin Piano Festival und den Dresdner Musikfestspielen sowie in bedeutende Säle, darunter die Ishibashi Memorial Hall der Universität Tokio, Flagey in Brüssel, die Symphony Hall und die Town Hall in Birmingham, die Sale Apollinee des Teatro La Fenice in Venedig, das Teatro Bibiena in Mantua, die Salle Bourgie in Montreal und das Staatliche Konservatorium Tiflis.</p>
<p>&nbsp;</p>
<p><span style="text-decoration: underline; color: #0000ff;"><a style="color: #0000ff; text-decoration: underline;" href="https://www.austriacult.roma.it/wp-content/uploads/2026/03/Brochure-Stagione-concertistica-2026-Fondazione-Nicola-Bulgari.pdf">Broschüre der Konzertsaison 2026 der Fondazione Nicola Bulgari</a></span></p>
<p>&nbsp;</p>
<p><em>Informationen zum Event:</em></p>
<p><a href="https://ticketing.teatrodellacometa.com/dettaglio-spettacolo.php?negozio_spettacolo_id=829"><span style="color: #ff0000;"><b><u>TICKETS</u></b></span></a></p>
<p>&nbsp;</p>
<p></p>

</p>
<p>Luigi Carroccia, Artist in Residence der Fondazione Nicola Bulgari, präsentiert dem römischen Publikum das erste Recital des Gesamtzyklus der Klaviersonaten von Franz Schubert.</p>
<p>Dabei erklingt auch die berühmte „Fantasie“, die von Robert Schumann mit großer Begeisterung aufgenommen und im Vergleich zu den zeitgenössischen Sonaten D 845 und D 850 als „die vollkommenste in Form und Geist“ bezeichnet wurde.</p>
<p>&nbsp;</p>
<p>Programm<br />
Sonate A-Dur D 664 op. posth. 120<br />
Sonate a-Moll D 784 op. 140<br />
Sonate G-Dur „Fantasie“ D 894 op. 78</p>
<p>&nbsp;</p>
<p>Dieses Konzert markiert den [&#8230;]</p>
