{"id":2568,"date":"2015-05-19T16:46:26","date_gmt":"2015-05-19T14:46:26","guid":{"rendered":"http:\/\/new.austriacult.roma.it\/?post_type=tribe_events&#038;p=2568"},"modified":"2015-05-19T17:25:58","modified_gmt":"2015-05-19T15:25:58","slug":"promozione-santa-cecilia-antonio-pappano-dirige-bruckner-26-05","status":"publish","type":"tribe_events","link":"https:\/\/www.austriacult.roma.it\/de\/veranstaltung\/promozione-santa-cecilia-antonio-pappano-dirige-bruckner-26-05\/","title":{"rendered":"Promozione Santa Cecilia: Antonio Pappano dirige Bruckner 26.05."},"content":{"rendered":"<p style=\"text-align: justify;\"><span style=\"color: #ff0000;\"><strong><a style=\"color: #ff0000;\" href=\"http:\/\/www.santacecilia.it\/concerti_e_biglietti\/schedaEvento.html?i=1000010838&amp;d=20150523&amp;o=18.00\">luned\u00ec 25 maggio ore 20.30 <\/a><\/strong><\/span><br \/>\n<span style=\"color: #ff0000;\"><strong><a style=\"color: #ff0000;\" href=\"http:\/\/www.santacecilia.it\/concerti_e_biglietti\/schedaEvento.html?i=1000010838&amp;d=20150523&amp;o=18.00\">marted\u00ec 26 maggio ore 19.30<\/a><\/strong><\/span><\/p>\n<p><strong>Orchestra dell&#8217;Accademia Nazionale di Santa Cecilia<\/strong><br \/>\n<strong>Antonio Pappano<\/strong> direttore<\/p>\n<p><strong>Bruckner<\/strong> Sinfonia n. 8<\/p>\n<p>Il concerto \u00e8 dedicato al 40\u00b0anniversario di<strong> Amnesty International Italia<\/strong>: scopri le attivit\u00e0 dell\u2019organizzazione e partecipa al concerto con il <strong>30% di sconto<\/strong> sul biglietto stampando questa newsletter e presentandola al botteghino dell\u2019Auditorium Parco della Musica. Promozione valida per due persone.<\/p>\n<p>L&#8216;<em>Ottava Sinfonia<\/em> di Bruckner \u00e8 tra le pi\u00f9 imponenti e grandiose di tutta la storia della musica. L&#8217;essere stata composta e rivista nell&#8217;arco di sei anni ci dice della complessit\u00e0 del lavoro ma questo non deve trarre in inganno. \u00c8 l&#8217;abbondanza di idee e la loro gestione che tenne impegnato il compositore a lungo. Ecco perch\u00e9 la Sinfonia ci fa pensare ad un organismo che prende forma e si avvia al movimento, forse vi \u00e8 rappresentata la finitezza dell&#8217;uomo davanti al creato, vi \u00e8 detto del sentimento di devozione verso il divino, vi \u00e8 la misura del contrasto tra l&#8217;infinitesimale e la vastit\u00e0 dell&#8217;universo. Forse nulla di tutto ci\u00f2. Sta di fatto che questa partitura immensa, questa cattedrale sonora di abbagliante forza espressiva si pone tra i grandi capolavori musicali di ogni epoca.<\/p>\n<p><strong>info e biglietti su<\/strong> <a href=\"http:\/\/www.santacecilia.it\/concerti_e_biglietti\/schedaEvento.html?i=1000010829&amp;d=20150418&amp;o=18.00\">www.santacecilia.it<\/a><\/p>\n<p><img decoding=\"async\" src=\"http:\/\/new.austriacult.roma.it\/wp-content\/uploads\/2015\/04\/logo-accademia-nazionale-di-santa-cecilia.jpg\" alt=\"\" \/><\/p>\n<p><img decoding=\"async\" src=\"http:\/\/new.austriacult.roma.it\/wp-content\/uploads\/2015\/05\/amnesty-international-1.png\" alt=\"\" \/><\/p>\n<p><span style=\"font-size: medium;\"><strong><span style=\"color: black; font-family: 'Trebuchet MS','sans-serif';\">25 maggio: Concerto del 40\u00b0di Amnesty International Italia<\/span><\/strong><\/span><\/p>\n<p><span style=\"color: black; font-family: 'Trebuchet MS','sans-serif'; font-size: 9.5pt;\">Nel 2015 Amnesty International Italia compie 40 anni. Un\u2019idea forte, quella di Amnesty presto trasformatasi in una posizione vincente da quando, nel 1961, Peter Benenson, un avvocato inglese, prese a cuore e port\u00f2 alla ribalta la vicenda di due studenti, condannati in Portogallo per aver fatto un brindisi alla libert\u00e0. La lotta di Benenson cambi\u00f2 la sua vita e, in prospettiva, quella di milioni di persone. Da quel momento in poi singole persone, comuni cittadini, si organizzarono per trasformare la loro indignazione in azione concreta. Come Benenson aveva intuito, se ciascuno avesse trasformato la sua indignazione in azione con l\u2019invio di una lettera alle autorit\u00e0 competenti, quelle lettere sarebbero state migliaia o decine di migliaia, cambiando destini apparentemente segnati. Dal 1975, i \u201cmilitanti\u201d dei diritti umani, i soci di Amnesty International Italia hanno contribuito a liberare buona parte degli oltre 50.000 prigionieri, rilasciati grazie alle azioni promosse.<\/span><\/p>\n<p><span style=\"color: black; font-family: 'Trebuchet MS','sans-serif'; font-size: 9.5pt;\"><a href=\"http:\/\/www.amnesty.it\/\" target=\"_self\">www.amnesty.it<\/a><\/span><\/p>\n<p><strong>Per stampare la promozione <\/strong><br \/>\n<a href=\"http:\/\/new.austriacult.roma.it\/wp-content\/uploads\/2015\/05\/promo-antonio-pappano-dirige-bruckner.pdf\" target=\"_blank\">cliccare qui<\/a><\/p>\n","protected":false},"excerpt":{"rendered":"<p style=\"text-align: justify;\"><a style=\"color: #ff0000;\" href=\"http:\/\/www.santacecilia.it\/concerti_e_biglietti\/schedaEvento.html?i=1000010838&amp;d=20150523&amp;o=18.00\">luned\u00ec 25 maggio ore 20.30 <\/a><br \/>\n<a style=\"color: #ff0000;\" href=\"http:\/\/www.santacecilia.it\/concerti_e_biglietti\/schedaEvento.html?i=1000010838&amp;d=20150523&amp;o=18.00\">marted\u00ec 26 maggio ore 19.30<\/a><\/p>\n<p>Orchestra dell&#8217;Accademia Nazionale di Santa Cecilia<br \/>\nAntonio Pappano direttore<\/p>\n<p>Bruckner Sinfonia n. 8<\/p>\n<p>Il concerto \u00e8 dedicato al 40\u00b0anniversario di Amnesty International Italia: scopri le attivit\u00e0 dell\u2019organizzazione e partecipa al concerto con il 30% di sconto sul biglietto stampando questa newsletter e presentandola al botteghino dell\u2019Auditorium Parco della Musica. Promozione valida per due persone.<\/p>\n<p>L&#8216;Ottava Sinfonia di Bruckner \u00e8 tra le pi\u00f9 imponenti e grandiose [&#8230;]<\/p>\n","protected":false},"author":2,"featured_media":2564,"comment_status":"closed","ping_status":"closed","template":"","meta":{"footnotes":""},"tags":[113,157,42],"tribe_events_cat":[3],"class_list":["post-2568","tribe_events","type-tribe_events","status-publish","has-post-thumbnail","hentry","tag-accademia-nazionale-di-santa-cecilia","tag-auditorium","tag-concerto","tribe_events_cat-musik","cat_musik"],"_links":{"self":[{"href":"https:\/\/www.austriacult.roma.it\/de\/wp-json\/wp\/v2\/tribe_events\/2568","targetHints":{"allow":["GET"]}}],"collection":[{"href":"https:\/\/www.austriacult.roma.it\/de\/wp-json\/wp\/v2\/tribe_events"}],"about":[{"href":"https:\/\/www.austriacult.roma.it\/de\/wp-json\/wp\/v2\/types\/tribe_events"}],"author":[{"embeddable":true,"href":"https:\/\/www.austriacult.roma.it\/de\/wp-json\/wp\/v2\/users\/2"}],"replies":[{"embeddable":true,"href":"https:\/\/www.austriacult.roma.it\/de\/wp-json\/wp\/v2\/comments?post=2568"}],"version-history":[{"count":0,"href":"https:\/\/www.austriacult.roma.it\/de\/wp-json\/wp\/v2\/tribe_events\/2568\/revisions"}],"wp:featuredmedia":[{"embeddable":true,"href":"https:\/\/www.austriacult.roma.it\/de\/wp-json\/wp\/v2\/media\/2564"}],"wp:attachment":[{"href":"https:\/\/www.austriacult.roma.it\/de\/wp-json\/wp\/v2\/media?parent=2568"}],"wp:term":[{"taxonomy":"post_tag","embeddable":true,"href":"https:\/\/www.austriacult.roma.it\/de\/wp-json\/wp\/v2\/tags?post=2568"},{"taxonomy":"tribe_events_cat","embeddable":true,"href":"https:\/\/www.austriacult.roma.it\/de\/wp-json\/wp\/v2\/tribe_events_cat?post=2568"}],"curies":[{"name":"wp","href":"https:\/\/api.w.org\/{rel}","templated":true}]}}

<p style="text-align: justify;"><span style="color: #ff0000;"><strong><a style="color: #ff0000;" href="http://www.santacecilia.it/concerti_e_biglietti/schedaEvento.html?i=1000010838&amp;d=20150523&amp;o=18.00">lunedì 25 maggio ore 20.30 </a></strong></span><br />
<span style="color: #ff0000;"><strong><a style="color: #ff0000;" href="http://www.santacecilia.it/concerti_e_biglietti/schedaEvento.html?i=1000010838&amp;d=20150523&amp;o=18.00">martedì 26 maggio ore 19.30</a></strong></span></p>
<p><strong>Orchestra dell&#8217;Accademia Nazionale di Santa Cecilia</strong><br />
<strong>Antonio Pappano</strong> direttore</p>
<p><strong>Bruckner</strong> Sinfonia n. 8</p>
<p>Il concerto è dedicato al 40°anniversario di<strong> Amnesty International Italia</strong>: scopri le attività dell’organizzazione e partecipa al concerto con il <strong>30% di sconto</strong> sul biglietto stampando questa newsletter e presentandola al botteghino dell’Auditorium Parco della Musica. Promozione valida per due persone.</p>
<p>L&#8216;<em>Ottava Sinfonia</em> di Bruckner è tra le più imponenti e grandiose di tutta la storia della musica. L&#8217;essere stata composta e rivista nell&#8217;arco di sei anni ci dice della complessità del lavoro ma questo non deve trarre in inganno. È l&#8217;abbondanza di idee e la loro gestione che tenne impegnato il compositore a lungo. Ecco perché la Sinfonia ci fa pensare ad un organismo che prende forma e si avvia al movimento, forse vi è rappresentata la finitezza dell&#8217;uomo davanti al creato, vi è detto del sentimento di devozione verso il divino, vi è la misura del contrasto tra l&#8217;infinitesimale e la vastità dell&#8217;universo. Forse nulla di tutto ciò. Sta di fatto che questa partitura immensa, questa cattedrale sonora di abbagliante forza espressiva si pone tra i grandi capolavori musicali di ogni epoca.</p>
<p><strong>info e biglietti su</strong> <a href="http://www.santacecilia.it/concerti_e_biglietti/schedaEvento.html?i=1000010829&amp;d=20150418&amp;o=18.00">www.santacecilia.it</a></p>
<p><img decoding="async" src="http://new.austriacult.roma.it/wp-content/uploads/2015/04/logo-accademia-nazionale-di-santa-cecilia.jpg" alt="" /></p>
<p><img decoding="async" src="http://new.austriacult.roma.it/wp-content/uploads/2015/05/amnesty-international-1.png" alt="" /></p>
<p><span style="font-size: medium;"><strong><span style="color: black; font-family: 'Trebuchet MS','sans-serif';">25 maggio: Concerto del 40°di Amnesty International Italia</span></strong></span></p>
<p><span style="color: black; font-family: 'Trebuchet MS','sans-serif'; font-size: 9.5pt;">Nel 2015 Amnesty International Italia compie 40 anni. Un’idea forte, quella di Amnesty presto trasformatasi in una posizione vincente da quando, nel 1961, Peter Benenson, un avvocato inglese, prese a cuore e portò alla ribalta la vicenda di due studenti, condannati in Portogallo per aver fatto un brindisi alla libertà. La lotta di Benenson cambiò la sua vita e, in prospettiva, quella di milioni di persone. Da quel momento in poi singole persone, comuni cittadini, si organizzarono per trasformare la loro indignazione in azione concreta. Come Benenson aveva intuito, se ciascuno avesse trasformato la sua indignazione in azione con l’invio di una lettera alle autorità competenti, quelle lettere sarebbero state migliaia o decine di migliaia, cambiando destini apparentemente segnati. Dal 1975, i “militanti” dei diritti umani, i soci di Amnesty International Italia hanno contribuito a liberare buona parte degli oltre 50.000 prigionieri, rilasciati grazie alle azioni promosse.</span></p>
<p><span style="color: black; font-family: 'Trebuchet MS','sans-serif'; font-size: 9.5pt;"><a href="http://www.amnesty.it/" target="_self">www.amnesty.it</a></span></p>
<p><strong>Per stampare la promozione </strong><br />
<a href="http://new.austriacult.roma.it/wp-content/uploads/2015/05/promo-antonio-pappano-dirige-bruckner.pdf" target="_blank">cliccare qui</a></p>

<p style="text-align: justify;"><a style="color: #ff0000;" href="http://www.santacecilia.it/concerti_e_biglietti/schedaEvento.html?i=1000010838&amp;d=20150523&amp;o=18.00">lunedì 25 maggio ore 20.30 </a><br />
<a style="color: #ff0000;" href="http://www.santacecilia.it/concerti_e_biglietti/schedaEvento.html?i=1000010838&amp;d=20150523&amp;o=18.00">martedì 26 maggio ore 19.30</a></p>
<p>Orchestra dell&#8217;Accademia Nazionale di Santa Cecilia<br />
Antonio Pappano direttore</p>
<p>Bruckner Sinfonia n. 8</p>
<p>Il concerto è dedicato al 40°anniversario di Amnesty International Italia: scopri le attività dell’organizzazione e partecipa al concerto con il 30% di sconto sul biglietto stampando questa newsletter e presentandola al botteghino dell’Auditorium Parco della Musica. Promozione valida per due persone.</p>
<p>L&#8216;Ottava Sinfonia di Bruckner è tra le più imponenti e grandiose [&#8230;]</p>
