{"id":25406,"date":"2026-02-25T10:19:55","date_gmt":"2026-02-25T09:19:55","guid":{"rendered":"https:\/\/www.austriacult.roma.it\/?post_type=tribe_events&#038;p=25406"},"modified":"2026-02-25T10:19:55","modified_gmt":"2026-02-25T09:19:55","slug":"una-donna-nella-luna-fritz-lang","status":"publish","type":"tribe_events","link":"https:\/\/www.austriacult.roma.it\/de\/veranstaltung\/frau-im-mond-fritz-lang\/","title":{"rendered":"FRAU IM MOND | Fritz Lang"},"content":{"rendered":"<p><\/p>\n<p><strong>FRAU IM MOND<\/strong><\/p>\n<p>(<em>Frau im Mond<\/em>, Deutschland 1929)<\/p>\n<p>von Fritz Lang, mit Willy Fritsch, Gerda Maurus, Fritz Rasp<\/p>\n<p>s\/w, Dauer: 170\u2019, DCP OV itU<\/p>\n<p>&nbsp;<\/p>\n<p>Vier M\u00e4nner, eine Frau und ein Kind reisen auf einem Raumschiff zum Mond, auf der Suche nach Gold. In seinem letzen Stummfilm adaptiert Lang einen Roman seiner Frau und Drehbuchautorin Thea von Harbou. Besonders brilliert Lang dabei in den Weltallsequenzen, die visuell beeindruckend und von \u00fcberraschender wissenschaftlicher Genauigkeit sind.<\/p>\n<p>&nbsp;<\/p>\n<p>&nbsp;<\/p>\n<p>&nbsp;<\/p>\n<p><span style=\"text-decoration: underline;\"><span style=\"color: #0000ff;\"><a style=\"color: #0000ff; text-decoration: underline;\" href=\"https:\/\/www.austriacult.roma.it\/wp-content\/uploads\/2026\/02\/PER_FritzLang_14x21_1702rid.pdf\">Vollst\u00e4ndiges Programm<\/a><\/span><\/span><\/p>\n<p>&nbsp;<\/p>\n<p><strong>INFORMATIONEN<\/strong><\/p>\n<p>Palazzo Esposizioni Roma &#8211; Kinosaal<\/p>\n<p>Eingang \u00fcber die Treppe von Via Milano 9 a, Rom<\/p>\n<p><strong>Eintritt Frei, solange Pl\u00e4tze verf\u00fcgbar sind &#8211; Reservierung empfohlen<\/strong><\/p>\n<p>Reservierungen \u00fcber die italienische Version der folgenden Website <a href=\"http:\/\/www.palazzoesposizioniroma.it\/\">www.palazzoesposizioniroma.it<\/a> ab 9.00 Uhr am Vortag der gew\u00fcnschten Vorf\u00fchrung bis zwei Stunden vor Vorstellungsbeginn.<\/p>\n<p>Nach erfolgter Reservierung bitten wir Sie, mindestens 10 Minuten vor Beginn der Vorf\u00fchrung zu erscheinen, da andernfalls Ihr Platz an am Eingang wartendes Publikum vergeben wird.<\/p>\n<p>Falls Sie doch nicht kommen k\u00f6nnen, bitte erinnern Sie sich, die Reservierung in Ihrem pers\u00f6nlichen Bereich auf der Website zu stornieren, um anderen Personen die Teilnahme zu erm\u00f6glichen. Sollten online alle Pl\u00e4tze ausverkauft sein, besteht vor Vorstellungsbeginn die M\u00f6glichkeit, durch Nichterscheinen oder Stornierungen frei gewordene Pl\u00e4tze zu erhalten.<\/p>\n<p><\/p>","protected":false},"excerpt":{"rendered":"<\/p>\n<p>FRAU IM MOND<\/p>\n<p>(Frau im Mond, Deutschland 1929)<\/p>\n<p>von Fritz Lang, mit Willy Fritsch, Gerda Maurus, Fritz Rasp<\/p>\n<p>s\/w, Dauer: 170\u2019, DCP OV itU<\/p>\n<p>&nbsp;<\/p>\n<p>Vier M\u00e4nner, eine Frau und ein Kind reisen auf einem Raumschiff zum Mond, auf der Suche nach Gold. In seinem letzen Stummfilm adaptiert Lang einen Roman seiner Frau und Drehbuchautorin Thea von Harbou. Besonders brilliert Lang dabei in den Weltallsequenzen, die visuell beeindruckend und von \u00fcberraschender wissenschaftlicher Genauigkeit sind.<\/p>\n<p>&nbsp;<\/p>\n<p>&nbsp;<\/p>\n<p>&nbsp;<\/p>\n<p><a style=\"color: #0000ff; text-decoration: underline;\" href=\"https:\/\/www.austriacult.roma.it\/wp-content\/uploads\/2026\/02\/PER_FritzLang_14x21_1702rid.pdf\">Vollst\u00e4ndiges Programm<\/a><\/p>\n<p>&nbsp;<\/p>\n<p>INFORMATIONEN<\/p>\n<p>Palazzo Esposizioni Roma &#8211; Kinosaal<\/p>\n<p>Eingang \u00fcber [&#8230;]<\/p>\n","protected":false},"author":2,"featured_media":25408,"comment_status":"closed","ping_status":"closed","template":"","meta":{"footnotes":""},"tags":[],"tribe_events_cat":[8],"class_list":["post-25406","tribe_events","type-tribe_events","status-publish","has-post-thumbnail","hentry","tribe_events_cat-kino","cat_kino"],"_links":{"self":[{"href":"https:\/\/www.austriacult.roma.it\/de\/wp-json\/wp\/v2\/tribe_events\/25406","targetHints":{"allow":["GET"]}}],"collection":[{"href":"https:\/\/www.austriacult.roma.it\/de\/wp-json\/wp\/v2\/tribe_events"}],"about":[{"href":"https:\/\/www.austriacult.roma.it\/de\/wp-json\/wp\/v2\/types\/tribe_events"}],"author":[{"embeddable":true,"href":"https:\/\/www.austriacult.roma.it\/de\/wp-json\/wp\/v2\/users\/2"}],"replies":[{"embeddable":true,"href":"https:\/\/www.austriacult.roma.it\/de\/wp-json\/wp\/v2\/comments?post=25406"}],"version-history":[{"count":1,"href":"https:\/\/www.austriacult.roma.it\/de\/wp-json\/wp\/v2\/tribe_events\/25406\/revisions"}],"predecessor-version":[{"id":25409,"href":"https:\/\/www.austriacult.roma.it\/de\/wp-json\/wp\/v2\/tribe_events\/25406\/revisions\/25409"}],"wp:featuredmedia":[{"embeddable":true,"href":"https:\/\/www.austriacult.roma.it\/de\/wp-json\/wp\/v2\/media\/25408"}],"wp:attachment":[{"href":"https:\/\/www.austriacult.roma.it\/de\/wp-json\/wp\/v2\/media?parent=25406"}],"wp:term":[{"taxonomy":"post_tag","embeddable":true,"href":"https:\/\/www.austriacult.roma.it\/de\/wp-json\/wp\/v2\/tags?post=25406"},{"taxonomy":"tribe_events_cat","embeddable":true,"href":"https:\/\/www.austriacult.roma.it\/de\/wp-json\/wp\/v2\/tribe_events_cat?post=25406"}],"curies":[{"name":"wp","href":"https:\/\/api.w.org\/{rel}","templated":true}]}}

<p></p>
<p><strong>FRAU IM MOND</strong></p>
<p>(<em>Frau im Mond</em>, Deutschland 1929)</p>
<p>von Fritz Lang, mit Willy Fritsch, Gerda Maurus, Fritz Rasp</p>
<p>s/w, Dauer: 170’, DCP OV itU</p>
<p>&nbsp;</p>
<p>Vier Männer, eine Frau und ein Kind reisen auf einem Raumschiff zum Mond, auf der Suche nach Gold. In seinem letzen Stummfilm adaptiert Lang einen Roman seiner Frau und Drehbuchautorin Thea von Harbou. Besonders brilliert Lang dabei in den Weltallsequenzen, die visuell beeindruckend und von überraschender wissenschaftlicher Genauigkeit sind.</p>
<p>&nbsp;</p>
<p>&nbsp;</p>
<p>&nbsp;</p>
<p><span style="text-decoration: underline;"><span style="color: #0000ff;"><a style="color: #0000ff; text-decoration: underline;" href="https://www.austriacult.roma.it/wp-content/uploads/2026/02/PER_FritzLang_14x21_1702rid.pdf">Vollständiges Programm</a></span></span></p>
<p>&nbsp;</p>
<p><strong>INFORMATIONEN</strong></p>
<p>Palazzo Esposizioni Roma &#8211; Kinosaal</p>
<p>Eingang über die Treppe von Via Milano 9 a, Rom</p>
<p><strong>Eintritt Frei, solange Plätze verfügbar sind &#8211; Reservierung empfohlen</strong></p>
<p>Reservierungen über die italienische Version der folgenden Website <a href="http://www.palazzoesposizioniroma.it/">www.palazzoesposizioniroma.it</a> ab 9.00 Uhr am Vortag der gewünschten Vorführung bis zwei Stunden vor Vorstellungsbeginn.</p>
<p>Nach erfolgter Reservierung bitten wir Sie, mindestens 10 Minuten vor Beginn der Vorführung zu erscheinen, da andernfalls Ihr Platz an am Eingang wartendes Publikum vergeben wird.</p>
<p>Falls Sie doch nicht kommen können, bitte erinnern Sie sich, die Reservierung in Ihrem persönlichen Bereich auf der Website zu stornieren, um anderen Personen die Teilnahme zu ermöglichen. Sollten online alle Plätze ausverkauft sein, besteht vor Vorstellungsbeginn die Möglichkeit, durch Nichterscheinen oder Stornierungen frei gewordene Plätze zu erhalten.</p>
<p></p>

</p>
<p>FRAU IM MOND</p>
<p>(Frau im Mond, Deutschland 1929)</p>
<p>von Fritz Lang, mit Willy Fritsch, Gerda Maurus, Fritz Rasp</p>
<p>s/w, Dauer: 170’, DCP OV itU</p>
<p>&nbsp;</p>
<p>Vier Männer, eine Frau und ein Kind reisen auf einem Raumschiff zum Mond, auf der Suche nach Gold. In seinem letzen Stummfilm adaptiert Lang einen Roman seiner Frau und Drehbuchautorin Thea von Harbou. Besonders brilliert Lang dabei in den Weltallsequenzen, die visuell beeindruckend und von überraschender wissenschaftlicher Genauigkeit sind.</p>
<p>&nbsp;</p>
<p>&nbsp;</p>
<p>&nbsp;</p>
<p><a style="color: #0000ff; text-decoration: underline;" href="https://www.austriacult.roma.it/wp-content/uploads/2026/02/PER_FritzLang_14x21_1702rid.pdf">Vollständiges Programm</a></p>
<p>&nbsp;</p>
<p>INFORMATIONEN</p>
<p>Palazzo Esposizioni Roma &#8211; Kinosaal</p>
<p>Eingang über [&#8230;]</p>
