{"id":25049,"date":"2025-12-22T11:26:36","date_gmt":"2025-12-22T10:26:36","guid":{"rendered":"https:\/\/www.austriacult.roma.it\/?post_type=tribe_events&#038;p=25049"},"modified":"2026-01-07T15:15:29","modified_gmt":"2026-01-07T14:15:29","slug":"forbidden-exiled-outlawed-lydia-rathkolb-soprano-e-maximilian-flieder-pianoforte","status":"publish","type":"tribe_events","link":"https:\/\/www.austriacult.roma.it\/de\/veranstaltung\/forbidden-exiled-outlawed-lydia-rathkolb-soprano-e-maximilian-flieder-pianoforte\/","title":{"rendered":"VERBOTEN \u2013 VERTRIEBEN \u2013 AUSGEGRENZT | LYDIA RATHKOLB (Sopran) und MAXIMILIAN FLIEDER (Klavier), mit historischen Erl\u00e4uterungen von OLIVER RATHKOLB"},"content":{"rendered":"<p><\/p>\n<p>Der Liederabend mit\u00a0Lydia Rathkolb (Sopran) und Maximilian Flieder (Klavier), widmet sich jenen Stimmen der klassischen Musik, die durch politische Umbr\u00fcche und Ausgrenzung zum Schweigen gebracht wurden, oder ins Exil gehen mussten.<\/p>\n<p>Vertieft durch zeithistorisch politische Erg\u00e4nzungen vom Wiener Historiker Univ.Prof.DDr. Oliver Rathkolb erklingen Werke von Gustav Mahler, Alma Schindler-Mahler, Erich Korngold, Felix Mendelssohn Bartholdy, Bela B\u00e1rtok, Eric Zeisl und Iv\u00e1n Er\u00f6d.<\/p>\n<p>Ein eindringliches Programm, das musikalische Vielfalt, emotionale Tiefe und historische Reflexion miteinander verbindet.<\/p>\n<p>Am Abend nimmt auch Anna Maria Sambuco teil; Die Pr\u00e4sidentin von ANEI (Assoc. Nazionale Ex Internati nei Lager nazisti), des italienischen Verbands der ehemaligen Kriegsgefangenen, wird einen \u00dcberblick \u00fcber die Aktivit\u00e4ten des Verbands geben.<\/p>\n<p>&nbsp;<\/p>\n<p><strong>Lydia Rathkolb<\/strong><\/p>\n<p><a href=\"https:\/\/www.austriacult.roma.it\/wp-content\/uploads\/2025\/12\/CV-Lydia-Rathkolb-2021.docx\">Biographie<\/a><\/p>\n<p><strong>Maximilian Flieder<\/strong><\/p>\n<p><a href=\"https:\/\/www.austriacult.roma.it\/wp-content\/uploads\/2025\/12\/CVMF2022.pdf\">Biographie<\/a><\/p>\n<p>&nbsp;<\/p>\n<p><\/p>","protected":false},"excerpt":{"rendered":"<\/p>\n<p>Der Liederabend mit\u00a0Lydia Rathkolb (Sopran) und Maximilian Flieder (Klavier), widmet sich jenen Stimmen der klassischen Musik, die durch politische Umbr\u00fcche und Ausgrenzung zum Schweigen gebracht wurden, oder ins Exil gehen mussten.<\/p>\n<p>Vertieft durch zeithistorisch politische Erg\u00e4nzungen vom Wiener Historiker Univ.Prof.DDr. Oliver Rathkolb erklingen Werke von Gustav Mahler, Alma Schindler-Mahler, Erich Korngold, Felix Mendelssohn Bartholdy, Bela B\u00e1rtok, Eric Zeisl und Iv\u00e1n Er\u00f6d.<\/p>\n<p>Ein eindringliches Programm, das musikalische Vielfalt, emotionale Tiefe und historische Reflexion miteinander verbindet.<\/p>\n<p>Am Abend nimmt auch Anna Maria Sambuco teil; Die [&#8230;]<\/p>\n","protected":false},"author":2,"featured_media":25055,"comment_status":"closed","ping_status":"closed","template":"","meta":{"footnotes":""},"tags":[],"tribe_events_cat":[313,3],"class_list":["post-25049","tribe_events","type-tribe_events","status-publish","has-post-thumbnail","hentry","tribe_events_cat-concerto","tribe_events_cat-musik","cat_concerto","cat_musik"],"_links":{"self":[{"href":"https:\/\/www.austriacult.roma.it\/de\/wp-json\/wp\/v2\/tribe_events\/25049","targetHints":{"allow":["GET"]}}],"collection":[{"href":"https:\/\/www.austriacult.roma.it\/de\/wp-json\/wp\/v2\/tribe_events"}],"about":[{"href":"https:\/\/www.austriacult.roma.it\/de\/wp-json\/wp\/v2\/types\/tribe_events"}],"author":[{"embeddable":true,"href":"https:\/\/www.austriacult.roma.it\/de\/wp-json\/wp\/v2\/users\/2"}],"replies":[{"embeddable":true,"href":"https:\/\/www.austriacult.roma.it\/de\/wp-json\/wp\/v2\/comments?post=25049"}],"version-history":[{"count":5,"href":"https:\/\/www.austriacult.roma.it\/de\/wp-json\/wp\/v2\/tribe_events\/25049\/revisions"}],"predecessor-version":[{"id":25118,"href":"https:\/\/www.austriacult.roma.it\/de\/wp-json\/wp\/v2\/tribe_events\/25049\/revisions\/25118"}],"wp:featuredmedia":[{"embeddable":true,"href":"https:\/\/www.austriacult.roma.it\/de\/wp-json\/wp\/v2\/media\/25055"}],"wp:attachment":[{"href":"https:\/\/www.austriacult.roma.it\/de\/wp-json\/wp\/v2\/media?parent=25049"}],"wp:term":[{"taxonomy":"post_tag","embeddable":true,"href":"https:\/\/www.austriacult.roma.it\/de\/wp-json\/wp\/v2\/tags?post=25049"},{"taxonomy":"tribe_events_cat","embeddable":true,"href":"https:\/\/www.austriacult.roma.it\/de\/wp-json\/wp\/v2\/tribe_events_cat?post=25049"}],"curies":[{"name":"wp","href":"https:\/\/api.w.org\/{rel}","templated":true}]}}

VERBOTEN – VERTRIEBEN – AUSGEGRENZT | LYDIA RATHKOLB (Sopran) und MAXIMILIAN FLIEDER (Klavier), mit historischen Erläuterungen von OLIVER RATHKOLB

<p></p>
<p>Der Liederabend mit Lydia Rathkolb (Sopran) und Maximilian Flieder (Klavier), widmet sich jenen Stimmen der klassischen Musik, die durch politische Umbrüche und Ausgrenzung zum Schweigen gebracht wurden, oder ins Exil gehen mussten.</p>
<p>Vertieft durch zeithistorisch politische Ergänzungen vom Wiener Historiker Univ.Prof.DDr. Oliver Rathkolb erklingen Werke von Gustav Mahler, Alma Schindler-Mahler, Erich Korngold, Felix Mendelssohn Bartholdy, Bela Bártok, Eric Zeisl und Iván Eröd.</p>
<p>Ein eindringliches Programm, das musikalische Vielfalt, emotionale Tiefe und historische Reflexion miteinander verbindet.</p>
<p>Am Abend nimmt auch Anna Maria Sambuco teil; Die Präsidentin von ANEI (Assoc. Nazionale Ex Internati nei Lager nazisti), des italienischen Verbands der ehemaligen Kriegsgefangenen, wird einen Überblick über die Aktivitäten des Verbands geben.</p>
<p>&nbsp;</p>
<p><strong>Lydia Rathkolb</strong></p>
<p><a href="https://www.austriacult.roma.it/wp-content/uploads/2025/12/CV-Lydia-Rathkolb-2021.docx">Biographie</a></p>
<p><strong>Maximilian Flieder</strong></p>
<p><a href="https://www.austriacult.roma.it/wp-content/uploads/2025/12/CVMF2022.pdf">Biographie</a></p>
<p>&nbsp;</p>
<p></p>

</p>
<p>Der Liederabend mit Lydia Rathkolb (Sopran) und Maximilian Flieder (Klavier), widmet sich jenen Stimmen der klassischen Musik, die durch politische Umbrüche und Ausgrenzung zum Schweigen gebracht wurden, oder ins Exil gehen mussten.</p>
<p>Vertieft durch zeithistorisch politische Ergänzungen vom Wiener Historiker Univ.Prof.DDr. Oliver Rathkolb erklingen Werke von Gustav Mahler, Alma Schindler-Mahler, Erich Korngold, Felix Mendelssohn Bartholdy, Bela Bártok, Eric Zeisl und Iván Eröd.</p>
<p>Ein eindringliches Programm, das musikalische Vielfalt, emotionale Tiefe und historische Reflexion miteinander verbindet.</p>
<p>Am Abend nimmt auch Anna Maria Sambuco teil; Die [&#8230;]</p>
