{"id":2457,"date":"2015-04-09T10:44:05","date_gmt":"2015-04-09T08:44:05","guid":{"rendered":"http:\/\/new.austriacult.roma.it\/?post_type=tribe_events&#038;p=2457"},"modified":"2015-05-04T13:59:48","modified_gmt":"2015-05-04T11:59:48","slug":"raskin-fleischmann-concerto-e-discussione","status":"publish","type":"tribe_events","link":"https:\/\/www.austriacult.roma.it\/de\/veranstaltung\/raskin-fleischmann-concerto-e-discussione\/","title":{"rendered":"Raskin &#038; Fleischmann incontrano Paul Hertel &#8211; concerto e discussione"},"content":{"rendered":"<p style=\"text-align: justify;\">Philippe Raskin, violino<br \/>\nJohannes Fleischmann, pianoforte<br \/>\nPaul Hertel, compositore<\/p>\n<p style=\"text-align: justify;\">Il violino di Philippe Raskin e il pianoforte di Johannes Fleischmann in un concerto che toccher\u00e0 le note di Beethoven, Brahms e Strauss, fino ai brani del compositore austriaco contemporaneo Paul Hertel. Il Maestro Hertel, invitato per l\u2019occasione, presenter\u00e0 le proprie composizioni.<br \/>\nPaul Hertel concentra la propria produzione musicale sul teatro in lingua tedesca, lavorando spesso anche per emittenti televisive e case cinematografiche sia austriache che internazionali. Particolare eco riscuotono i suoi progetti di rappresentazione dell\u2019opera per bambini, in cui i bambini si esibiscono per altri bambini.<\/p>\n<p style=\"text-align: justify;\">Fra le tante opere del Maestro Hertel sono stati scelti due componimenti per violino e pianoforte rispettivamente del 2000 e del 2011.<br \/>\n<em>Astoria Lounge<\/em> (2000) racconta attraverso cinque movimenti le sensazioni contrastanti degli ospiti dell\u2019Hotel Astoria, che un pomeriggio all\u2019ora del t\u00e8 vengono accolti dall\u2019accompagnamento musicale di un duo inusuale. Si tratta di due musicisti emigranti, le cui note riportano in superficie ricordi ormai sepolti ed energie represse, lasciando sbigottiti gli uni ed entusiasti gli altri.<br \/>\n<em>Caf\u00e9 Ritz<\/em> (2011), invece, musica il fine serata in un locale oltre l\u2019orario di chiusura. Mentre il barista \u00e8 intento a ordinare le sedie sui tavolini, i musicisti sfruttano la quiete suonando solo per loro stessi. \u00c8 passato talmente tanto tempo dall\u2019ultima volta che hanno suonato per loro scelta che all\u2019inizio le note inciampano, man mano poi le dita si animano e il tango diventa sempre pi\u00f9 brioso.<br \/>\nQuesto il nucleo centrale del concerto romano, che il duo Raskin &amp; Fleischmann ha pensato di accompagnare con delle sonate scelte dal vasto repertorio di Ludwig van Beethoven, Johannes Brahms e Richard Stauss.<\/p>\n<p style=\"text-align: justify;\"><strong>Il duo RASKIN &amp; FLEISCHMANN<\/strong><br \/>\nJohannes Fleischmann e Philippe Raskin si incontrano nell\u2019agosto 2009 durante il Pablo Casals Festival a Prades. Alla prima esibizione in duo, nel novembre 2009, segue nel novembre 2011 il disco d\u2019esordio con musiche di Beethoven, Brahms e Franck. Impegnati in festival internazionali e concerti in Europa, Africa e Sud-America, Raskin &amp; Fleischmann trovano il supporto di molti musicisti famosi come Hatto Beyerle (Alban Berg Quartet), Evgenia Epshtein (Aviv Quartet), Johannes Meissl (Artis Quartet), Marta Gulyas, Erich H\u00f6barth (Quatuor Mosa\u00efque), Avedis Kouyoumdjian, Andr\u00e1s Keller (Keller Quartet) e Peter Nagy. Numerose le incisioni anche per la radio di stato austriaca \u00d61, Radio Stephansdom e la radio nazionale slovena.<br \/>\nLa musica contemporanea \u00e8 una parte importante dei loro programmi in cui spesso eseguono brani in prima assoluta. Raskin &amp; Fleischmann collaborano regolarmente con compositori contemporanei come Serkan G\u00fcrkan e Christoph Ehrenfellner, che hanno dedicato al duo rispettivamente \u00abMein Wien\u00bb e \u00abHunt Sonata\u00bb.<br \/>\nIl Ministero degli Affari Esteri austriaco ha scelto il duo come ambasciatore del programma NASOM \u00abNew Austrian Sound of Music\u00bb 2014-2015.<br \/>\nNel 2014 il duo ha vinto il \u201ePiano Chamber Music Award\u201c dell\u2019ISA-Festival.<br \/>\n<a href=\"http:\/\/www.raskinfleischmann.com\/\">www.raskinfleischmann.com<\/a><\/p>\n<p style=\"text-align: justify;\"><strong>Paul HERTEL<\/strong> \u00e8 un compositore e produttore austriaco. Dal 1982 lavora per il teatro in lingua tedesca, per il cinema e per emittenti televisive internazionali. Numerosi gli incarichi come compositore per formazioni da camera, orchestre di archi, sinfonie, ottoni, brassband, musical e opere, come anche per opere per bambini, gi\u00e0 per la Deutsche Oper Berlin. Grazie ai brani composti per il film tv \u201cDer gute Ort\u201c (sul cimitero ebraico di Mannheim) Hertel \u00e8 stato chiamato a far parte della \u201cFreie Akademie der K\u00fcnste Rhein-Neckar\u201c. Da alcuni anni \u00e8 professore ospite presso le universit\u00e0 di musica di Graz, Mersin, Izmir e Istanbul. Con le proprie opere, ascrivibili ai generi pi\u00f9 disparati, partecipa a concerti e festival internazionali in tutto il mondo: Huddersfield, Ville d&#8217;Avray, Aspekte Salzburg, Steirischer Herbst, MidEurope, Linz09, \u00d6sterreich Heute 1-5, Wien Modern, Cit\u00e9 Internationale des Arts. Fra i riconoscimenti si ricorda il Honorary Degree: &#8222;Best Composer of Film Music&#8220;.<\/p>\n<p><img decoding=\"async\" src=\"http:\/\/new.austriacult.roma.it\/wp-content\/uploads\/2015\/04\/Paul-Hertel.png\" alt=\"Paul Hertel\" \/><br \/>\n<a href=\"http:\/\/www.paulhertel.at\/\">www.paulhertel.at<\/a><\/p>\n<p><span style=\"color: #ff0000;\"><em><strong>Ingresso libero &#8211; fino a esaurimento posti<\/strong><\/em><\/span><\/p>\n","protected":false},"excerpt":{"rendered":"<p style=\"text-align: justify;\">Philippe Raskin, violino<br \/>\nJohannes Fleischmann, pianoforte<br \/>\nPaul Hertel, compositore<\/p>\n<p style=\"text-align: justify;\">Il violino di Philippe Raskin e il pianoforte di Johannes Fleischmann in un concerto che toccher\u00e0 le note di Beethoven, Brahms e Strauss, fino ai brani del compositore austriaco contemporaneo Paul Hertel. Il Maestro Hertel, invitato per l\u2019occasione, presenter\u00e0 le proprie composizioni.<br \/>\nPaul Hertel concentra la propria produzione musicale sul teatro in lingua tedesca, lavorando spesso anche per emittenti televisive e case cinematografiche sia austriache che internazionali. Particolare [&#8230;]<\/p>\n","protected":false},"author":2,"featured_media":2526,"comment_status":"closed","ping_status":"closed","template":"","meta":{"footnotes":""},"tags":[42,182,183,181],"tribe_events_cat":[3],"class_list":["post-2457","tribe_events","type-tribe_events","status-publish","has-post-thumbnail","hentry","tag-concerto","tag-johannes-fleischmann","tag-paul-hertel","tag-philippe-raskin","tribe_events_cat-musik","cat_musik"],"_links":{"self":[{"href":"https:\/\/www.austriacult.roma.it\/de\/wp-json\/wp\/v2\/tribe_events\/2457","targetHints":{"allow":["GET"]}}],"collection":[{"href":"https:\/\/www.austriacult.roma.it\/de\/wp-json\/wp\/v2\/tribe_events"}],"about":[{"href":"https:\/\/www.austriacult.roma.it\/de\/wp-json\/wp\/v2\/types\/tribe_events"}],"author":[{"embeddable":true,"href":"https:\/\/www.austriacult.roma.it\/de\/wp-json\/wp\/v2\/users\/2"}],"replies":[{"embeddable":true,"href":"https:\/\/www.austriacult.roma.it\/de\/wp-json\/wp\/v2\/comments?post=2457"}],"version-history":[{"count":0,"href":"https:\/\/www.austriacult.roma.it\/de\/wp-json\/wp\/v2\/tribe_events\/2457\/revisions"}],"wp:featuredmedia":[{"embeddable":true,"href":"https:\/\/www.austriacult.roma.it\/de\/wp-json\/wp\/v2\/media\/2526"}],"wp:attachment":[{"href":"https:\/\/www.austriacult.roma.it\/de\/wp-json\/wp\/v2\/media?parent=2457"}],"wp:term":[{"taxonomy":"post_tag","embeddable":true,"href":"https:\/\/www.austriacult.roma.it\/de\/wp-json\/wp\/v2\/tags?post=2457"},{"taxonomy":"tribe_events_cat","embeddable":true,"href":"https:\/\/www.austriacult.roma.it\/de\/wp-json\/wp\/v2\/tribe_events_cat?post=2457"}],"curies":[{"name":"wp","href":"https:\/\/api.w.org\/{rel}","templated":true}]}}

<p style="text-align: justify;">Philippe Raskin, violino<br />
Johannes Fleischmann, pianoforte<br />
Paul Hertel, compositore</p>
<p style="text-align: justify;">Il violino di Philippe Raskin e il pianoforte di Johannes Fleischmann in un concerto che toccherà le note di Beethoven, Brahms e Strauss, fino ai brani del compositore austriaco contemporaneo Paul Hertel. Il Maestro Hertel, invitato per l’occasione, presenterà le proprie composizioni.<br />
Paul Hertel concentra la propria produzione musicale sul teatro in lingua tedesca, lavorando spesso anche per emittenti televisive e case cinematografiche sia austriache che internazionali. Particolare eco riscuotono i suoi progetti di rappresentazione dell’opera per bambini, in cui i bambini si esibiscono per altri bambini.</p>
<p style="text-align: justify;">Fra le tante opere del Maestro Hertel sono stati scelti due componimenti per violino e pianoforte rispettivamente del 2000 e del 2011.<br />
<em>Astoria Lounge</em> (2000) racconta attraverso cinque movimenti le sensazioni contrastanti degli ospiti dell’Hotel Astoria, che un pomeriggio all’ora del tè vengono accolti dall’accompagnamento musicale di un duo inusuale. Si tratta di due musicisti emigranti, le cui note riportano in superficie ricordi ormai sepolti ed energie represse, lasciando sbigottiti gli uni ed entusiasti gli altri.<br />
<em>Café Ritz</em> (2011), invece, musica il fine serata in un locale oltre l’orario di chiusura. Mentre il barista è intento a ordinare le sedie sui tavolini, i musicisti sfruttano la quiete suonando solo per loro stessi. È passato talmente tanto tempo dall’ultima volta che hanno suonato per loro scelta che all’inizio le note inciampano, man mano poi le dita si animano e il tango diventa sempre più brioso.<br />
Questo il nucleo centrale del concerto romano, che il duo Raskin &amp; Fleischmann ha pensato di accompagnare con delle sonate scelte dal vasto repertorio di Ludwig van Beethoven, Johannes Brahms e Richard Stauss.</p>
<p style="text-align: justify;"><strong>Il duo RASKIN &amp; FLEISCHMANN</strong><br />
Johannes Fleischmann e Philippe Raskin si incontrano nell’agosto 2009 durante il Pablo Casals Festival a Prades. Alla prima esibizione in duo, nel novembre 2009, segue nel novembre 2011 il disco d’esordio con musiche di Beethoven, Brahms e Franck. Impegnati in festival internazionali e concerti in Europa, Africa e Sud-America, Raskin &amp; Fleischmann trovano il supporto di molti musicisti famosi come Hatto Beyerle (Alban Berg Quartet), Evgenia Epshtein (Aviv Quartet), Johannes Meissl (Artis Quartet), Marta Gulyas, Erich Höbarth (Quatuor Mosaïque), Avedis Kouyoumdjian, András Keller (Keller Quartet) e Peter Nagy. Numerose le incisioni anche per la radio di stato austriaca Ö1, Radio Stephansdom e la radio nazionale slovena.<br />
La musica contemporanea è una parte importante dei loro programmi in cui spesso eseguono brani in prima assoluta. Raskin &amp; Fleischmann collaborano regolarmente con compositori contemporanei come Serkan Gürkan e Christoph Ehrenfellner, che hanno dedicato al duo rispettivamente «Mein Wien» e «Hunt Sonata».<br />
Il Ministero degli Affari Esteri austriaco ha scelto il duo come ambasciatore del programma NASOM «New Austrian Sound of Music» 2014-2015.<br />
Nel 2014 il duo ha vinto il „Piano Chamber Music Award“ dell’ISA-Festival.<br />
<a href="http://www.raskinfleischmann.com/">www.raskinfleischmann.com</a></p>
<p style="text-align: justify;"><strong>Paul HERTEL</strong> è un compositore e produttore austriaco. Dal 1982 lavora per il teatro in lingua tedesca, per il cinema e per emittenti televisive internazionali. Numerosi gli incarichi come compositore per formazioni da camera, orchestre di archi, sinfonie, ottoni, brassband, musical e opere, come anche per opere per bambini, già per la Deutsche Oper Berlin. Grazie ai brani composti per il film tv “Der gute Ort“ (sul cimitero ebraico di Mannheim) Hertel è stato chiamato a far parte della “Freie Akademie der Künste Rhein-Neckar“. Da alcuni anni è professore ospite presso le università di musica di Graz, Mersin, Izmir e Istanbul. Con le proprie opere, ascrivibili ai generi più disparati, partecipa a concerti e festival internazionali in tutto il mondo: Huddersfield, Ville d&#8217;Avray, Aspekte Salzburg, Steirischer Herbst, MidEurope, Linz09, Österreich Heute 1-5, Wien Modern, Cité Internationale des Arts. Fra i riconoscimenti si ricorda il Honorary Degree: &#8222;Best Composer of Film Music&#8220;.</p>
<p><img decoding="async" src="http://new.austriacult.roma.it/wp-content/uploads/2015/04/Paul-Hertel.png" alt="Paul Hertel" /><br />
<a href="http://www.paulhertel.at/">www.paulhertel.at</a></p>
<p><span style="color: #ff0000;"><em><strong>Ingresso libero &#8211; fino a esaurimento posti</strong></em></span></p>

<p style="text-align: justify;">Philippe Raskin, violino<br />
Johannes Fleischmann, pianoforte<br />
Paul Hertel, compositore</p>
<p style="text-align: justify;">Il violino di Philippe Raskin e il pianoforte di Johannes Fleischmann in un concerto che toccherà le note di Beethoven, Brahms e Strauss, fino ai brani del compositore austriaco contemporaneo Paul Hertel. Il Maestro Hertel, invitato per l’occasione, presenterà le proprie composizioni.<br />
Paul Hertel concentra la propria produzione musicale sul teatro in lingua tedesca, lavorando spesso anche per emittenti televisive e case cinematografiche sia austriache che internazionali. Particolare [&#8230;]</p>
