{"id":24524,"date":"2025-10-24T14:21:03","date_gmt":"2025-10-24T12:21:03","guid":{"rendered":"https:\/\/www.austriacult.roma.it\/?post_type=tribe_events&#038;p=24524"},"modified":"2025-10-28T13:46:10","modified_gmt":"2025-10-28T12:46:10","slug":"celso-macor-una-voce-dal-friuli-per-noi-tutti-renate-lunzer-e-gabriele-zanello","status":"publish","type":"tribe_events","link":"https:\/\/www.austriacult.roma.it\/de\/veranstaltung\/celso-macor-una-voce-dal-friuli-per-noi-tutti-renate-lunzer-e-gabriele-zanello\/","title":{"rendered":"CELSO MACOR. EINE STIMME AUS DEM FRIAUL F\u00dcR UNS ALLE | Renate Lunzer und Gabriele Zanello"},"content":{"rendered":"<p><\/p>\n<p><strong>CELSO MACOR<\/strong><\/p>\n<p><strong>EINE STIMME AUS DEM FRIAUL F\u00dcR UNS ALLE<\/strong><\/p>\n<p><strong>Seine Gedichte zum ersten Mal in deutscher und slowenischer \u00dcbersetzung<\/strong><\/p>\n<p><strong>\u00a0<\/strong><\/p>\n<p>Redner:<\/p>\n<p><strong>Renate Lunzer <\/strong><em>(Universit\u00e4t Wien) <\/em>und <strong>Gabriele Zanello <\/strong><em>(Universit\u00e4t Udine)<\/em><\/p>\n<p>Musikalische Einlagen:<\/p>\n<p><strong>Giulio Chiandetti <\/strong>(<em>Gitarre<\/em>) und <strong>Giorgio Marcossi <\/strong>(<em>Querfl\u00f6te)<\/em><\/p>\n<p><a href=\"https:\/\/www.austriacult.roma.it\/wp-content\/uploads\/2025\/10\/Invito-nov-25_02.pdf\">Einladung<\/a><\/p>\n<p>&nbsp;<\/p>\n<p>ZUM BUCH<\/p>\n<p><strong><em>Impi\u00e2 peraulis (Worte anz\u00fcnden)<\/em><\/strong> ist ein Zyklus von Gedichten aus dem Jahr 1980, geschrieben in einer Variet\u00e4t des heimatlichen Ostfriulanischen, begleitet von der italienischen \u00dcbersetzung des Autors selbst. Es ist eine leidenschaftliche, doch g\u00e4nzlich unsentimentale Klage \u00fcber den unaufhaltsamen Untergang der alten b\u00e4uerlichen Welt des Friaul mit ihrem Kosmos moralischer und \u00e4sthetischer Werte, den das schreckliche Erdbeben von 1976 noch beschleunigte, die Resistenza eines bisweilen entmutigten, bisweilen zornigen Intellektuellen gegen die Folgen eines blindw\u00fctigen Nationalismus, die Entwicklung eines irrationalen Konsumismus und die r\u00fccksichtslose Homologisierung aller kulturellen und ethnischen Verschiedenheiten, die die Identit\u00e4t des Friaul und seiner slowenischen Nachbarn bedrohen.<\/p>\n<p>Die viersprachige Neuauflage dieser kanonischen Gedichtsammlung entstand im Hinblick auf den 100. Geburtstag des Autors und das gemeinsame europ\u00e4ische Kulturjahr der lange durch den Eisernen Vorhang getrennten St\u00e4dte Gorizia und Nova Gorica. Macor konnte die Verwirklichung seiner grenz\u00fcberschreitenden Vision nicht mehr erleben. Dieses Buch ist ein Dank an ihn.<\/p>\n<p>&nbsp;<\/p>\n<p>ZUM AUTOR<\/p>\n<p><strong>Celso Macor (1925 -1998)<\/strong>, Sohn eines Bauern und Gastwirts im Friaul, war Journalist, Schriftsteller, Lyriker und ein politischer Mensch besonderer Art. Nicht nur mit seinem literarischen Oeuvre, sondern auch als langj\u00e4hriger Pressechef der Stadt G\u00f6rz und vielseitiger Publizist geh\u00f6rte er zu den Pionieren der Ann\u00e4herung und des Dialogs dreier Kulturen &#8211; der friulanischen, der slowenischen und der deutschen &#8211; in einer von zwei Weltkriegen zerst\u00fcckelten Grenzregion. Kompromisslose Gesinnungsethik und radikale Freim\u00fctigkeit des Denkens, Dichtens und Handelns pr\u00e4gte seine Auseinandersetzung mit Vergangenheit und Zukunft dieses Landstrichs im Herzen Europas und mit den Geschicken seiner Leute.<\/p>\n<p>Abgesehen von landschaftsbezogenen und alpinistischen Texten \u2013 Macor war ein erprobter Bergsteiger \u2013, finden sich betr\u00e4chtliche Teile seines Werks in <em>I fucs di Belen<\/em> (Die Feuer des Belenus), Gorizia 1996, sowie in<em> Trilogia Isontina <\/em>hg. von Rienzo Pellegrini und<em> Svual\u00e2 senza slaifs <\/em>(Flug ohne Fesseln), hg. von Gabriele Zanello, Udine 2018.<\/p>\n<p><\/p>","protected":false},"excerpt":{"rendered":"<\/p>\n<p>CELSO MACOR<\/p>\n<p>EINE STIMME AUS DEM FRIAUL F\u00dcR UNS ALLE<\/p>\n<p>Seine Gedichte zum ersten Mal in deutscher und slowenischer \u00dcbersetzung<\/p>\n<p>\u00a0<\/p>\n<p>Redner:<\/p>\n<p>Renate Lunzer (Universit\u00e4t Wien) und Gabriele Zanello (Universit\u00e4t Udine)<\/p>\n<p>Musikalische Einlagen:<\/p>\n<p>Giulio Chiandetti (Gitarre) und Giorgio Marcossi (Querfl\u00f6te)<\/p>\n<p><a href=\"https:\/\/www.austriacult.roma.it\/wp-content\/uploads\/2025\/10\/Invito-nov-25_02.pdf\">Einladung<\/a><\/p>\n<p>&nbsp;<\/p>\n<p>ZUM BUCH<\/p>\n<p>Impi\u00e2 peraulis (Worte anz\u00fcnden) ist ein Zyklus von Gedichten aus dem Jahr 1980, geschrieben in einer Variet\u00e4t des heimatlichen Ostfriulanischen, begleitet von der italienischen \u00dcbersetzung des Autors selbst. Es ist eine leidenschaftliche, doch g\u00e4nzlich unsentimentale Klage \u00fcber den unaufhaltsamen Untergang der alten b\u00e4uerlichen Welt des Friaul [&#8230;]<\/p>\n","protected":false},"author":2,"featured_media":24525,"comment_status":"closed","ping_status":"closed","template":"","meta":{"footnotes":""},"tags":[],"tribe_events_cat":[309],"class_list":["post-24524","tribe_events","type-tribe_events","status-publish","has-post-thumbnail","hentry","tribe_events_cat-poesia","cat_poesia"],"_links":{"self":[{"href":"https:\/\/www.austriacult.roma.it\/de\/wp-json\/wp\/v2\/tribe_events\/24524","targetHints":{"allow":["GET"]}}],"collection":[{"href":"https:\/\/www.austriacult.roma.it\/de\/wp-json\/wp\/v2\/tribe_events"}],"about":[{"href":"https:\/\/www.austriacult.roma.it\/de\/wp-json\/wp\/v2\/types\/tribe_events"}],"author":[{"embeddable":true,"href":"https:\/\/www.austriacult.roma.it\/de\/wp-json\/wp\/v2\/users\/2"}],"replies":[{"embeddable":true,"href":"https:\/\/www.austriacult.roma.it\/de\/wp-json\/wp\/v2\/comments?post=24524"}],"version-history":[{"count":8,"href":"https:\/\/www.austriacult.roma.it\/de\/wp-json\/wp\/v2\/tribe_events\/24524\/revisions"}],"predecessor-version":[{"id":24566,"href":"https:\/\/www.austriacult.roma.it\/de\/wp-json\/wp\/v2\/tribe_events\/24524\/revisions\/24566"}],"wp:featuredmedia":[{"embeddable":true,"href":"https:\/\/www.austriacult.roma.it\/de\/wp-json\/wp\/v2\/media\/24525"}],"wp:attachment":[{"href":"https:\/\/www.austriacult.roma.it\/de\/wp-json\/wp\/v2\/media?parent=24524"}],"wp:term":[{"taxonomy":"post_tag","embeddable":true,"href":"https:\/\/www.austriacult.roma.it\/de\/wp-json\/wp\/v2\/tags?post=24524"},{"taxonomy":"tribe_events_cat","embeddable":true,"href":"https:\/\/www.austriacult.roma.it\/de\/wp-json\/wp\/v2\/tribe_events_cat?post=24524"}],"curies":[{"name":"wp","href":"https:\/\/api.w.org\/{rel}","templated":true}]}}

CELSO MACOR. EINE STIMME AUS DEM FRIAUL FÜR UNS ALLE | Renate Lunzer und Gabriele Zanello

<p></p>
<p><strong>CELSO MACOR</strong></p>
<p><strong>EINE STIMME AUS DEM FRIAUL FÜR UNS ALLE</strong></p>
<p><strong>Seine Gedichte zum ersten Mal in deutscher und slowenischer Übersetzung</strong></p>
<p><strong> </strong></p>
<p>Redner:</p>
<p><strong>Renate Lunzer </strong><em>(Universität Wien) </em>und <strong>Gabriele Zanello </strong><em>(Universität Udine)</em></p>
<p>Musikalische Einlagen:</p>
<p><strong>Giulio Chiandetti </strong>(<em>Gitarre</em>) und <strong>Giorgio Marcossi </strong>(<em>Querflöte)</em></p>
<p><a href="https://www.austriacult.roma.it/wp-content/uploads/2025/10/Invito-nov-25_02.pdf">Einladung</a></p>
<p>&nbsp;</p>
<p>ZUM BUCH</p>
<p><strong><em>Impiâ peraulis (Worte anzünden)</em></strong> ist ein Zyklus von Gedichten aus dem Jahr 1980, geschrieben in einer Varietät des heimatlichen Ostfriulanischen, begleitet von der italienischen Übersetzung des Autors selbst. Es ist eine leidenschaftliche, doch gänzlich unsentimentale Klage über den unaufhaltsamen Untergang der alten bäuerlichen Welt des Friaul mit ihrem Kosmos moralischer und ästhetischer Werte, den das schreckliche Erdbeben von 1976 noch beschleunigte, die Resistenza eines bisweilen entmutigten, bisweilen zornigen Intellektuellen gegen die Folgen eines blindwütigen Nationalismus, die Entwicklung eines irrationalen Konsumismus und die rücksichtslose Homologisierung aller kulturellen und ethnischen Verschiedenheiten, die die Identität des Friaul und seiner slowenischen Nachbarn bedrohen.</p>
<p>Die viersprachige Neuauflage dieser kanonischen Gedichtsammlung entstand im Hinblick auf den 100. Geburtstag des Autors und das gemeinsame europäische Kulturjahr der lange durch den Eisernen Vorhang getrennten Städte Gorizia und Nova Gorica. Macor konnte die Verwirklichung seiner grenzüberschreitenden Vision nicht mehr erleben. Dieses Buch ist ein Dank an ihn.</p>
<p>&nbsp;</p>
<p>ZUM AUTOR</p>
<p><strong>Celso Macor (1925 -1998)</strong>, Sohn eines Bauern und Gastwirts im Friaul, war Journalist, Schriftsteller, Lyriker und ein politischer Mensch besonderer Art. Nicht nur mit seinem literarischen Oeuvre, sondern auch als langjähriger Pressechef der Stadt Görz und vielseitiger Publizist gehörte er zu den Pionieren der Annäherung und des Dialogs dreier Kulturen &#8211; der friulanischen, der slowenischen und der deutschen &#8211; in einer von zwei Weltkriegen zerstückelten Grenzregion. Kompromisslose Gesinnungsethik und radikale Freimütigkeit des Denkens, Dichtens und Handelns prägte seine Auseinandersetzung mit Vergangenheit und Zukunft dieses Landstrichs im Herzen Europas und mit den Geschicken seiner Leute.</p>
<p>Abgesehen von landschaftsbezogenen und alpinistischen Texten – Macor war ein erprobter Bergsteiger –, finden sich beträchtliche Teile seines Werks in <em>I fucs di Belen</em> (Die Feuer des Belenus), Gorizia 1996, sowie in<em> Trilogia Isontina </em>hg. von Rienzo Pellegrini und<em> Svualâ senza slaifs </em>(Flug ohne Fesseln), hg. von Gabriele Zanello, Udine 2018.</p>
<p></p>

</p>
<p>CELSO MACOR</p>
<p>EINE STIMME AUS DEM FRIAUL FÜR UNS ALLE</p>
<p>Seine Gedichte zum ersten Mal in deutscher und slowenischer Übersetzung</p>
<p> </p>
<p>Redner:</p>
<p>Renate Lunzer (Universität Wien) und Gabriele Zanello (Universität Udine)</p>
<p>Musikalische Einlagen:</p>
<p>Giulio Chiandetti (Gitarre) und Giorgio Marcossi (Querflöte)</p>
<p><a href="https://www.austriacult.roma.it/wp-content/uploads/2025/10/Invito-nov-25_02.pdf">Einladung</a></p>
<p>&nbsp;</p>
<p>ZUM BUCH</p>
<p>Impiâ peraulis (Worte anzünden) ist ein Zyklus von Gedichten aus dem Jahr 1980, geschrieben in einer Varietät des heimatlichen Ostfriulanischen, begleitet von der italienischen Übersetzung des Autors selbst. Es ist eine leidenschaftliche, doch gänzlich unsentimentale Klage über den unaufhaltsamen Untergang der alten bäuerlichen Welt des Friaul [&#8230;]</p>
