{"id":24095,"date":"2025-09-23T15:34:31","date_gmt":"2025-09-23T13:34:31","guid":{"rendered":"https:\/\/www.austriacult.roma.it\/?post_type=tribe_events&#038;p=24095"},"modified":"2025-10-31T10:04:20","modified_gmt":"2025-10-31T09:04:20","slug":"the-inner-eye-of-shahpur-jat-bernadette-felber-2","status":"publish","type":"tribe_events","link":"https:\/\/www.austriacult.roma.it\/de\/veranstaltung\/the-inner-eye-of-shahpur-jat-bernadette-felber-2\/","title":{"rendered":"THE INNER EYE OF SHAHPUR JAT | Bernadette Felber"},"content":{"rendered":"<p><\/p>\n<p>Zum ersten Mal in Assisi stellt die \u00f6sterreichische K\u00fcnstlerin Bernadette Felber 15 Fotografien aus. Einige von ihnen sind gro\u00dfformatige Arbeiten, die im Laufe von Reisen nach Indien in den Jahren 2017 \u2013 2019 entstanden sind. Die Bilder sind nicht nur eine Hommage an den Heiligen Franziskus, der aus einer Familie von Stoff \u2013 Fabrikanten stammte, sie sind auch gedacht als Einladung, sich kritisch mit den sozialen Umst\u00e4nden der Stoff \u2013 F\u00e4rberei in Indien auseinanderzusetzen. Die K\u00fcnstlerin f\u00fchrt den Betrachter\/die Betrachterin nach Shahpur Jat, einen Stadteil von Neu Delhi, wo sich die traditionellen Seidenf\u00e4rbereien befinden. Dort ist der Vorgang des F\u00e4rbens der Seide in den H\u00e4nden der Hindus, wohingegen die Konfektion von Kleidungsst\u00fccken durch Muslime erfolgt. Zusammen stellen sie wundersch\u00f6ne Brautbekleidung her \u2013 ein Symbol der Hoffnung.<\/p>\n<p><strong>\u00a0<\/strong><\/p>\n<p><strong>Bernadette Felber<\/strong><\/p>\n<p>1966 in Judenburg geboren, Studium der Malerei und Installatio an der \u00a0Akademie der Bildenden K\u00fcnste, Master in B\u00fchnengestaltung \/Central Saint Martin School of Art&amp;Design London.<\/p>\n<p>Dank eines Stipendiums von Mexiko ist die Videoarbeit <em>Tale of an Immigrant <\/em>entstanden, die auf Einladung der Fondazione Bevilacqua La Masa bei der 49. Biennale von Venedig gezeigt wurde.<\/p>\n<p>Sie hat ihre Arbeiten bei der Biennale f\u00fcr experimentelle Kunst \u00a0und Performance in St. Petersburg gezeigt, der Biennale von Kochi, im \u201cFoto \u2013 September\u201d \u00a0von Mexiko City, der \u201cFotograma\u201d von \u00a0Montevideo, und im Rahmen des Monats der Europ\u00e4ischen Fotografie in Wien und bei der ArtWeekRom.<\/p>\n<p><\/p>","protected":false},"excerpt":{"rendered":"<\/p>\n<p>Zum ersten Mal in Assisi stellt die \u00f6sterreichische K\u00fcnstlerin Bernadette Felber 15 Fotografien aus. Einige von ihnen sind gro\u00dfformatige Arbeiten, die im Laufe von Reisen nach Indien in den Jahren 2017 \u2013 2019 entstanden sind. Die Bilder sind nicht nur eine Hommage an den Heiligen Franziskus, der aus einer Familie von Stoff \u2013 Fabrikanten stammte, sie sind auch gedacht als Einladung, sich kritisch mit den sozialen Umst\u00e4nden der Stoff \u2013 F\u00e4rberei in Indien auseinanderzusetzen. Die K\u00fcnstlerin f\u00fchrt den Betrachter\/die Betrachterin [&#8230;]<\/p>\n","protected":false},"author":2,"featured_media":24089,"comment_status":"closed","ping_status":"closed","template":"","meta":{"footnotes":""},"tags":[],"tribe_events_cat":[312,20],"class_list":["post-24095","tribe_events","type-tribe_events","status-publish","has-post-thumbnail","hentry","tribe_events_cat-arte-contemporanea","tribe_events_cat-mostre","cat_arte-contemporanea","cat_mostre"],"_links":{"self":[{"href":"https:\/\/www.austriacult.roma.it\/de\/wp-json\/wp\/v2\/tribe_events\/24095","targetHints":{"allow":["GET"]}}],"collection":[{"href":"https:\/\/www.austriacult.roma.it\/de\/wp-json\/wp\/v2\/tribe_events"}],"about":[{"href":"https:\/\/www.austriacult.roma.it\/de\/wp-json\/wp\/v2\/types\/tribe_events"}],"author":[{"embeddable":true,"href":"https:\/\/www.austriacult.roma.it\/de\/wp-json\/wp\/v2\/users\/2"}],"replies":[{"embeddable":true,"href":"https:\/\/www.austriacult.roma.it\/de\/wp-json\/wp\/v2\/comments?post=24095"}],"version-history":[{"count":4,"href":"https:\/\/www.austriacult.roma.it\/de\/wp-json\/wp\/v2\/tribe_events\/24095\/revisions"}],"predecessor-version":[{"id":24582,"href":"https:\/\/www.austriacult.roma.it\/de\/wp-json\/wp\/v2\/tribe_events\/24095\/revisions\/24582"}],"wp:featuredmedia":[{"embeddable":true,"href":"https:\/\/www.austriacult.roma.it\/de\/wp-json\/wp\/v2\/media\/24089"}],"wp:attachment":[{"href":"https:\/\/www.austriacult.roma.it\/de\/wp-json\/wp\/v2\/media?parent=24095"}],"wp:term":[{"taxonomy":"post_tag","embeddable":true,"href":"https:\/\/www.austriacult.roma.it\/de\/wp-json\/wp\/v2\/tags?post=24095"},{"taxonomy":"tribe_events_cat","embeddable":true,"href":"https:\/\/www.austriacult.roma.it\/de\/wp-json\/wp\/v2\/tribe_events_cat?post=24095"}],"curies":[{"name":"wp","href":"https:\/\/api.w.org\/{rel}","templated":true}]}}

<p></p>
<p>Zum ersten Mal in Assisi stellt die österreichische Künstlerin Bernadette Felber 15 Fotografien aus. Einige von ihnen sind großformatige Arbeiten, die im Laufe von Reisen nach Indien in den Jahren 2017 – 2019 entstanden sind. Die Bilder sind nicht nur eine Hommage an den Heiligen Franziskus, der aus einer Familie von Stoff – Fabrikanten stammte, sie sind auch gedacht als Einladung, sich kritisch mit den sozialen Umständen der Stoff – Färberei in Indien auseinanderzusetzen. Die Künstlerin führt den Betrachter/die Betrachterin nach Shahpur Jat, einen Stadteil von Neu Delhi, wo sich die traditionellen Seidenfärbereien befinden. Dort ist der Vorgang des Färbens der Seide in den Händen der Hindus, wohingegen die Konfektion von Kleidungsstücken durch Muslime erfolgt. Zusammen stellen sie wunderschöne Brautbekleidung her – ein Symbol der Hoffnung.</p>
<p><strong> </strong></p>
<p><strong>Bernadette Felber</strong></p>
<p>1966 in Judenburg geboren, Studium der Malerei und Installatio an der  Akademie der Bildenden Künste, Master in Bühnengestaltung /Central Saint Martin School of Art&amp;Design London.</p>
<p>Dank eines Stipendiums von Mexiko ist die Videoarbeit <em>Tale of an Immigrant </em>entstanden, die auf Einladung der Fondazione Bevilacqua La Masa bei der 49. Biennale von Venedig gezeigt wurde.</p>
<p>Sie hat ihre Arbeiten bei der Biennale für experimentelle Kunst  und Performance in St. Petersburg gezeigt, der Biennale von Kochi, im “Foto – September”  von Mexiko City, der “Fotograma” von  Montevideo, und im Rahmen des Monats der Europäischen Fotografie in Wien und bei der ArtWeekRom.</p>
<p></p>

</p>
<p>Zum ersten Mal in Assisi stellt die österreichische Künstlerin Bernadette Felber 15 Fotografien aus. Einige von ihnen sind großformatige Arbeiten, die im Laufe von Reisen nach Indien in den Jahren 2017 – 2019 entstanden sind. Die Bilder sind nicht nur eine Hommage an den Heiligen Franziskus, der aus einer Familie von Stoff – Fabrikanten stammte, sie sind auch gedacht als Einladung, sich kritisch mit den sozialen Umständen der Stoff – Färberei in Indien auseinanderzusetzen. Die Künstlerin führt den Betrachter/die Betrachterin [&#8230;]</p>
